216.73.216.221 - - [25/Jun/2026:19:18:33 -0400] "GET /index.php/producto/alcancia-jorge-el-curioso/feed/ HTTP/2" 200 451 "-" "Mozilla/5.0 AppleWebKit/537.36 (KHTML, like Gecko; compatible; ClaudeBot/1.0; +claudebot@anthropic.com)"
47.82.15.137 - - [25/Jun/2026:19:26:34 -0400] "GET /index.php/producto/alcancia-chilindrina/ HTTP/2" 200 54508 "-" "Mozilla/5.0 (Windows NT 10.0; Win64; x64) AppleWebKit/537.36 (KHTML, like Gecko) Chrome/143.0.0.0 Safari/537.36"
216.73.216.221 - - [25/Jun/2026:19:17:37 -0400] "GET /index.php/etiqueta-producto/policia-nacional/feed/ HTTP/2" 200 4316 "-" "Mozilla/5.0 AppleWebKit/537.36 (KHTML, like Gecko; compatible; ClaudeBot/1.0; +claudebot@anthropic.com)"
66.225.221.50 - - [25/Jun/2026:19:21:24 -0400] "POST /wp-cron.php?doing_wp_cron=1782429684.2703669071197509765625 HTTP/1.1" 200 0 "-" "WordPress/6.6.5; https://alcanciasporkispig.com"
216.73.216.221 - - [25/Jun/2026:19:22:21 -0400] "GET /index.php/wp-json/oembed/1.0/embed?url=https%3A%2F%2Falcanciasporkispig.com%2Findex.php%2Fproducto%2Falcancia-mario-bros%2F HTTP/2" 200 1165 "-" "Mozilla/5.0 AppleWebKit/537.36 (KHTML, like Gecko; compatible; ClaudeBot/1.0; +claudebot@anthropic.com)"
216.73.216.221 - - [25/Jun/2026:19:22:21 -0400] "GET /index.php/etiqueta-producto/alcancia-policia/feed/ HTTP/2" 200 4386 "-" "Mozilla/5.0 AppleWebKit/537.36 (KHTML, like Gecko; compatible; ClaudeBot/1.0; +claudebot@anthropic.com)"
66.225.221.50 - - [25/Jun/2026:19:25:18 -0400] "POST /wp-cron.php?doing_wp_cron=1782429918.8625020980834960937500 HTTP/1.1" 200 0 "-" "WordPress/6.6.5; https://alcanciasporkispig.com"
216.73.216.221 - - [25/Jun/2026:19:25:18 -0400] "GET /index.php/etiqueta-producto/alcancias-porkis-ppig/feed/ HTTP/2" 200 4240 "-" "Mozilla/5.0 AppleWebKit/537.36 (KHTML, like Gecko; compatible; ClaudeBot/1.0; +claudebot@anthropic.com)"
80.73.243.216 - - [25/Jun/2026:19:31:25 -0400] "GET /wp-content/uploads/2018/06/NONO-BABY-300x251.jpg HTTP/2" 206 500 "https://alcanciasporkispig.com/index.php/categoria-producto/alcancias-personalizadas/page/8/" "Mozilla/5.0 (Linux; Android 5.0; SM-G900P Build/LRX21T) AppleWebKit/537.36 (KHTML, like Gecko) Chrome/52.0.4491.1987 Mobile Safari/537.36"
80.73.243.216 - - [25/Jun/2026:19:31:26 -0400] "GET /wp-content/uploads/2018/06/PANDA-BABY-300x251.jpg HTTP/2" 206 500 "https://alcanciasporkispig.com/index.php/categoria-producto/alcancias-personalizadas/page/8/" "Mozilla/5.0 (Linux; Android 5.0; SM-G900P Build/LRX21T) AppleWebKit/537.36 (KHTML, like Gecko) Chrome/52.0.4491.1987 Mobile Safari/537.36"
80.73.243.216 - - [25/Jun/2026:19:31:26 -0400] "GET /wp-content/uploads/2018/06/TRANSFORMERS-OPTIMUS-PRIME-BABY-300x251.jpg HTTP/2" 206 500 "https://alcanciasporkispig.com/index.php/categoria-producto/alcancias-personalizadas/page/8/" "Mozilla/5.0 (Linux; Android 5.0; SM-G900P Build/LRX21T) AppleWebKit/537.36 (KHTML, like Gecko) Chrome/52.0.4491.1987 Mobile Safari/537.36"
80.73.243.216 - - [25/Jun/2026:19:31:26 -0400] "GET /wp-content/uploads/2019/09/PANDILLA-POCOYO-1-300x197.jpg HTTP/2" 206 500 "https://alcanciasporkispig.com/index.php/categoria-producto/alcancias-personalizadas/page/8/" "Mozilla/5.0 (Linux; Android 5.0; SM-G900P Build/LRX21T) AppleWebKit/537.36 (KHTML, like Gecko) Chrome/52.0.4491.1987 Mobile Safari/537.36"
80.73.243.216 - - [25/Jun/2026:19:31:26 -0400] "POST /?wc-ajax=get_refreshed_fragments HTTP/2" 200 139 "https://alcanciasporkispig.com/index.php/categoria-producto/alcancias-personalizadas/page/8/" "Mozilla/5.0 (Linux; Android 5.0; SM-G900P Build/LRX21T) AppleWebKit/537.36 (KHTML, like Gecko) Chrome/52.0.4491.1987 Mobile Safari/537.36"
66.249.66.72 - - [25/Jun/2026:19:16:37 -0400] "GET /wp-content/themes/Divi/js/scripts.min.js?ver=4.27.0 HTTP/1.1" 200 65212 "https://alcanciasporkispig.com/" "Mozilla/5.0 (compatible; Googlebot/2.1; +http://www.google.com/bot.html)"
52.167.144.216 - - [25/Jun/2026:19:17:16 -0400] "GET /wp-content/uploads/2018/06/PAW-PATROL-CHASE-300x251.jpg HTTP/2" 200 22499 "-" "Mozilla/5.0 AppleWebKit/537.36 (KHTML, like Gecko; compatible; bingbot/2.0; +http://www.bing.com/bingbot.htm) Chrome/116.0.1938.76 Safari/537.36"
66.225.221.50 - - [25/Jun/2026:19:17:37 -0400] "POST /wp-cron.php?doing_wp_cron=1782429457.6821229457855224609375 HTTP/1.1" 200 0 "-" "WordPress/6.6.5; https://alcanciasporkispig.com"
66.225.221.50 - - [25/Jun/2026:19:26:35 -0400] "POST /wp-cron.php?doing_wp_cron=1782429995.4163880348205566406250 HTTP/1.1" 200 0 "-" "WordPress/6.6.5; https://alcanciasporkispig.com"
216.73.216.221 - - [25/Jun/2026:19:16:30 -0400] "GET /index.php/etiqueta-producto/chucky/feed/ HTTP/2" 200 4249 "-" "Mozilla/5.0 AppleWebKit/537.36 (KHTML, like Gecko; compatible; ClaudeBot/1.0; +claudebot@anthropic.com)"
216.73.216.221 - - [25/Jun/2026:19:16:30 -0400] "GET /index.php/etiqueta-producto/alcancia-porkis-pig/feed/ HTTP/2" 200 6883 "-" "Mozilla/5.0 AppleWebKit/537.36 (KHTML, like Gecko; compatible; ClaudeBot/1.0; +claudebot@anthropic.com)"
216.73.216.221 - - [25/Jun/2026:19:16:31 -0400] "GET /index.php/wp-json/wp/v2/product/814 HTTP/2" 200 3729 "-" "Mozilla/5.0 AppleWebKit/537.36 (KHTML, like Gecko; compatible; ClaudeBot/1.0; +claudebot@anthropic.com)"
66.249.66.74 - - [25/Jun/2026:19:16:37 -0400] "GET /wp-content/et-cache/75/et-divi-dynamic-tb-1826-75-late.css HTTP/1.1" 200 930 "https://alcanciasporkispig.com/" "Mozilla/5.0 (compatible; Googlebot/2.1; +http://www.google.com/bot.html)"
66.225.221.50 - - [25/Jun/2026:19:23:38 -0400] "POST /wp-cron.php?doing_wp_cron=1782429818.2722210884094238281250 HTTP/1.1" 200 0 "-" "WordPress/6.6.5; https://alcanciasporkispig.com"
216.73.216.221 - - [25/Jun/2026:19:23:37 -0400] "GET /index.php/wp-json/wp/v2/product/646 HTTP/2" 200 3723 "-" "Mozilla/5.0 AppleWebKit/537.36 (KHTML, like Gecko; compatible; ClaudeBot/1.0; +claudebot@anthropic.com)"
66.225.221.50 - - [25/Jun/2026:19:31:17 -0400] "POST /wp-cron.php?doing_wp_cron=1782430277.1067960262298583984375 HTTP/1.1" 200 0 "-" "WordPress/6.6.5; https://alcanciasporkispig.com"
66.225.221.50 - - [25/Jun/2026:19:16:31 -0400] "POST /wp-cron.php?doing_wp_cron=1782429391.0246961116790771484375 HTTP/1.1" 200 0 "-" "WordPress/6.6.5; https://alcanciasporkispig.com"
66.249.66.72 - - [25/Jun/2026:19:16:37 -0400] "GET /wp-content/plugins/woocommerce/assets/css/select2.css?ver=9.1.6 HTTP/1.1" 200 1701 "https://alcanciasporkispig.com/" "Mozilla/5.0 (compatible; Googlebot/2.1; +http://www.google.com/bot.html)"
8.228.20.245 - - [25/Jun/2026:19:18:29 -0400] "GET /wp-content/uploads/2018/06/GOKU.jpg HTTP/1.1" 200 184770 "-" "Mozilla/5.0 AppleWebKit/537.36 (KHTML, like Gecko; compatible; ReyilBot/0.1"
66.225.221.50 - - [25/Jun/2026:19:22:22 -0400] "POST /wp-cron.php?doing_wp_cron=1782429742.1456680297851562500000 HTTP/1.1" 200 0 "-" "WordPress/6.6.5; https://alcanciasporkispig.com"
38.102.87.135 - - [25/Jun/2026:19:34:02 -0400] "POST /wp-admin/admin-ajax.php HTTP/1.1" 400 21 "-" "Mozilla/5.0"
38.102.87.135 - - [25/Jun/2026:19:34:05 -0400] "POST / HTTP/1.1" 200 83557 "-" "Mozilla/5.0"
38.102.87.135 - - [25/Jun/2026:19:33:59 -0400] "POST /wp-admin/admin-ajax.php HTTP/1.1" 400 21 "-" "Mozilla/5.0"
66.225.221.50 - - [25/Jun/2026:19:34:05 -0400] "POST /wp-cron.php?doing_wp_cron=1782430445.1259760856628417968750 HTTP/1.1" 200 0 "-" "WordPress/6.6.5; https://alcanciasporkispig.com"
38.102.87.135 - - [25/Jun/2026:19:34:07 -0400] "POST /wp-admin/admin-ajax.php HTTP/1.1" 400 21 "-" "Mozilla/5.0"
155.94.177.70 - - [25/Jun/2026:19:35:16 -0400] "GET /index.php/categoria-producto/alcancias-personalizadas/page/8/ HTTP/2" 200 64871 "-" "Mozilla/5.0 (iPhone; CPU iPhone OS 11_0 like Mac OS X) AppleWebKit/537.36 (KHTML, like Gecko) Chrome/49.0.9170.1289 Mobile Safari/537.36"
155.94.177.70 - - [25/Jun/2026:19:35:18 -0400] "GET /wp-content/plugins/photo-gallery/booster/assets/css/global.css?ver=1.0.0 HTTP/2" 200 3211 "https://alcanciasporkispig.com/index.php/categoria-producto/alcancias-personalizadas/page/8/" "Mozilla/5.0 (iPhone; CPU iPhone OS 11_0 like Mac OS X) AppleWebKit/537.36 (KHTML, like Gecko) Chrome/49.0.9170.1289 Mobile Safari/537.36"
155.94.177.70 - - [25/Jun/2026:19:35:18 -0400] "GET /wp-content/plugins/menu-icons/vendor/codeinwp/icon-picker/css/types/foundation-icons.min.css?ver=3.0 HTTP/2" 200 3178 "https://alcanciasporkispig.com/index.php/categoria-producto/alcancias-personalizadas/page/8/" "Mozilla/5.0 (iPhone; CPU iPhone OS 11_0 like Mac OS X) AppleWebKit/537.36 (KHTML, like Gecko) Chrome/49.0.9170.1289 Mobile Safari/537.36"
155.94.177.70 - - [25/Jun/2026:19:35:18 -0400] "GET /wp-content/plugins/menu-icons/css/fontawesome/css/all.min.css?ver=5.15.4 HTTP/2" 200 19997 "https://alcanciasporkispig.com/index.php/categoria-producto/alcancias-personalizadas/page/8/" "Mozilla/5.0 (iPhone; CPU iPhone OS 11_0 like Mac OS X) AppleWebKit/537.36 (KHTML, like Gecko) Chrome/49.0.9170.1289 Mobile Safari/537.36"
155.94.177.70 - - [25/Jun/2026:19:35:18 -0400] "GET /wp-content/plugins/photo-gallery/css/sumoselect.min.css?ver=3.4.6 HTTP/2" 200 1899 "https://alcanciasporkispig.com/index.php/categoria-producto/alcancias-personalizadas/page/8/" "Mozilla/5.0 (iPhone; CPU iPhone OS 11_0 like Mac OS X) AppleWebKit/537.36 (KHTML, like Gecko) Chrome/49.0.9170.1289 Mobile Safari/537.36"
155.94.177.70 - - [25/Jun/2026:19:35:18 -0400] "GET /wp-content/plugins/photo-gallery/css/bwg-fonts/fonts.css?ver=0.0.1 HTTP/2" 200 791 "https://alcanciasporkispig.com/index.php/categoria-producto/alcancias-personalizadas/page/8/" "Mozilla/5.0 (iPhone; CPU iPhone OS 11_0 like Mac OS X) AppleWebKit/537.36 (KHTML, like Gecko) Chrome/49.0.9170.1289 Mobile Safari/537.36"
155.94.177.70 - - [25/Jun/2026:19:35:18 -0400] "GET /wp-content/plugins/woocommerce/assets/css/woocommerce-layout.css?ver=9.1.6 HTTP/2" 200 2342 "https://alcanciasporkispig.com/index.php/categoria-producto/alcancias-personalizadas/page/8/" "Mozilla/5.0 (iPhone; CPU iPhone OS 11_0 like Mac OS X) AppleWebKit/537.36 (KHTML, like Gecko) Chrome/49.0.9170.1289 Mobile Safari/537.36"
155.94.177.70 - - [25/Jun/2026:19:35:19 -0400] "GET /wp-content/plugins/woocommerce/assets/css/select2.css?ver=9.1.6 HTTP/2" 200 1701 "https://alcanciasporkispig.com/index.php/categoria-producto/alcancias-personalizadas/page/8/" "Mozilla/5.0 (iPhone; CPU iPhone OS 11_0 like Mac OS X) AppleWebKit/537.36 (KHTML, like Gecko) Chrome/49.0.9170.1289 Mobile Safari/537.36"
155.94.177.70 - - [25/Jun/2026:19:35:19 -0400] "GET /wp-includes/js/jquery/jquery-migrate.min.js?ver=3.4.1 HTTP/2" 200 4678 "https://alcanciasporkispig.com/index.php/categoria-producto/alcancias-personalizadas/page/8/" "Mozilla/5.0 (iPhone; CPU iPhone OS 11_0 like Mac OS X) AppleWebKit/537.36 (KHTML, like Gecko) Chrome/49.0.9170.1289 Mobile Safari/537.36"
155.94.177.70 - - [25/Jun/2026:19:35:19 -0400] "GET /wp-content/plugins/photo-gallery/booster/assets/js/global.js?ver=1.0.0 HTTP/2" 200 2321 "https://alcanciasporkispig.com/index.php/categoria-producto/alcancias-personalizadas/page/8/" "Mozilla/5.0 (iPhone; CPU iPhone OS 11_0 like Mac OS X) AppleWebKit/537.36 (KHTML, like Gecko) Chrome/49.0.9170.1289 Mobile Safari/537.36"
155.94.177.70 - - [25/Jun/2026:19:35:19 -0400] "GET /wp-content/et-cache/global/et-divi-customizer-global.min.css?ver=1776672570 HTTP/2" 200 191 "https://alcanciasporkispig.com/index.php/categoria-producto/alcancias-personalizadas/page/8/" "Mozilla/5.0 (iPhone; CPU iPhone OS 11_0 like Mac OS X) AppleWebKit/537.36 (KHTML, like Gecko) Chrome/49.0.9170.1289 Mobile Safari/537.36"
155.94.177.70 - - [25/Jun/2026:19:35:19 -0400] "GET /wp-content/uploads/2018/06/MICKEY-MAUSE-300x251.jpg HTTP/2" 206 500 "https://alcanciasporkispig.com/index.php/categoria-producto/alcancias-personalizadas/page/8/" "Mozilla/5.0 (iPhone; CPU iPhone OS 11_0 like Mac OS X) AppleWebKit/537.36 (KHTML, like Gecko) Chrome/49.0.9170.1289 Mobile Safari/537.36"
155.94.177.70 - - [25/Jun/2026:19:35:19 -0400] "GET /wp-content/uploads/2018/06/MISS-PIGGY.-300x251.jpg HTTP/2" 206 500 "https://alcanciasporkispig.com/index.php/categoria-producto/alcancias-personalizadas/page/8/" "Mozilla/5.0 (iPhone; CPU iPhone OS 11_0 like Mac OS X) AppleWebKit/537.36 (KHTML, like Gecko) Chrome/49.0.9170.1289 Mobile Safari/537.36"
155.94.177.70 - - [25/Jun/2026:19:35:19 -0400] "GET /wp-content/uploads/2018/06/MINION-DAVE.-300x251.jpg HTTP/2" 206 500 "https://alcanciasporkispig.com/index.php/categoria-producto/alcancias-personalizadas/page/8/" "Mozilla/5.0 (iPhone; CPU iPhone OS 11_0 like Mac OS X) AppleWebKit/537.36 (KHTML, like Gecko) Chrome/49.0.9170.1289 Mobile Safari/537.36"
155.94.177.70 - - [25/Jun/2026:19:35:19 -0400] "GET /wp-content/uploads/2019/08/Dainty-hjuuykCrafting-Materials-Facebook-App-300x167.png HTTP/2" 206 500 "https://alcanciasporkispig.com/index.php/categoria-producto/alcancias-personalizadas/page/8/" "Mozilla/5.0 (iPhone; CPU iPhone OS 11_0 like Mac OS X) AppleWebKit/537.36 (KHTML, like Gecko) Chrome/49.0.9170.1289 Mobile Safari/537.36"
155.94.177.70 - - [25/Jun/2026:19:35:19 -0400] "GET /wp-content/plugins/yith-infinite-scrolling/assets/js/yith.infinitescroll.min.js?ver=1.25.0 HTTP/2" 200 656 "https://alcanciasporkispig.com/index.php/categoria-producto/alcancias-personalizadas/page/8/" "Mozilla/5.0 (iPhone; CPU iPhone OS 11_0 like Mac OS X) AppleWebKit/537.36 (KHTML, like Gecko) Chrome/49.0.9170.1289 Mobile Safari/537.36"
155.94.177.70 - - [25/Jun/2026:19:35:19 -0400] "GET /wp-content/plugins/yith-infinite-scrolling/assets/js/yith-infs.min.js?ver=1.25.0 HTTP/2" 200 231 "https://alcanciasporkispig.com/index.php/categoria-producto/alcancias-personalizadas/page/8/" "Mozilla/5.0 (iPhone; CPU iPhone OS 11_0 like Mac OS X) AppleWebKit/537.36 (KHTML, like Gecko) Chrome/49.0.9170.1289 Mobile Safari/537.36"
155.94.177.70 - - [25/Jun/2026:19:35:20 -0400] "GET /wp-content/plugins/woocommerce/assets/js/frontend/woocommerce.min.js?ver=9.1.6 HTTP/2" 200 814 "https://alcanciasporkispig.com/index.php/categoria-producto/alcancias-personalizadas/page/8/" "Mozilla/5.0 (iPhone; CPU iPhone OS 11_0 like Mac OS X) AppleWebKit/537.36 (KHTML, like Gecko) Chrome/49.0.9170.1289 Mobile Safari/537.36"
155.94.177.70 - - [25/Jun/2026:19:35:20 -0400] "GET /wp-content/plugins/boxzilla/assets/js/script.js?ver=3.3.1 HTTP/2" 200 4088 "https://alcanciasporkispig.com/index.php/categoria-producto/alcancias-personalizadas/page/8/" "Mozilla/5.0 (iPhone; CPU iPhone OS 11_0 like Mac OS X) AppleWebKit/537.36 (KHTML, like Gecko) Chrome/49.0.9170.1289 Mobile Safari/537.36"
155.94.177.70 - - [25/Jun/2026:19:35:20 -0400] "GET /wp-content/plugins/dg-divi-carousel/scripts/frontend-bundle.min.js?ver=2.0.23 HTTP/2" 200 2862 "https://alcanciasporkispig.com/index.php/categoria-producto/alcancias-personalizadas/page/8/" "Mozilla/5.0 (iPhone; CPU iPhone OS 11_0 like Mac OS X) AppleWebKit/537.36 (KHTML, like Gecko) Chrome/49.0.9170.1289 Mobile Safari/537.36"
155.94.177.70 - - [25/Jun/2026:19:35:21 -0400] "GET /wp-content/plugins/woocommerce/assets/js/photoswipe/photoswipe.min.js?ver=4.1.1-wc.9.1.6 HTTP/2" 200 11652 "https://alcanciasporkispig.com/index.php/categoria-producto/alcancias-personalizadas/page/8/" "Mozilla/5.0 (iPhone; CPU iPhone OS 11_0 like Mac OS X) AppleWebKit/537.36 (KHTML, like Gecko) Chrome/49.0.9170.1289 Mobile Safari/537.36"
38.102.87.135 - - [25/Jun/2026:19:33:59 -0400] "POST / HTTP/1.1" 200 83557 "-" "Mozilla/5.0"
66.225.221.50 - - [25/Jun/2026:19:33:59 -0400] "POST /wp-cron.php?doing_wp_cron=1782430439.7607901096343994140625 HTTP/1.1" 200 0 "-" "WordPress/6.6.5; https://alcanciasporkispig.com"
38.102.87.135 - - [25/Jun/2026:19:34:03 -0400] "POST / HTTP/1.1" 200 83557 "-" "Mozilla/5.0"
38.102.87.135 - - [25/Jun/2026:19:34:04 -0400] "POST /wp-admin/admin-ajax.php HTTP/1.1" 400 21 "-" "Mozilla/5.0"
38.102.87.135 - - [25/Jun/2026:19:34:08 -0400] "POST / HTTP/1.1" 200 83557 "-" "Mozilla/5.0"
155.94.177.70 - - [25/Jun/2026:19:35:21 -0400] "GET /wp-content/plugins/woocommerce/assets/js/flexslider/jquery.flexslider.min.js?ver=2.7.2-wc.9.1.6 HTTP/2" 200 5985 "https://alcanciasporkispig.com/index.php/categoria-producto/alcancias-personalizadas/page/8/" "Mozilla/5.0 (iPhone; CPU iPhone OS 11_0 like Mac OS X) AppleWebKit/537.36 (KHTML, like Gecko) Chrome/49.0.9170.1289 Mobile Safari/537.36"
155.94.177.70 - - [25/Jun/2026:19:35:21 -0400] "GET /wp-content/uploads/2018/06/NONO-BABY-300x251.jpg HTTP/2" 206 500 "https://alcanciasporkispig.com/index.php/categoria-producto/alcancias-personalizadas/page/8/" "Mozilla/5.0 (iPhone; CPU iPhone OS 11_0 like Mac OS X) AppleWebKit/537.36 (KHTML, like Gecko) Chrome/49.0.9170.1289 Mobile Safari/537.36"
155.94.177.70 - - [25/Jun/2026:19:35:21 -0400] "GET /wp-content/plugins/woocommerce/assets/js/frontend/country-select.min.js?ver=9.1.6 HTTP/2" 200 955 "https://alcanciasporkispig.com/index.php/categoria-producto/alcancias-personalizadas/page/8/" "Mozilla/5.0 (iPhone; CPU iPhone OS 11_0 like Mac OS X) AppleWebKit/537.36 (KHTML, like Gecko) Chrome/49.0.9170.1289 Mobile Safari/537.36"
155.94.177.70 - - [25/Jun/2026:19:35:21 -0400] "GET /wp-content/plugins/woocommerce/assets/js/frontend/single-product.min.js?ver=9.1.6 HTTP/2" 200 1746 "https://alcanciasporkispig.com/index.php/categoria-producto/alcancias-personalizadas/page/8/" "Mozilla/5.0 (iPhone; CPU iPhone OS 11_0 like Mac OS X) AppleWebKit/537.36 (KHTML, like Gecko) Chrome/49.0.9170.1289 Mobile Safari/537.36"
155.94.177.70 - - [25/Jun/2026:19:35:21 -0400] "GET /wp-content/plugins/woocommerce/assets/js/frontend/cart-fragments.min.js?ver=9.1.6 HTTP/2" 200 943 "https://alcanciasporkispig.com/index.php/categoria-producto/alcancias-personalizadas/page/8/" "Mozilla/5.0 (iPhone; CPU iPhone OS 11_0 like Mac OS X) AppleWebKit/537.36 (KHTML, like Gecko) Chrome/49.0.9170.1289 Mobile Safari/537.36"
155.94.177.70 - - [25/Jun/2026:19:35:21 -0400] "GET /wp-content/uploads/2018/06/PANDA-BABY-300x251.jpg HTTP/2" 206 500 "https://alcanciasporkispig.com/index.php/categoria-producto/alcancias-personalizadas/page/8/" "Mozilla/5.0 (iPhone; CPU iPhone OS 11_0 like Mac OS X) AppleWebKit/537.36 (KHTML, like Gecko) Chrome/49.0.9170.1289 Mobile Safari/537.36"
155.94.177.70 - - [25/Jun/2026:19:35:21 -0400] "GET /wp-content/uploads/2018/06/NARUTO.-300x251.jpg HTTP/2" 206 500 "https://alcanciasporkispig.com/index.php/categoria-producto/alcancias-personalizadas/page/8/" "Mozilla/5.0 (iPhone; CPU iPhone OS 11_0 like Mac OS X) AppleWebKit/537.36 (KHTML, like Gecko) Chrome/49.0.9170.1289 Mobile Safari/537.36"
155.94.177.70 - - [25/Jun/2026:19:35:22 -0400] "GET /wp-content/uploads/2018/06/TRANSFORMERS-OPTIMUS-PRIME-BABY-300x251.jpg HTTP/2" 206 500 "https://alcanciasporkispig.com/index.php/categoria-producto/alcancias-personalizadas/page/8/" "Mozilla/5.0 (iPhone; CPU iPhone OS 11_0 like Mac OS X) AppleWebKit/537.36 (KHTML, like Gecko) Chrome/49.0.9170.1289 Mobile Safari/537.36"
155.94.177.70 - - [25/Jun/2026:19:35:23 -0400] "GET /wp-content/uploads/2019/09/PANDILLA-POCOYO-1-300x197.jpg HTTP/2" 206 500 "https://alcanciasporkispig.com/index.php/categoria-producto/alcancias-personalizadas/page/8/" "Mozilla/5.0 (iPhone; CPU iPhone OS 11_0 like Mac OS X) AppleWebKit/537.36 (KHTML, like Gecko) Chrome/49.0.9170.1289 Mobile Safari/537.36"
155.94.177.70 - - [25/Jun/2026:19:35:24 -0400] "POST /?wc-ajax=get_refreshed_fragments HTTP/2" 200 139 "https://alcanciasporkispig.com/index.php/categoria-producto/alcancias-personalizadas/page/8/" "Mozilla/5.0 (iPhone; CPU iPhone OS 11_0 like Mac OS X) AppleWebKit/537.36 (KHTML, like Gecko) Chrome/49.0.9170.1289 Mobile Safari/537.36"
66.225.221.50 - - [25/Jun/2026:19:42:45 -0400] "POST /wp-cron.php?doing_wp_cron=1782430965.6336300373077392578125 HTTP/1.1" 200 0 "-" "WordPress/6.6.5; https://alcanciasporkispig.com"
57.141.4.58 - - [25/Jun/2026:19:42:45 -0400] "GET /index.php/sitemap_index.xml HTTP/2" 200 866 "-" "meta-externalagent/1.1 (+https://developers.facebook.com/docs/sharing/webmasters/crawler)"
66.225.221.50 - - [25/Jun/2026:19:35:17 -0400] "POST /wp-cron.php?doing_wp_cron=1782430516.9792380332946777343750 HTTP/1.1" 200 0 "-" "WordPress/6.6.5; https://alcanciasporkispig.com"
66.225.221.50 - - [25/Jun/2026:19:50:17 -0400] "POST /wp-cron.php?doing_wp_cron=1782431417.6072890758514404296875 HTTP/1.1" 200 0 "-" "WordPress/6.6.5; https://alcanciasporkispig.com"
138.246.253.24 - - [25/Jun/2026:19:51:49 -0400] "GET /robots.txt HTTP/1.1" 200 190 "-" "Mozilla/5.0 (Windows NT 10.0; Win64; x64) AppleWebKit/537.36 (KHTML, like Gecko) Chrome/103.0.5060.134 Safari/537.36"
192.71.142.150 - - [25/Jun/2026:19:50:11 -0400] "GET / HTTP/1.1" 200 83586 "http://alcanciasporkispig.com/" "Mozilla/5.0 (iPhone; CPU iPhone OS 17_1_2 like Mac OS X) AppleWebKit/605.1.15 (KHTML, like Gecko) Version/17.1.2 Mobile/15E148 Safari/604"
66.225.221.50 - - [25/Jun/2026:20:02:21 -0400] "POST /wp-cron.php?doing_wp_cron=1782432141.8526339530944824218750 HTTP/1.1" 200 0 "-" "WordPress/6.6.5; https://alcanciasporkispig.com"
192.71.2.99 - - [25/Jun/2026:19:50:14 -0400] "GET /index.php/producto/alcancia-angry-birds/ HTTP/1.1" 200 55196 "-" "Mozilla/5.0 (iPhone; CPU iPhone OS 17_1_2 like Mac OS X) AppleWebKit/605.1.15 (KHTML, like Gecko) Version/17.1.2 Mobile/15E148 Safari/604"
192.71.142.150 - - [25/Jun/2026:19:50:18 -0400] "GET /index.php/categoria-producto/alcancias-personalizadas/page/12/ HTTP/1.1" 200 76751 "-" "Mozilla/5.0 (iPhone; CPU iPhone OS 17_1_2 like Mac OS X) AppleWebKit/605.1.15 (KHTML, like Gecko) Version/17.1.2 Mobile/15E148 Safari/604"
51.222.168.42 - - [25/Jun/2026:19:51:59 -0400] "GET /index.php/etiqueta-producto/pocoyo/feed/ HTTP/2" 304 0 "-" "Mozilla/5.0 (compatible; AhrefsBot/7.0; +http://ahrefs.com/robot/)"
192.71.142.146 - - [25/Jun/2026:19:50:16 -0400] "GET /index.php/categoria-producto/alcancias-personalizadas/ HTTP/1.1" 200 77014 "-" "Mozilla/5.0 (iPhone; CPU iPhone OS 17_1_2 like Mac OS X) AppleWebKit/605.1.15 (KHTML, like Gecko) Version/17.1.2 Mobile/15E148 Safari/604"
66.225.221.50 - - [25/Jun/2026:19:51:49 -0400] "POST /wp-cron.php?doing_wp_cron=1782431509.8137760162353515625000 HTTP/1.1" 200 0 "-" "WordPress/6.6.5; https://alcanciasporkispig.com"
64.57.129.122 - - [25/Jun/2026:20:02:20 -0400] "GET /index.php/producto/alcancia-colombia-pig/ HTTP/2" 200 44512 "https://alcanciasporkispig.com/" "Mozilla/5.0 (Linux; Android 11; SM-S901B) AppleWebKit/537.36 (KHTML, like Gecko) Chrome/112.0.0.0 Mobile Safari/537.36"
66.225.221.50 - - [25/Jun/2026:20:14:59 -0400] "POST /wp-cron.php?doing_wp_cron=1782432899.5186960697174072265625 HTTP/1.1" 200 0 "-" "WordPress/6.6.5; https://alcanciasporkispig.com"
66.225.221.50 - - [25/Jun/2026:20:06:07 -0400] "POST /wp-cron.php?doing_wp_cron=1782432367.3585770130157470703125 HTTP/1.1" 200 0 "-" "WordPress/6.6.5; https://alcanciasporkispig.com"
66.249.66.73 - - [25/Jun/2026:20:06:05 -0400] "GET /asset/upload/71f17712a0aa3c4bc72961f68dc59b8f.mp4 HTTP/1.1" 404 15943 "-" "Googlebot-Video/1.0"
207.180.11.87 - - [25/Jun/2026:20:10:40 -0400] "GET /wp-content/uploads/2018/06/WOODY.jpg HTTP/1.1" 200 163846 "https://alcanciasporkispig.com/" "Mozilla/5.0 (Windows NT 10.0; Win64; x64) AppleWebKit/537.36 (KHTML, like Gecko) Chrome/103.0.0.0 Safari/537.36"
216.244.66.246 - - [25/Jun/2026:20:11:18 -0400] "GET /robots.txt HTTP/1.1" 200 190 "-" "Mozilla/5.0 (compatible; DotBot/1.2; +https://opensiteexplorer.org/dotbot; help@moz.com)"
66.225.221.50 - - [25/Jun/2026:20:11:15 -0400] "POST /wp-cron.php?doing_wp_cron=1782432675.3776710033416748046875 HTTP/1.1" 200 0 "-" "WordPress/6.6.5; https://alcanciasporkispig.com"
51.222.168.195 - - [25/Jun/2026:20:11:13 -0400] "GET /index.php/etiqueta-producto/alcancias-porkis-ppig/ HTTP/2" 200 64240 "-" "Mozilla/5.0 (compatible; AhrefsBot/7.0; +http://ahrefs.com/robot/)"
185.191.171.2 - - [25/Jun/2026:20:15:00 -0400] "GET /index.php/producto/alcancia-cars/ HTTP/1.1" 200 54607 "-" "Mozilla/5.0 (compatible; SemrushBot/7~bl; +http://www.semrush.com/bot.html)"
85.208.96.198 - - [25/Jun/2026:20:14:58 -0400] "GET /robots.txt HTTP/1.1" 200 139 "-" "Mozilla/5.0 (compatible; SemrushBot/7~bl; +http://www.semrush.com/bot.html)"
66.225.221.50 - - [25/Jun/2026:20:10:38 -0400] "POST /wp-cron.php?doing_wp_cron=1782432638.5897068977355957031250 HTTP/1.1" 200 0 "-" "WordPress/6.6.5; https://alcanciasporkispig.com"
207.180.11.87 - - [25/Jun/2026:20:10:37 -0400] "GET /index.php/producto/alcancia-woody/Woody HTTP/1.1" 301 0 "https://alcanciasporkispig.com/" "Mozilla/5.0 (Windows NT 10.0; Win64; x64) AppleWebKit/537.36 (KHTML, like Gecko) Chrome/103.0.0.0 Safari/537.36"
66.249.66.45 - - [25/Jun/2026:20:21:15 -0400] "GET /index.php/producto/alcancia-homero-simpsom/ HTTP/1.1" 200 44568 "-" "Mozilla/5.0 (compatible; Googlebot/2.1; +http://www.google.com/bot.html)"
66.225.221.50 - - [25/Jun/2026:20:21:17 -0400] "POST /wp-cron.php?doing_wp_cron=1782433277.5649659633636474609375 HTTP/1.1" 200 0 "-" "WordPress/6.6.5; https://alcanciasporkispig.com"
66.225.221.50 - - [25/Jun/2026:20:32:33 -0400] "POST /wp-cron.php?doing_wp_cron=1782433953.9409921169281005859375 HTTP/1.1" 200 0 "-" "WordPress/6.6.5; https://alcanciasporkispig.com"
66.225.221.50 - - [25/Jun/2026:20:22:22 -0400] "POST /wp-cron.php?doing_wp_cron=1782433342.5220839977264404296875 HTTP/1.1" 200 0 "-" "WordPress/6.6.5; https://alcanciasporkispig.com"
66.225.221.50 - - [25/Jun/2026:20:24:15 -0400] "POST /wp-cron.php?doing_wp_cron=1782433455.7226870059967041015625 HTTP/1.1" 200 0 "-" "WordPress/6.6.5; https://alcanciasporkispig.com"
216.244.66.246 - - [25/Jun/2026:20:24:46 -0400] "GET /index.php/producto/alcancia-linterna-verde/ HTTP/1.1" 200 320532 "-" "Mozilla/5.0 (compatible; DotBot/1.2; +https://opensiteexplorer.org/dotbot; help@moz.com)"
114.119.150.41 - - [25/Jun/2026:20:32:32 -0400] "GET /index.php/productos/ HTTP/1.1" 200 61518 "https://alcanciasporkispig.com/index.php/productos/" "Mozilla/5.0 (Linux; Android 7.0;) AppleWebKit/537.36 (HTML, like Gecko) Mobile Safari/537.36 (compatible; PetalBot;+https://webmaster.petalsearch.com/site/petalbot)"
45.145.13.203 - - [25/Jun/2026:20:22:20 -0400] "GET /wp-json HTTP/1.1" 200 129716 "-" "Mozilla/5.0 (Windows NT 10.0; Win64; x64) AppleWebKit/537.36 (KHTML, like Gecko) Chrome/149.0.0.0 Safari/537.36"
190.48.127.178 - - [25/Jun/2026:20:24:14 -0400] "GET /index.php/producto/alcancia-jack/ HTTP/1.1" 200 54534 "-" "Mozilla/5.0 (Windows NT 6.2; WOW64) AppleWebKit/537.14 (KHTML, like Gecko) Chrome/24.0.1292.0 Safari/537.14"
66.225.221.50 - - [25/Jun/2026:20:42:35 -0400] "POST /wp-cron.php?doing_wp_cron=1782434555.0262620449066162109375 HTTP/1.1" 200 0 "-" "WordPress/6.6.5; https://alcanciasporkispig.com"
216.73.216.221 - - [25/Jun/2026:20:53:44 -0400] "GET /index.php/etiqueta-producto/alcancia-policia/feed/ HTTP/2" 200 4366 "-" "Mozilla/5.0 AppleWebKit/537.36 (KHTML, like Gecko; compatible; ClaudeBot/1.0; +claudebot@anthropic.com)"
216.73.216.221 - - [25/Jun/2026:20:42:33 -0400] "GET /index.php/wp-json/wp/v2/product/646 HTTP/2" 200 3723 "-" "Mozilla/5.0 AppleWebKit/537.36 (KHTML, like Gecko; compatible; ClaudeBot/1.0; +claudebot@anthropic.com)"
66.225.221.50 - - [25/Jun/2026:20:52:35 -0400] "POST /wp-cron.php?doing_wp_cron=1782435155.5763740539550781250000 HTTP/1.1" 200 0 "-" "WordPress/6.6.5; https://alcanciasporkispig.com"
66.225.221.50 - - [25/Jun/2026:20:39:53 -0400] "POST /wp-cron.php?doing_wp_cron=1782434393.4733479022979736328125 HTTP/1.1" 200 0 "-" "WordPress/6.6.5; https://alcanciasporkispig.com"
15.235.96.221 - - [25/Jun/2026:20:44:31 -0400] "GET /index.php/etiqueta-producto/alcancia-kinder-sorpresa/ HTTP/2" 200 64348 "-" "Mozilla/5.0 (compatible; AhrefsBot/7.0; +http://ahrefs.com/robot/)"
66.249.66.72 - - [25/Jun/2026:20:46:15 -0400] "GET /index.php/producto/alcancia-unicornio/ HTTP/1.1" 200 45276 "-" "Mozilla/5.0 (compatible; Googlebot/2.1; +http://www.google.com/bot.html)"
66.249.66.72 - - [25/Jun/2026:20:41:10 -0400] "GET /index.php/producto/alcancia-homero-simpsom/ HTTP/1.1" 200 44579 "-" "Mozilla/5.0 (Linux; Android 6.0.1; Nexus 5X Build/MMB29P) AppleWebKit/537.36 (KHTML, like Gecko) Chrome/148.0.7778.96 Mobile Safari/537.36 (compatible; Googlebot/2.1; +http://www.google.com/bot.html)"
66.225.221.50 - - [25/Jun/2026:20:53:46 -0400] "POST /wp-cron.php?doing_wp_cron=1782435226.1832749843597412109375 HTTP/1.1" 200 0 "-" "WordPress/6.6.5; https://alcanciasporkispig.com"
216.73.216.221 - - [25/Jun/2026:20:39:51 -0400] "GET /robots.txt HTTP/2" 200 118 "-" "Mozilla/5.0 AppleWebKit/537.36 (KHTML, like Gecko; compatible; ClaudeBot/1.0; +claudebot@anthropic.com)"
216.73.216.221 - - [25/Jun/2026:20:39:53 -0400] "GET /index.php/etiqueta-producto/chucky/feed/ HTTP/2" 200 4165 "-" "Mozilla/5.0 AppleWebKit/537.36 (KHTML, like Gecko; compatible; ClaudeBot/1.0; +claudebot@anthropic.com)"
216.73.216.221 - - [25/Jun/2026:20:52:33 -0400] "GET /index.php/wp-json/oembed/1.0/embed?url=https%3A%2F%2Falcanciasporkispig.com%2Findex.php%2Fproducto%2Falcancia-mario-bros%2F HTTP/2" 200 1165 "-" "Mozilla/5.0 AppleWebKit/537.36 (KHTML, like Gecko; compatible; ClaudeBot/1.0; +claudebot@anthropic.com)"
66.225.221.50 - - [25/Jun/2026:20:46:17 -0400] "POST /wp-cron.php?doing_wp_cron=1782434777.6219320297241210937500 HTTP/1.1" 200 0 "-" "WordPress/6.6.5; https://alcanciasporkispig.com"
216.73.216.221 - - [25/Jun/2026:20:49:30 -0400] "GET /index.php/producto/alcancia-jorge-el-curioso/feed/ HTTP/2" 200 451 "-" "Mozilla/5.0 AppleWebKit/537.36 (KHTML, like Gecko; compatible; ClaudeBot/1.0; +claudebot@anthropic.com)"
66.249.66.44 - - [25/Jun/2026:20:50:26 -0400] "GET /wp-content/uploads/2018/06/PITUFINA-BABY-100x100.jpg HTTP/1.1" 200 4670 "-" "Googlebot-Image/1.0"
66.225.221.50 - - [25/Jun/2026:20:41:12 -0400] "POST /wp-cron.php?doing_wp_cron=1782434472.4574389457702636718750 HTTP/1.1" 200 0 "-" "WordPress/6.6.5; https://alcanciasporkispig.com"
66.225.221.50 - - [25/Jun/2026:20:44:32 -0400] "POST /wp-cron.php?doing_wp_cron=1782434672.8007190227508544921875 HTTP/1.1" 200 0 "-" "WordPress/6.6.5; https://alcanciasporkispig.com"
66.225.221.50 - - [25/Jun/2026:20:49:32 -0400] "POST /wp-cron.php?doing_wp_cron=1782434972.0766260623931884765625 HTTP/1.1" 200 0 "-" "WordPress/6.6.5; https://alcanciasporkispig.com"
216.244.66.246 - - [25/Jun/2026:20:58:25 -0400] "GET /robots.txt HTTP/1.1" 200 190 "-" "Mozilla/5.0 (compatible; DotBot/1.2; +https://opensiteexplorer.org/dotbot; help@moz.com)"
66.225.221.50 - - [25/Jun/2026:20:55:53 -0400] "POST /wp-cron.php?doing_wp_cron=1782435353.0748889446258544921875 HTTP/1.1" 200 0 "-" "WordPress/6.6.5; https://alcanciasporkispig.com"
216.73.216.221 - - [25/Jun/2026:20:55:51 -0400] "GET /index.php/wp-json/oembed/1.0/embed?url=https%3A%2F%2Falcanciasporkispig.com%2Findex.php%2Fproducto%2Falcancia-jorge-el-curioso%2F HTTP/2" 200 1173 "-" "Mozilla/5.0 AppleWebKit/537.36 (KHTML, like Gecko; compatible; ClaudeBot/1.0; +claudebot@anthropic.com)"
66.249.66.72 - - [25/Jun/2026:20:58:46 -0400] "GET /wp-content/uploads/2018/06/PITUFINA-BABY.jpg HTTP/1.1" 200 92472 "-" "Googlebot-Image/1.0"
66.225.221.50 - - [25/Jun/2026:21:05:51 -0400] "POST /wp-cron.php?doing_wp_cron=1782435951.0515720844268798828125 HTTP/1.1" 200 0 "-" "WordPress/6.6.5; https://alcanciasporkispig.com"
140.143.238.246 - - [25/Jun/2026:21:05:59 -0400] "GET /public/plugins/Ueditor/dialogs/attachment/images/alignicon.gif HTTP/1.1" 404 67910 "https://alcanciasporkispig.com/public/plugins/Ueditor/dialogs/attachment/images/alignicon.gif" "Mozilla/5.0 (Windows NT 10.0; Win64; x64) AppleWebKit/537.36 (KHTML, like Gecko) Chrome/83.0.4103.61 Safari/537.36"
45.146.54.78 - - [25/Jun/2026:21:07:33 -0400] "GET /wp-login.php HTTP/1.1" 200 990 "-" "Mozilla/5.0 (Windows NT 10.0; Win64; rv:143.0) Gecko/20100101 Firefox/143.0"
142.44.225.58 - - [25/Jun/2026:21:05:34 -0400] "GET /wp-content/uploads/2018/05/FURIA..jpg HTTP/2" 200 78681 "-" "Mozilla/5.0 (compatible; AhrefsBot/7.0; +http://ahrefs.com/robot/)"
140.143.238.246 - - [25/Jun/2026:21:05:56 -0400] "GET /public/plugins/Ueditor/dialogs/attachment/fileTypeImages/icon_psd.gif HTTP/1.1" 404 67910 "https://alcanciasporkispig.com/public/plugins/Ueditor/dialogs/attachment/fileTypeImages/icon_psd.gif" "Mozilla/5.0 (Windows NT 10.0; Win64; x64) AppleWebKit/537.36 (KHTML, like Gecko) Chrome/83.0.4103.61 Safari/537.36"
140.143.238.246 - - [25/Jun/2026:21:05:49 -0400] "GET / HTTP/1.1" 200 131072 "-" "Mozilla/5.0 (Windows NT 10.0; Win64; x64) AppleWebKit/537.36 (KHTML, like Gecko) Chrome/83.0.4103.61 Safari/537.36"
140.143.238.246 - - [25/Jun/2026:21:05:53 -0400] "GET /public/plugins/ckeditor/images/spacer.gif HTTP/1.1" 404 67910 "https://alcanciasporkispig.com/public/plugins/ckeditor/images/spacer.gif" "Mozilla/5.0 (Windows NT 10.0; Win64; x64) AppleWebKit/537.36 (KHTML, like Gecko) Chrome/83.0.4103.61 Safari/537.36"
15.235.98.138 - - [25/Jun/2026:21:09:15 -0400] "GET /wp-content/uploads/2019/07/pie-de-pagina.jpg HTTP/2" 200 86828 "-" "Mozilla/5.0 (compatible; AhrefsBot/7.0; +http://ahrefs.com/robot/)"
216.244.66.246 - - [25/Jun/2026:21:11:34 -0400] "GET /index.php/producto/alcancia-paw-patrol-chase/ HTTP/1.1" 200 320088 "-" "Mozilla/5.0 (compatible; DotBot/1.2; +https://opensiteexplorer.org/dotbot; help@moz.com)"
66.225.221.50 - - [25/Jun/2026:21:08:42 -0400] "POST /wp-cron.php?doing_wp_cron=1782436122.3037419319152832031250 HTTP/1.1" 200 0 "-" "WordPress/6.6.5; https://alcanciasporkispig.com"
216.73.216.221 - - [25/Jun/2026:21:08:41 -0400] "GET /index.php/sitemap_index.xml HTTP/2" 200 312 "-" "Mozilla/5.0 AppleWebKit/537.36 (KHTML, like Gecko; compatible; ClaudeBot/1.0; +claudebot@anthropic.com)"
216.73.216.221 - - [25/Jun/2026:21:08:40 -0400] "GET /index.php/etiqueta-producto/rock/feed/ HTTP/2" 200 4206 "-" "Mozilla/5.0 AppleWebKit/537.36 (KHTML, like Gecko; compatible; ClaudeBot/1.0; +claudebot@anthropic.com)"
66.225.221.50 - - [25/Jun/2026:21:11:35 -0400] "POST /wp-cron.php?doing_wp_cron=1782436295.8209030628204345703125 HTTP/1.1" 200 0 "-" "WordPress/6.6.5; https://alcanciasporkispig.com"
66.225.221.50 - - [25/Jun/2026:21:24:48 -0400] "POST /wp-cron.php?doing_wp_cron=1782437087.9862999916076660156250 HTTP/1.1" 200 0 "-" "WordPress/6.6.5; https://alcanciasporkispig.com"
52.167.144.206 - - [25/Jun/2026:21:26:17 -0400] "GET /wp-content/uploads/2018/06/MARIO-BROS..jpg HTTP/2" 200 190446 "-" "Mozilla/5.0 AppleWebKit/537.36 (KHTML, like Gecko; compatible; bingbot/2.0; +http://www.bing.com/bingbot.htm) Chrome/116.0.1938.76 Safari/537.36"
66.249.66.72 - - [25/Jun/2026:21:22:35 -0400] "GET /wp-content/uploads/2018/06/PITUFINA.-100x100.jpg HTTP/1.1" 200 4003 "-" "Googlebot-Image/1.0"
114.119.145.8 - - [25/Jun/2026:21:24:46 -0400] "GET /index.php/producto/alcancia-policia/ HTTP/1.1" 200 44682 "https://alcanciasporkispig.com/index.php/producto/alcancia-policia/" "Mozilla/5.0 (Linux; Android 7.0;) AppleWebKit/537.36 (HTML, like Gecko) Mobile Safari/537.36 (compatible; PetalBot;+https://webmaster.petalsearch.com/site/petalbot)"
66.225.221.50 - - [25/Jun/2026:21:44:23 -0400] "POST /wp-cron.php?doing_wp_cron=1782438263.1163880825042724609375 HTTP/1.1" 200 0 "-" "WordPress/6.6.5; https://alcanciasporkispig.com"
14.162.59.189 - - [25/Jun/2026:21:44:21 -0400] "GET /index.php/etiqueta-producto/guajira/ HTTP/1.1" 200 76197 "-" "Mozilla/5.0 (Macintosh; Intel Mac OS X 10_7_3) AppleWebKit/537.36 (KHTML, like Gecko, Mediapartners-Google) Chrome/88.0.4324.175 Safari/537.36"
148.113.130.58 - - [25/Jun/2026:22:00:31 -0400] "GET /wp-content/uploads/2018/06/GARFIELD.jpg HTTP/2" 200 101522 "-" "Mozilla/5.0 (compatible; AhrefsBot/7.0; +http://ahrefs.com/robot/)"
66.225.221.50 - - [25/Jun/2026:21:48:47 -0400] "POST /wp-cron.php?doing_wp_cron=1782438527.8851070404052734375000 HTTP/1.1" 200 0 "-" "WordPress/6.6.5; https://alcanciasporkispig.com"
148.113.130.83 - - [25/Jun/2026:21:48:46 -0400] "GET /index.php/etiqueta-producto/super-man/ HTTP/2" 200 64138 "-" "Mozilla/5.0 (compatible; AhrefsBot/7.0; +http://ahrefs.com/robot/)"
66.249.66.72 - - [25/Jun/2026:21:49:50 -0400] "GET /index.php/producto/alcancia-minion-dave/ HTTP/1.1" 200 45115 "-" "Mozilla/5.0 (compatible; Googlebot/2.1; +http://www.google.com/bot.html)"
142.44.233.30 - - [25/Jun/2026:21:58:24 -0400] "GET /index.php/producto/alcancia-garfield/ HTTP/2" 200 45013 "-" "Mozilla/5.0 (compatible; AhrefsBot/7.0; +http://ahrefs.com/robot/)"
94.47.74.251 - - [25/Jun/2026:21:47:45 -0400] "GET /index.php/producto/alcancia-my-little-pony-pinkie-pie/ HTTP/1.1" 200 54652 "-" "Mozilla/5.0 (Macintosh; Intel Mac OS X 10_11_3) AppleWebKit/537.36 (KHTML, like Gecko) Chrome/65.0.3325.6 Safari/537.36"
66.225.221.50 - - [25/Jun/2026:21:49:52 -0400] "POST /wp-cron.php?doing_wp_cron=1782438592.3010859489440917968750 HTTP/1.1" 200 0 "-" "WordPress/6.6.5; https://alcanciasporkispig.com"
66.225.221.50 - - [25/Jun/2026:21:47:47 -0400] "POST /wp-cron.php?doing_wp_cron=1782438467.1594240665435791015625 HTTP/1.1" 200 0 "-" "WordPress/6.6.5; https://alcanciasporkispig.com"
66.225.221.50 - - [25/Jun/2026:21:58:25 -0400] "POST /wp-cron.php?doing_wp_cron=1782439105.8451590538024902343750 HTTP/1.1" 200 0 "-" "WordPress/6.6.5; https://alcanciasporkispig.com"
51.222.168.63 - - [25/Jun/2026:22:15:32 -0400] "GET /wp-content/uploads/2018/06/PAW-PATROL-ROCKY.jpg HTTP/2" 200 86174 "-" "Mozilla/5.0 (compatible; AhrefsBot/7.0; +http://ahrefs.com/robot/)"
66.225.221.50 - - [25/Jun/2026:22:08:26 -0400] "POST /wp-cron.php?doing_wp_cron=1782439706.3808670043945312500000 HTTP/1.1" 200 0 "-" "WordPress/6.6.5; https://alcanciasporkispig.com"
66.249.66.74 - - [25/Jun/2026:22:16:46 -0400] "GET /index.php/producto/alcancia-gogo-grandes-heroes/ HTTP/1.1" 200 44916 "-" "Mozilla/5.0 (Linux; Android 6.0.1; Nexus 5X Build/MMB29P) AppleWebKit/537.36 (KHTML, like Gecko) Chrome/148.0.7778.96 Mobile Safari/537.36 (compatible; Googlebot/2.1; +http://www.google.com/bot.html)"
66.225.221.50 - - [25/Jun/2026:22:20:10 -0400] "POST /wp-cron.php?doing_wp_cron=1782440410.9434239864349365234375 HTTP/1.1" 200 0 "-" "WordPress/6.6.5; https://alcanciasporkispig.com"
15.235.98.249 - - [25/Jun/2026:22:20:09 -0400] "GET /index.php/producto/alcancia-linterna-verde/ HTTP/2" 200 44617 "-" "Mozilla/5.0 (compatible; AhrefsBot/7.0; +http://ahrefs.com/robot/)"
66.225.221.50 - - [25/Jun/2026:22:12:21 -0400] "POST /wp-cron.php?doing_wp_cron=1782439941.3018679618835449218750 HTTP/1.1" 200 0 "-" "WordPress/6.6.5; https://alcanciasporkispig.com"
66.225.221.50 - - [25/Jun/2026:22:16:47 -0400] "POST /wp-cron.php?doing_wp_cron=1782440207.6502571105957031250000 HTTP/1.1" 200 0 "-" "WordPress/6.6.5; https://alcanciasporkispig.com"
182.48.68.135 - - [25/Jun/2026:22:08:24 -0400] "GET /index.php/productos/?product-page=8 HTTP/1.1" 200 72165 "-" "Mozilla/5.0 (Macintosh; Intel Mac OS X 10_15_6) AppleWebKit/537.36 (KHTML, like Gecko) Brave Chrome/83.0.4103.106 Safari/537.36"
54.39.203.43 - - [25/Jun/2026:22:12:19 -0400] "GET /index.php/producto/alcancia-paw-patrol-rocky/ HTTP/2" 200 44861 "-" "Mozilla/5.0 (compatible; AhrefsBot/7.0; +http://ahrefs.com/robot/)"
66.249.66.72 - - [25/Jun/2026:22:29:38 -0400] "GET /index.php/producto/alcancia-pandilla-pocoyo-ely/ HTTP/1.1" 200 44995 "-" "Mozilla/5.0 (Linux; Android 6.0.1; Nexus 5X Build/MMB29P) AppleWebKit/537.36 (KHTML, like Gecko) Chrome/148.0.7778.96 Mobile Safari/537.36 (compatible; Googlebot/2.1; +http://www.google.com/bot.html)"
51.222.168.143 - - [25/Jun/2026:22:30:47 -0400] "GET /wp-content/uploads/2020/02/PORKIS-PIG-FIESTASS-1.jpg HTTP/2" 200 200788 "-" "Mozilla/5.0 (compatible; AhrefsBot/7.0; +http://ahrefs.com/robot/)"
15.235.98.135 - - [25/Jun/2026:22:30:49 -0400] "GET /wp-content/uploads/2018/06/Claro.jpg HTTP/2" 200 48829 "-" "Mozilla/5.0 (compatible; AhrefsBot/7.0; +http://ahrefs.com/robot/)"
142.44.233.233 - - [25/Jun/2026:22:30:42 -0400] "GET /wp-content/uploads/2018/06/Aloha.jpg HTTP/2" 200 68441 "-" "Mozilla/5.0 (compatible; AhrefsBot/7.0; +http://ahrefs.com/robot/)"
15.235.27.235 - - [25/Jun/2026:22:30:43 -0400] "GET /wp-content/themes/Divi/includes/builder/feature/dynamic-assets/assets/js/magnific-popup.js?ver=4.27.0 HTTP/2" 200 8247 "-" "Mozilla/5.0 (compatible; AhrefsBot/7.0; +http://ahrefs.com/robot/)"
51.222.95.196 - - [25/Jun/2026:22:30:50 -0400] "GET /wp-content/uploads/2021/04/Pa%C2%B4-Mercar.jpg HTTP/2" 200 58840 "-" "Mozilla/5.0 (compatible; AhrefsBot/7.0; +http://ahrefs.com/robot/)"
66.225.221.50 - - [25/Jun/2026:22:27:17 -0400] "POST /wp-cron.php?doing_wp_cron=1782440837.7574748992919921875000 HTTP/1.1" 200 0 "-" "WordPress/6.6.5; https://alcanciasporkispig.com"
54.39.6.53 - - [25/Jun/2026:22:27:16 -0400] "GET /index.php/porkis-pig-eventos/ HTTP/2" 200 37671 "-" "Mozilla/5.0 (compatible; AhrefsBot/7.0; +http://ahrefs.com/robot/)"
66.225.221.50 - - [25/Jun/2026:22:29:40 -0400] "POST /wp-cron.php?doing_wp_cron=1782440980.1952290534973144531250 HTTP/1.1" 200 0 "-" "WordPress/6.6.5; https://alcanciasporkispig.com"
66.225.221.50 - - [25/Jun/2026:22:30:41 -0400] "POST /wp-cron.php?doing_wp_cron=1782441041.1407721042633056640625 HTTP/1.1" 200 0 "-" "WordPress/6.6.5; https://alcanciasporkispig.com"
15.235.27.240 - - [25/Jun/2026:22:30:45 -0400] "GET /wp-content/uploads/2020/02/PORKIS-PIG-EVENTOS-1.jpg HTTP/2" 200 198365 "-" "Mozilla/5.0 (compatible; AhrefsBot/7.0; +http://ahrefs.com/robot/)"
198.244.226.228 - - [25/Jun/2026:22:30:39 -0400] "GET /robots.txt HTTP/2" 200 118 "-" "Mozilla/5.0 (compatible; AhrefsBot/7.0; +http://ahrefs.com/robot/)"
167.114.139.118 - - [25/Jun/2026:22:30:44 -0400] "GET /wp-content/uploads/2018/06/Oigame.jpg HTTP/2" 200 60335 "-" "Mozilla/5.0 (compatible; AhrefsBot/7.0; +http://ahrefs.com/robot/)"
142.44.225.181 - - [25/Jun/2026:22:30:51 -0400] "GET /wp-content/uploads/2021/04/Colombia-Expoartesanias.jpg HTTP/2" 200 89374 "-" "Mozilla/5.0 (compatible; AhrefsBot/7.0; +http://ahrefs.com/robot/)"
167.114.139.83 - - [25/Jun/2026:22:30:53 -0400] "GET /wp-content/themes/Divi/includes/builder/feature/dynamic-assets/assets/js/salvattore.js?ver=4.27.0 HTTP/2" 200 3242 "-" "Mozilla/5.0 (compatible; AhrefsBot/7.0; +http://ahrefs.com/robot/)"
191.156.63.7 - - [25/Jun/2026:22:21:10 -0400] "GET /wp-content/uploads/2018/06/PAW-PATROL-CHASE.jpg HTTP/2" 200 92855 "https://www.google.com/" "Mozilla/5.0 (Linux; Android 10; K) AppleWebKit/537.36 (KHTML, like Gecko) Chrome/149.0.0.0 Mobile Safari/537.36"
52.167.144.179 - - [25/Jun/2026:22:21:35 -0400] "GET /wp-content/uploads/2018/06/HELLO-KITTY-PRINT.-300x251.jpg HTTP/2" 200 18552 "-" "Mozilla/5.0 AppleWebKit/537.36 (KHTML, like Gecko; compatible; bingbot/2.0; +http://www.bing.com/bingbot.htm) Chrome/116.0.1938.76 Safari/537.36"
66.225.221.50 - - [25/Jun/2026:22:49:45 -0400] "POST /wp-cron.php?doing_wp_cron=1782442185.0802249908447265625000 HTTP/1.1" 200 0 "-" "WordPress/6.6.5; https://alcanciasporkispig.com"
66.249.66.74 - - [25/Jun/2026:22:49:43 -0400] "GET /index.php/shop/ HTTP/1.1" 404 15954 "-" "Mozilla/5.0 (Linux; Android 6.0.1; Nexus 5X Build/MMB29P) AppleWebKit/537.36 (KHTML, like Gecko) Chrome/148.0.7778.96 Mobile Safari/537.36 (compatible; Googlebot/2.1; +http://www.google.com/bot.html)"
13.61.100.187 - - [25/Jun/2026:23:00:47 -0400] "GET / HTTP/1.1" 200 83582 "-" "Mozilla/5.0 (Windows NT 10.0; Win64; x64) AppleWebKit/537.36"
66.225.221.50 - - [25/Jun/2026:23:02:03 -0400] "POST /wp-cron.php?doing_wp_cron=1782442923.7267849445343017578125 HTTP/1.1" 200 0 "-" "WordPress/6.6.5; https://alcanciasporkispig.com"
104.210.140.139 - - [25/Jun/2026:23:02:02 -0400] "GET /robots.txt HTTP/2" 200 118 "-" "Mozilla/5.0 (Macintosh; Intel Mac OS X 10_15_7) AppleWebKit/537.36 (KHTML, like Gecko) Chrome/131.0.0.0 Safari/537.36; compatible; OAI-SearchBot/1.0; +https://openai.com/searchbot"
66.225.221.50 - - [25/Jun/2026:23:08:37 -0400] "POST /wp-cron.php?doing_wp_cron=1782443317.0020480155944824218750 HTTP/1.1" 200 0 "-" "WordPress/6.6.5; https://alcanciasporkispig.com"
212.46.142.169 - - [25/Jun/2026:23:09:45 -0400] "GET /wp-content/plugins/menu-icons/vendor/codeinwp/icon-picker/css/types/elusive.min.css?ver=2.0 HTTP/2" 200 2130 "https://alcanciasporkispig.com/index.php/producto/alcancia-pikachu/" "Mozilla/5.0 (Linux; Android 5.0; SM-G900P Build/LRX21T) AppleWebKit/537.36 (KHTML, like Gecko) Chrome/48.0.9152.1955 Mobile Safari/537.36"
212.46.142.169 - - [25/Jun/2026:23:09:45 -0400] "GET /wp-content/et-cache/global/et-divi-customizer-cpt-global.min.css?ver=1776672570 HTTP/2" 200 2281 "https://alcanciasporkispig.com/index.php/producto/alcancia-pikachu/" "Mozilla/5.0 (Linux; Android 5.0; SM-G900P Build/LRX21T) AppleWebKit/537.36 (KHTML, like Gecko) Chrome/48.0.9152.1955 Mobile Safari/537.36"
212.46.142.169 - - [25/Jun/2026:23:09:45 -0400] "GET /wp-content/plugins/yith-infinite-scrolling/assets/css/frontend.css?ver=1.25.0 HTTP/2" 200 197 "https://alcanciasporkispig.com/index.php/producto/alcancia-pikachu/" "Mozilla/5.0 (Linux; Android 5.0; SM-G900P Build/LRX21T) AppleWebKit/537.36 (KHTML, like Gecko) Chrome/48.0.9152.1955 Mobile Safari/537.36"
212.46.142.169 - - [25/Jun/2026:23:09:45 -0400] "GET /wp-content/plugins/photo-gallery/booster/assets/css/global.css?ver=1.0.0 HTTP/2" 200 3211 "https://alcanciasporkispig.com/index.php/producto/alcancia-pikachu/" "Mozilla/5.0 (Linux; Android 5.0; SM-G900P Build/LRX21T) AppleWebKit/537.36 (KHTML, like Gecko) Chrome/48.0.9152.1955 Mobile Safari/537.36"
212.46.142.169 - - [25/Jun/2026:23:09:45 -0400] "GET /wp-content/plugins/photo-gallery/css/sumoselect.min.css?ver=3.4.6 HTTP/2" 200 1899 "https://alcanciasporkispig.com/index.php/producto/alcancia-pikachu/" "Mozilla/5.0 (Linux; Android 5.0; SM-G900P Build/LRX21T) AppleWebKit/537.36 (KHTML, like Gecko) Chrome/48.0.9152.1955 Mobile Safari/537.36"
212.46.142.169 - - [25/Jun/2026:23:09:45 -0400] "GET /wp-content/plugins/photo-gallery/css/jquery.mCustomScrollbar.min.css?ver=3.1.5 HTTP/2" 200 3799 "https://alcanciasporkispig.com/index.php/producto/alcancia-pikachu/" "Mozilla/5.0 (Linux; Android 5.0; SM-G900P Build/LRX21T) AppleWebKit/537.36 (KHTML, like Gecko) Chrome/48.0.9152.1955 Mobile Safari/537.36"
212.46.142.169 - - [25/Jun/2026:23:09:45 -0400] "GET /wp-content/et-cache/856/et-divi-dynamic-tb-2105-tb-1826-856.css?ver=1776775398 HTTP/2" 200 3001 "https://alcanciasporkispig.com/index.php/producto/alcancia-pikachu/" "Mozilla/5.0 (Linux; Android 5.0; SM-G900P Build/LRX21T) AppleWebKit/537.36 (KHTML, like Gecko) Chrome/48.0.9152.1955 Mobile Safari/537.36"
212.46.142.169 - - [25/Jun/2026:23:09:45 -0400] "GET /wp-content/plugins/photo-gallery/js/jquery.fullscreen.min.js?ver=0.6.0 HTTP/2" 200 2017 "https://alcanciasporkispig.com/index.php/producto/alcancia-pikachu/" "Mozilla/5.0 (Linux; Android 5.0; SM-G900P Build/LRX21T) AppleWebKit/537.36 (KHTML, like Gecko) Chrome/48.0.9152.1955 Mobile Safari/537.36"
212.46.142.169 - - [25/Jun/2026:23:09:45 -0400] "GET /wp-content/plugins/woocommerce/assets/css/photoswipe/default-skin/default-skin.min.css?ver=9.1.6 HTTP/2" 200 1728 "https://alcanciasporkispig.com/index.php/producto/alcancia-pikachu/" "Mozilla/5.0 (Linux; Android 5.0; SM-G900P Build/LRX21T) AppleWebKit/537.36 (KHTML, like Gecko) Chrome/48.0.9152.1955 Mobile Safari/537.36"
212.46.142.169 - - [25/Jun/2026:23:09:45 -0400] "GET /wp-content/plugins/dg-divi-carousel/styles/light-box-styles.css?ver=2.0.23 HTTP/2" 200 507 "https://alcanciasporkispig.com/index.php/producto/alcancia-pikachu/" "Mozilla/5.0 (Linux; Android 5.0; SM-G900P Build/LRX21T) AppleWebKit/537.36 (KHTML, like Gecko) Chrome/48.0.9152.1955 Mobile Safari/537.36"
212.46.142.169 - - [25/Jun/2026:23:09:45 -0400] "GET /wp-content/plugins/menu-icons/vendor/codeinwp/icon-picker/css/types/foundation-icons.min.css?ver=3.0 HTTP/2" 200 3178 "https://alcanciasporkispig.com/index.php/producto/alcancia-pikachu/" "Mozilla/5.0 (Linux; Android 5.0; SM-G900P Build/LRX21T) AppleWebKit/537.36 (KHTML, like Gecko) Chrome/48.0.9152.1955 Mobile Safari/537.36"
212.46.142.169 - - [25/Jun/2026:23:09:45 -0400] "GET /wp-content/uploads/2018/06/PIKACHU.jpg HTTP/2" 206 500 "https://alcanciasporkispig.com/index.php/producto/alcancia-pikachu/" "Mozilla/5.0 (Linux; Android 5.0; SM-G900P Build/LRX21T) AppleWebKit/537.36 (KHTML, like Gecko) Chrome/48.0.9152.1955 Mobile Safari/537.36"
212.46.142.169 - - [25/Jun/2026:23:09:45 -0400] "GET /wp-content/plugins/photo-gallery/js/jquery.mCustomScrollbar.concat.min.js?ver=3.1.5 HTTP/2" 200 12358 "https://alcanciasporkispig.com/index.php/producto/alcancia-pikachu/" "Mozilla/5.0 (Linux; Android 5.0; SM-G900P Build/LRX21T) AppleWebKit/537.36 (KHTML, like Gecko) Chrome/48.0.9152.1955 Mobile Safari/537.36"
212.46.142.169 - - [25/Jun/2026:23:09:45 -0400] "GET /wp-content/plugins/photo-gallery/booster/assets/js/circle-progress.js?ver=1.2.2 HTTP/2" 200 4251 "https://alcanciasporkispig.com/index.php/producto/alcancia-pikachu/" "Mozilla/5.0 (Linux; Android 5.0; SM-G900P Build/LRX21T) AppleWebKit/537.36 (KHTML, like Gecko) Chrome/48.0.9152.1955 Mobile Safari/537.36"
212.46.142.169 - - [25/Jun/2026:23:09:46 -0400] "GET /wp-content/uploads/2018/06/PIKACHU.jpg HTTP/2" 304 0 "https://alcanciasporkispig.com/index.php/producto/alcancia-pikachu/" "Mozilla/5.0 (Linux; Android 5.0; SM-G900P Build/LRX21T) AppleWebKit/537.36 (KHTML, like Gecko) Chrome/48.0.9152.1955 Mobile Safari/537.36"
212.46.142.169 - - [25/Jun/2026:23:09:46 -0400] "GET /wp-content/uploads/2020/08/1.png HTTP/2" 206 500 "https://alcanciasporkispig.com/index.php/producto/alcancia-pikachu/" "Mozilla/5.0 (Linux; Android 5.0; SM-G900P Build/LRX21T) AppleWebKit/537.36 (KHTML, like Gecko) Chrome/48.0.9152.1955 Mobile Safari/537.36"
212.46.142.169 - - [25/Jun/2026:23:09:46 -0400] "GET /wp-content/uploads/2018/06/PIKACHU-BABY.jpg HTTP/2" 206 500 "https://alcanciasporkispig.com/index.php/producto/alcancia-pikachu/" "Mozilla/5.0 (Linux; Android 5.0; SM-G900P Build/LRX21T) AppleWebKit/537.36 (KHTML, like Gecko) Chrome/48.0.9152.1955 Mobile Safari/537.36"
212.46.142.169 - - [25/Jun/2026:23:09:46 -0400] "GET /wp-content/uploads/2018/06/PIKACHU-BABY.jpg HTTP/2" 304 0 "https://alcanciasporkispig.com/index.php/producto/alcancia-pikachu/" "Mozilla/5.0 (Linux; Android 5.0; SM-G900P Build/LRX21T) AppleWebKit/537.36 (KHTML, like Gecko) Chrome/48.0.9152.1955 Mobile Safari/537.36"
