216.73.216.221 - - [25/Jun/2026:17:35:20 -0400] "GET /index.php/wp-json/wp/v2/product/366 HTTP/2" 200 3732 "-" "Mozilla/5.0 AppleWebKit/537.36 (KHTML, like Gecko; compatible; ClaudeBot/1.0; +claudebot@anthropic.com)"
216.73.216.221 - - [25/Jun/2026:17:35:22 -0400] "GET /index.php/wp-json/wp/v2/product/532 HTTP/2" 200 3739 "-" "Mozilla/5.0 AppleWebKit/537.36 (KHTML, like Gecko; compatible; ClaudeBot/1.0; +claudebot@anthropic.com)"
216.73.216.221 - - [25/Jun/2026:17:35:22 -0400] "GET /index.php/wp-json/wp/v2/product/737 HTTP/2" 200 3718 "-" "Mozilla/5.0 AppleWebKit/537.36 (KHTML, like Gecko; compatible; ClaudeBot/1.0; +claudebot@anthropic.com)"
216.73.216.221 - - [25/Jun/2026:17:35:27 -0400] "GET /index.php/wp-json/wp/v2/product/996 HTTP/2" 200 3723 "-" "Mozilla/5.0 AppleWebKit/537.36 (KHTML, like Gecko; compatible; ClaudeBot/1.0; +claudebot@anthropic.com)"
216.73.216.221 - - [25/Jun/2026:17:36:14 -0400] "GET /index.php/wp-json/oembed/1.0/embed?format=xml&url=https%3A%2F%2Falcanciasporkispig.com%2Findex.php%2Fproducto%2Falcancia-batman%2F HTTP/2" 200 1209 "-" "Mozilla/5.0 AppleWebKit/537.36 (KHTML, like Gecko; compatible; ClaudeBot/1.0; +claudebot@anthropic.com)"
216.73.216.221 - - [25/Jun/2026:17:36:14 -0400] "GET /index.php/producto/alcancia-lady-bug/ HTTP/2" 200 44817 "-" "Mozilla/5.0 AppleWebKit/537.36 (KHTML, like Gecko; compatible; ClaudeBot/1.0; +claudebot@anthropic.com)"
216.73.216.221 - - [25/Jun/2026:17:36:17 -0400] "GET /index.php/wp-json/oembed/1.0/embed?format=xml&url=https%3A%2F%2Falcanciasporkispig.com%2Findex.php%2Fproducto%2Falcancia-pikachu%2F HTTP/2" 200 1206 "-" "Mozilla/5.0 AppleWebKit/537.36 (KHTML, like Gecko; compatible; ClaudeBot/1.0; +claudebot@anthropic.com)"
216.73.216.221 - - [25/Jun/2026:17:36:18 -0400] "GET /index.php/wp-json/oembed/1.0/embed?url=https%3A%2F%2Falcanciasporkispig.com%2Findex.php%2Fproducto%2Falcancia-sonic%2F HTTP/2" 200 1152 "-" "Mozilla/5.0 AppleWebKit/537.36 (KHTML, like Gecko; compatible; ClaudeBot/1.0; +claudebot@anthropic.com)"
216.73.216.221 - - [25/Jun/2026:17:36:19 -0400] "GET /index.php/wp-json/oembed/1.0/embed?url=https%3A%2F%2Falcanciasporkispig.com%2Findex.php%2Fproducto%2Falcancia-batman%2F HTTP/2" 200 1161 "-" "Mozilla/5.0 AppleWebKit/537.36 (KHTML, like Gecko; compatible; ClaudeBot/1.0; +claudebot@anthropic.com)"
216.73.216.221 - - [25/Jun/2026:17:39:00 -0400] "GET /index.php/producto/alcancia-sonic/feed/ HTTP/2" 200 434 "-" "Mozilla/5.0 AppleWebKit/537.36 (KHTML, like Gecko; compatible; ClaudeBot/1.0; +claudebot@anthropic.com)"
216.73.216.221 - - [25/Jun/2026:17:39:00 -0400] "GET /index.php/wp-json/oembed/1.0/embed?url=https%3A%2F%2Falcanciasporkispig.com%2Findex.php%2Fproducto%2Falcancia-soy-luna%2F HTTP/2" 200 1157 "-" "Mozilla/5.0 AppleWebKit/537.36 (KHTML, like Gecko; compatible; ClaudeBot/1.0; +claudebot@anthropic.com)"
216.73.216.221 - - [25/Jun/2026:17:39:03 -0400] "GET /index.php/wp-json/oembed/1.0/embed?format=xml&url=https%3A%2F%2Falcanciasporkispig.com%2Findex.php%2Fproducto%2Falcancia-policia%2F HTTP/2" 200 1214 "-" "Mozilla/5.0 AppleWebKit/537.36 (KHTML, like Gecko; compatible; ClaudeBot/1.0; +claudebot@anthropic.com)"
216.73.216.221 - - [25/Jun/2026:17:39:06 -0400] "GET /index.php/wp-json/oembed/1.0/embed?url=https%3A%2F%2Falcanciasporkispig.com%2Findex.php%2Fproducto%2Falcancia-harry-potter%2F HTTP/2" 200 1172 "-" "Mozilla/5.0 AppleWebKit/537.36 (KHTML, like Gecko; compatible; ClaudeBot/1.0; +claudebot@anthropic.com)"
216.73.216.221 - - [25/Jun/2026:17:39:06 -0400] "GET /index.php/wp-json/oembed/1.0/embed?format=xml&url=https%3A%2F%2Falcanciasporkispig.com%2Findex.php%2Fproducto%2Falcancia-pepa%2F HTTP/2" 200 1209 "-" "Mozilla/5.0 AppleWebKit/537.36 (KHTML, like Gecko; compatible; ClaudeBot/1.0; +claudebot@anthropic.com)"
66.249.92.136 - - [25/Jun/2026:17:45:12 -0400] "GET /wp-content/themes/Divi/core/admin/fonts/modules/all/modules.woff HTTP/1.1" 200 92084 "https://alcanciasporkispig.com/index.php/producto/alcancia-cosmos/" "Mozilla/5.0 (X11; Linux x86_64) AppleWebKit/537.36 (KHTML, like Gecko) Chrome/148.0.7778.96 Safari/537.36"
66.249.92.136 - - [25/Jun/2026:17:45:12 -0400] "GET /wp-content/plugins/woocommerce/assets/fonts/WooCommerce.woff2 HTTP/1.1" 200 6488 "https://alcanciasporkispig.com/wp-content/plugins/woocommerce/assets/css/woocommerce.css?ver=9.1.6" "Mozilla/5.0 (X11; Linux x86_64) AppleWebKit/537.36 (KHTML, like Gecko) Chrome/148.0.7778.96 Safari/537.36"
66.249.92.136 - - [25/Jun/2026:17:45:12 -0400] "GET /wp-content/uploads/2018/05/ALCANCIA-DECORADA-EN-HILO-300x251.jpg HTTP/1.1" 200 22844 "https://alcanciasporkispig.com/index.php/producto/alcancia-cosmos/" "Mozilla/5.0 (X11; Linux x86_64) AppleWebKit/537.36 (KHTML, like Gecko) Chrome/148.0.7778.96 Safari/537.36"
66.249.92.136 - - [25/Jun/2026:17:45:13 -0400] "GET /wp-content/uploads/2018/05/ALEGRIA.-300x251.jpg HTTP/1.1" 200 18772 "https://alcanciasporkispig.com/index.php/producto/alcancia-cosmos/" "Mozilla/5.0 (X11; Linux x86_64) AppleWebKit/537.36 (KHTML, like Gecko) Chrome/148.0.7778.96 Safari/537.36"
66.249.92.136 - - [25/Jun/2026:17:45:13 -0400] "GET /wp-content/uploads/2018/05/DESAGRADO.-300x251.jpg HTTP/1.1" 200 17592 "https://alcanciasporkispig.com/index.php/producto/alcancia-cosmos/" "Mozilla/5.0 (X11; Linux x86_64) AppleWebKit/537.36 (KHTML, like Gecko) Chrome/148.0.7778.96 Safari/537.36"
66.249.92.136 - - [25/Jun/2026:17:45:13 -0400] "GET /wp-content/uploads/2018/05/ALCANCIA-MARIACHI-300x251.jpg HTTP/1.1" 200 17092 "https://alcanciasporkispig.com/index.php/producto/alcancia-cosmos/" "Mozilla/5.0 (X11; Linux x86_64) AppleWebKit/537.36 (KHTML, like Gecko) Chrome/148.0.7778.96 Safari/537.36"
116.179.37.147 - - [25/Jun/2026:17:49:56 -0400] "GET /wp-content/plugins/photo-gallery/js/jquery.mCustomScrollbar.concat.min.js?ver=3.1.5 HTTP/1.1" 200 12951 "https://alcanciasporkispig.com/index.php/etiqueta-producto/decoradas/page/2/" "Mozilla/5.0 (compatible; Baiduspider-render/2.0; +http://www.baidu.com/search/spider.html)"
216.73.216.221 - - [25/Jun/2026:17:34:58 -0400] "GET /index.php/wp-json/wp/v2/product/744 HTTP/2" 200 3725 "-" "Mozilla/5.0 AppleWebKit/537.36 (KHTML, like Gecko; compatible; ClaudeBot/1.0; +claudebot@anthropic.com)"
216.73.216.221 - - [25/Jun/2026:17:34:57 -0400] "GET /index.php/wp-json/wp/v2/product/863 HTTP/2" 200 3706 "-" "Mozilla/5.0 AppleWebKit/537.36 (KHTML, like Gecko; compatible; ClaudeBot/1.0; +claudebot@anthropic.com)"
216.73.216.221 - - [25/Jun/2026:17:35:00 -0400] "GET /index.php/wp-json/wp/v2/product/877 HTTP/2" 200 3718 "-" "Mozilla/5.0 AppleWebKit/537.36 (KHTML, like Gecko; compatible; ClaudeBot/1.0; +claudebot@anthropic.com)"
216.73.216.221 - - [25/Jun/2026:17:35:01 -0400] "GET /index.php/wp-json/wp/v2/product/856 HTTP/2" 200 3717 "-" "Mozilla/5.0 AppleWebKit/537.36 (KHTML, like Gecko; compatible; ClaudeBot/1.0; +claudebot@anthropic.com)"
216.73.216.221 - - [25/Jun/2026:17:35:03 -0400] "GET /index.php/wp-json/wp/v2/product/975 HTTP/2" 200 3739 "-" "Mozilla/5.0 AppleWebKit/537.36 (KHTML, like Gecko; compatible; ClaudeBot/1.0; +claudebot@anthropic.com)"
66.225.221.50 - - [25/Jun/2026:17:40:38 -0400] "POST /wp-cron.php?doing_wp_cron=1782423638.6315209865570068359375 HTTP/1.1" 200 0 "-" "WordPress/6.6.5; https://alcanciasporkispig.com"
216.73.216.221 - - [25/Jun/2026:17:40:37 -0400] "GET /index.php/producto/alcancia-goku/feed/ HTTP/2" 200 434 "-" "Mozilla/5.0 AppleWebKit/537.36 (KHTML, like Gecko; compatible; ClaudeBot/1.0; +claudebot@anthropic.com)"
216.73.216.221 - - [25/Jun/2026:17:40:37 -0400] "GET /index.php/producto/alcancia-mario-bros/ HTTP/2" 200 44998 "-" "Mozilla/5.0 AppleWebKit/537.36 (KHTML, like Gecko; compatible; ClaudeBot/1.0; +claudebot@anthropic.com)"
216.73.216.221 - - [25/Jun/2026:17:40:39 -0400] "GET /index.php/producto/alcancia-alegria/feed/ HTTP/2" 200 439 "-" "Mozilla/5.0 AppleWebKit/537.36 (KHTML, like Gecko; compatible; ClaudeBot/1.0; +claudebot@anthropic.com)"
216.73.216.221 - - [25/Jun/2026:17:40:41 -0400] "GET /index.php/producto/alcancia-anna/feed/ HTTP/2" 200 433 "-" "Mozilla/5.0 AppleWebKit/537.36 (KHTML, like Gecko; compatible; ClaudeBot/1.0; +claudebot@anthropic.com)"
216.73.216.221 - - [25/Jun/2026:17:40:42 -0400] "GET /index.php/producto/alcancia-chilindrina/feed/ HTTP/2" 200 439 "-" "Mozilla/5.0 AppleWebKit/537.36 (KHTML, like Gecko; compatible; ClaudeBot/1.0; +claudebot@anthropic.com)"
216.73.216.221 - - [25/Jun/2026:17:41:49 -0400] "GET /index.php/producto/alcancia-colombia-pig/feed/ HTTP/2" 200 444 "-" "Mozilla/5.0 AppleWebKit/537.36 (KHTML, like Gecko; compatible; ClaudeBot/1.0; +claudebot@anthropic.com)"
216.73.216.221 - - [25/Jun/2026:17:41:49 -0400] "GET /index.php/producto/alcancia-angry-birds/feed/ HTTP/2" 200 635 "-" "Mozilla/5.0 AppleWebKit/537.36 (KHTML, like Gecko; compatible; ClaudeBot/1.0; +claudebot@anthropic.com)"
216.73.216.221 - - [25/Jun/2026:17:41:52 -0400] "GET /index.php/producto/alcancia-gaturro/feed/ HTTP/2" 200 435 "-" "Mozilla/5.0 AppleWebKit/537.36 (KHTML, like Gecko; compatible; ClaudeBot/1.0; +claudebot@anthropic.com)"
216.73.216.221 - - [25/Jun/2026:17:41:52 -0400] "GET /index.php/producto/alcancia-dracula-moster-high/feed/ HTTP/2" 200 451 "-" "Mozilla/5.0 AppleWebKit/537.36 (KHTML, like Gecko; compatible; ClaudeBot/1.0; +claudebot@anthropic.com)"
66.225.221.50 - - [25/Jun/2026:17:37:05 -0400] "POST /wp-cron.php?doing_wp_cron=1782423425.2167170047760009765625 HTTP/1.1" 200 0 "-" "WordPress/6.6.5; https://alcanciasporkispig.com"
216.73.216.221 - - [25/Jun/2026:17:39:49 -0400] "GET /index.php/wp-json/oembed/1.0/embed?url=https%3A%2F%2Falcanciasporkispig.com%2Findex.php%2Fproducto%2Falcancia-cars%2F HTTP/2" 200 1152 "-" "Mozilla/5.0 AppleWebKit/537.36 (KHTML, like Gecko; compatible; ClaudeBot/1.0; +claudebot@anthropic.com)"
216.73.216.221 - - [25/Jun/2026:17:39:49 -0400] "GET /index.php/wp-json/oembed/1.0/embed?url=https%3A%2F%2Falcanciasporkispig.com%2Findex.php%2Fproducto%2Falcancia-dracula-moster-high%2F HTTP/2" 200 1186 "-" "Mozilla/5.0 AppleWebKit/537.36 (KHTML, like Gecko; compatible; ClaudeBot/1.0; +claudebot@anthropic.com)"
216.73.216.221 - - [25/Jun/2026:17:39:57 -0400] "GET /index.php/wp-json/oembed/1.0/embed?format=xml&url=https%3A%2F%2Falcanciasporkispig.com%2Findex.php%2Fproducto%2Falcancia-gaturro%2F HTTP/2" 200 1209 "-" "Mozilla/5.0 AppleWebKit/537.36 (KHTML, like Gecko; compatible; ClaudeBot/1.0; +claudebot@anthropic.com)"
216.73.216.221 - - [25/Jun/2026:17:40:01 -0400] "GET /index.php/etiqueta-producto/chucky/ HTTP/2" 200 64269 "-" "Mozilla/5.0 AppleWebKit/537.36 (KHTML, like Gecko; compatible; ClaudeBot/1.0; +claudebot@anthropic.com)"
216.73.216.221 - - [25/Jun/2026:17:40:01 -0400] "GET /index.php/wp-json/oembed/1.0/embed?url=https%3A%2F%2Falcanciasporkispig.com%2Findex.php%2Fproducto%2Falcancia-gaturro%2F HTTP/2" 200 1158 "-" "Mozilla/5.0 AppleWebKit/537.36 (KHTML, like Gecko; compatible; ClaudeBot/1.0; +claudebot@anthropic.com)"
148.113.130.194 - - [25/Jun/2026:17:40:59 -0400] "GET /index.php/producto/alcancia-finn-el-humano-hora-de-aventura/ HTTP/2" 200 45110 "-" "Mozilla/5.0 (compatible; AhrefsBot/7.0; +http://ahrefs.com/robot/)"
216.73.216.221 - - [25/Jun/2026:17:41:39 -0400] "GET /index.php/producto/alcancia-pepa/feed/ HTTP/2" 200 436 "-" "Mozilla/5.0 AppleWebKit/537.36 (KHTML, like Gecko; compatible; ClaudeBot/1.0; +claudebot@anthropic.com)"
216.73.216.221 - - [25/Jun/2026:17:41:39 -0400] "GET /index.php/producto/alcancia-harry-potter/feed/ HTTP/2" 200 445 "-" "Mozilla/5.0 AppleWebKit/537.36 (KHTML, like Gecko; compatible; ClaudeBot/1.0; +claudebot@anthropic.com)"
216.73.216.221 - - [25/Jun/2026:17:41:42 -0400] "GET /index.php/producto/alcancia-don-ramon/feed/ HTTP/2" 200 441 "-" "Mozilla/5.0 AppleWebKit/537.36 (KHTML, like Gecko; compatible; ClaudeBot/1.0; +claudebot@anthropic.com)"
216.73.216.221 - - [25/Jun/2026:17:41:42 -0400] "GET /index.php/etiqueta-producto/intensamente/feed/ HTTP/2" 200 4445 "-" "Mozilla/5.0 AppleWebKit/537.36 (KHTML, like Gecko; compatible; ClaudeBot/1.0; +claudebot@anthropic.com)"
114.119.150.90 - - [25/Jun/2026:17:45:54 -0400] "GET /robots.txt HTTP/1.1" 200 118 "http://www.alcanciasporkispig.com/robots.txt" "Mozilla/5.0 (Windows NT 10.0; Win64; x64) AppleWebKit/537.36 (KHTML, like Gecko) Chrome/148.0.0.0 Safari/537.36"
116.179.32.27 - - [25/Jun/2026:17:49:50 -0400] "GET /index.php/etiqueta-producto/decoradas/page/2/ HTTP/2" 200 77148 "-" "Mozilla/5.0 (compatible; Baiduspider/2.0; +http://www.baidu.com/search/spider.html)"
116.179.37.209 - - [25/Jun/2026:17:49:56 -0400] "GET /wp-content/et-cache/taxonomy/product_tag/25/et-divi-dynamic-tb-1826.css?ver=1776691826 HTTP/1.1" 200 2618 "https://alcanciasporkispig.com/index.php/etiqueta-producto/decoradas/page/2/" "Mozilla/5.0 (compatible; Baiduspider-render/2.0; +http://www.baidu.com/search/spider.html)"
116.179.37.39 - - [25/Jun/2026:17:49:56 -0400] "GET /wp-content/plugins/dg-divi-carousel/scripts/frontend-bundle.min.js?ver=2.0.23 HTTP/1.1" 200 3111 "https://alcanciasporkispig.com/index.php/etiqueta-producto/decoradas/page/2/" "Mozilla/5.0 (compatible; Baiduspider-render/2.0; +http://www.baidu.com/search/spider.html)"
114.119.150.90 - - [25/Jun/2026:17:45:52 -0400] "GET /robots.txt HTTP/1.1" 301 0 "http://www.alcanciasporkispig.com/robots.txt" "Mozilla/5.0 (Windows NT 10.0; Win64; x64) AppleWebKit/537.36 (KHTML, like Gecko) Chrome/148.0.0.0 Safari/537.36"
66.249.66.72 - - [25/Jun/2026:17:47:03 -0400] "GET /wp-content/uploads/2018/07/UNICORNIO4-100x100.jpg HTTP/1.1" 200 3376 "-" "Googlebot-Image/1.0"
66.225.221.50 - - [25/Jun/2026:17:49:51 -0400] "POST /wp-cron.php?doing_wp_cron=1782424191.7546389102935791015625 HTTP/1.1" 200 0 "-" "WordPress/6.6.5; https://alcanciasporkispig.com"
216.73.216.221 - - [25/Jun/2026:17:37:03 -0400] "GET /index.php/wp-json/oembed/1.0/embed?format=xml&url=https%3A%2F%2Falcanciasporkispig.com%2Findex.php%2Fproducto%2Falcancia-chucky%2F HTTP/2" 200 1206 "-" "Mozilla/5.0 AppleWebKit/537.36 (KHTML, like Gecko; compatible; ClaudeBot/1.0; +claudebot@anthropic.com)"
216.73.216.221 - - [25/Jun/2026:17:37:03 -0400] "GET /index.php/wp-json/oembed/1.0/embed?url=https%3A%2F%2Falcanciasporkispig.com%2Findex.php%2Fproducto%2Falcancia-anna%2F HTTP/2" 200 1149 "-" "Mozilla/5.0 AppleWebKit/537.36 (KHTML, like Gecko; compatible; ClaudeBot/1.0; +claudebot@anthropic.com)"
216.73.216.221 - - [25/Jun/2026:17:37:06 -0400] "GET /index.php/wp-json/oembed/1.0/embed?format=xml&url=https%3A%2F%2Falcanciasporkispig.com%2Findex.php%2Fproducto%2Falcancia-alegria%2F HTTP/2" 200 1209 "-" "Mozilla/5.0 AppleWebKit/537.36 (KHTML, like Gecko; compatible; ClaudeBot/1.0; +claudebot@anthropic.com)"
216.73.216.221 - - [25/Jun/2026:17:37:06 -0400] "GET /index.php/wp-json/oembed/1.0/embed?url=https%3A%2F%2Falcanciasporkispig.com%2Findex.php%2Fproducto%2Falcancia-chucky%2F HTTP/2" 200 1154 "-" "Mozilla/5.0 AppleWebKit/537.36 (KHTML, like Gecko; compatible; ClaudeBot/1.0; +claudebot@anthropic.com)"
216.73.216.221 - - [25/Jun/2026:17:37:14 -0400] "GET /index.php/wp-json/oembed/1.0/embed?format=xml&url=https%3A%2F%2Falcanciasporkispig.com%2Findex.php%2Fproducto%2Falcancia-sonic%2F HTTP/2" 200 1204 "-" "Mozilla/5.0 AppleWebKit/537.36 (KHTML, like Gecko; compatible; ClaudeBot/1.0; +claudebot@anthropic.com)"
216.73.216.221 - - [25/Jun/2026:17:44:22 -0400] "GET /index.php/etiqueta-producto/alcancia-porkis-pig/ HTTP/2" 200 64594 "-" "Mozilla/5.0 AppleWebKit/537.36 (KHTML, like Gecko; compatible; ClaudeBot/1.0; +claudebot@anthropic.com)"
216.73.216.221 - - [25/Jun/2026:17:44:22 -0400] "GET /index.php/producto/alcancia-my-little-pony-pinkie-pie/ HTTP/2" 200 44942 "-" "Mozilla/5.0 AppleWebKit/537.36 (KHTML, like Gecko; compatible; ClaudeBot/1.0; +claudebot@anthropic.com)"
216.73.216.221 - - [25/Jun/2026:17:44:25 -0400] "GET /index.php/etiqueta-producto/alcancia-policia/ HTTP/2" 200 64293 "-" "Mozilla/5.0 AppleWebKit/537.36 (KHTML, like Gecko; compatible; ClaudeBot/1.0; +claudebot@anthropic.com)"
216.73.216.221 - - [25/Jun/2026:17:44:26 -0400] "GET /index.php/etiqueta-producto/alcancia-alegria/feed/ HTTP/2" 200 4350 "-" "Mozilla/5.0 AppleWebKit/537.36 (KHTML, like Gecko; compatible; ClaudeBot/1.0; +claudebot@anthropic.com)"
116.179.37.16 - - [25/Jun/2026:17:49:57 -0400] "POST /?wc-ajax=get_refreshed_fragments HTTP/1.1" 200 165 "https://alcanciasporkispig.com/index.php/etiqueta-producto/decoradas/page/2/" "Mozilla/5.0 (compatible; Baiduspider-render/2.0; +http://www.baidu.com/search/spider.html)"
116.179.37.250 - - [25/Jun/2026:17:49:56 -0400] "GET /wp-includes/js/jquery/jquery.min.js?ver=3.7.1 HTTP/1.1" 200 30412 "https://alcanciasporkispig.com/index.php/etiqueta-producto/decoradas/page/2/" "Mozilla/5.0 (compatible; Baiduspider-render/2.0; +http://www.baidu.com/search/spider.html)"
216.73.216.221 - - [25/Jun/2026:17:33:28 -0400] "GET /?p=532 HTTP/2" 301 0 "-" "Mozilla/5.0 AppleWebKit/537.36 (KHTML, like Gecko; compatible; ClaudeBot/1.0; +claudebot@anthropic.com)"
216.73.216.221 - - [25/Jun/2026:17:33:28 -0400] "GET /?p=996 HTTP/2" 301 0 "-" "Mozilla/5.0 AppleWebKit/537.36 (KHTML, like Gecko; compatible; ClaudeBot/1.0; +claudebot@anthropic.com)"
216.73.216.221 - - [25/Jun/2026:17:33:31 -0400] "GET /index.php/producto/alcancia-don-ramon/ HTTP/2" 200 44905 "https://alcanciasporkispig.com/?p=532" "Mozilla/5.0 AppleWebKit/537.36 (KHTML, like Gecko; compatible; ClaudeBot/1.0; +claudebot@anthropic.com)"
216.73.216.221 - - [25/Jun/2026:17:33:31 -0400] "GET /index.php/producto/alcancia-policia/ HTTP/2" 200 44660 "https://alcanciasporkispig.com/?p=996" "Mozilla/5.0 AppleWebKit/537.36 (KHTML, like Gecko; compatible; ClaudeBot/1.0; +claudebot@anthropic.com)"
216.73.216.221 - - [25/Jun/2026:17:33:34 -0400] "GET /?p=737 HTTP/2" 301 0 "-" "Mozilla/5.0 AppleWebKit/537.36 (KHTML, like Gecko; compatible; ClaudeBot/1.0; +claudebot@anthropic.com)"
216.73.216.221 - - [25/Jun/2026:17:33:34 -0400] "GET /?p=863 HTTP/2" 301 0 "-" "Mozilla/5.0 AppleWebKit/537.36 (KHTML, like Gecko; compatible; ClaudeBot/1.0; +claudebot@anthropic.com)"
216.73.216.221 - - [25/Jun/2026:17:33:35 -0400] "GET /index.php/producto/alcancia-sonic/ HTTP/2" 200 44943 "https://alcanciasporkispig.com/?p=737" "Mozilla/5.0 AppleWebKit/537.36 (KHTML, like Gecko; compatible; ClaudeBot/1.0; +claudebot@anthropic.com)"
216.73.216.221 - - [25/Jun/2026:17:33:36 -0400] "GET /index.php/producto/alcancia-goku/ HTTP/2" 200 44973 "https://alcanciasporkispig.com/?p=863" "Mozilla/5.0 AppleWebKit/537.36 (KHTML, like Gecko; compatible; ClaudeBot/1.0; +claudebot@anthropic.com)"
216.73.216.221 - - [25/Jun/2026:17:33:38 -0400] "GET /?p=744 HTTP/2" 301 0 "-" "Mozilla/5.0 AppleWebKit/537.36 (KHTML, like Gecko; compatible; ClaudeBot/1.0; +claudebot@anthropic.com)"
216.73.216.221 - - [25/Jun/2026:17:33:40 -0400] "GET /index.php/producto/alcancia-dracula-moster-high/ HTTP/2" 200 44983 "https://alcanciasporkispig.com/?p=744" "Mozilla/5.0 AppleWebKit/537.36 (KHTML, like Gecko; compatible; ClaudeBot/1.0; +claudebot@anthropic.com)"
66.225.221.50 - - [25/Jun/2026:17:35:21 -0400] "POST /wp-cron.php?doing_wp_cron=1782423321.8875689506530761718750 HTTP/1.1" 200 0 "-" "WordPress/6.6.5; https://alcanciasporkispig.com"
66.225.221.50 - - [25/Jun/2026:17:36:08 -0400] "POST /wp-cron.php?doing_wp_cron=1782423368.4721720218658447265625 HTTP/1.1" 200 0 "-" "WordPress/6.6.5; https://alcanciasporkispig.com"
66.225.221.50 - - [25/Jun/2026:17:39:05 -0400] "POST /wp-cron.php?doing_wp_cron=1782423545.3358099460601806640625 HTTP/1.1" 200 0 "-" "WordPress/6.6.5; https://alcanciasporkispig.com"
66.249.92.138 - - [25/Jun/2026:17:45:03 -0400] "GET /index.php/producto/alcancia-cosmos/ HTTP/1.1" 200 44715 "-" "Mozilla/5.0 (X11; Linux x86_64) AppleWebKit/537.36 (KHTML, like Gecko) Chrome/148.0.7778.96 Safari/537.36"
51.161.65.136 - - [25/Jun/2026:17:45:27 -0400] "GET /wp-content/uploads/2018/06/FINN-EL-HUMANO-HORA-DE-AVENTURA-BABY.jpg HTTP/2" 200 81171 "-" "Mozilla/5.0 (compatible; AhrefsBot/7.0; +http://ahrefs.com/robot/)"
54.39.0.61 - - [25/Jun/2026:17:52:04 -0400] "GET /index.php/producto/alcancia-kiss/feed/ HTTP/2" 304 0 "-" "Mozilla/5.0 (compatible; AhrefsBot/7.0; +http://ahrefs.com/robot/)"
52.167.144.173 - - [25/Jun/2026:18:05:58 -0400] "GET /wp-content/uploads/2018/06/WOODY-300x251.jpg HTTP/2" 200 18647 "-" "Mozilla/5.0 AppleWebKit/537.36 (KHTML, like Gecko; compatible; bingbot/2.0; +http://www.bing.com/bingbot.htm) Chrome/116.0.1938.76 Safari/537.36"
124.156.225.181 - - [25/Jun/2026:17:58:44 -0400] "GET / HTTP/1.1" 200 83586 "http://alcanciasporkispig.com" "Mozilla/5.0 (iPhone; CPU iPhone OS 13_2_3 like Mac OS X) AppleWebKit/605.1.15 (KHTML, like Gecko) Version/13.0.3 Mobile/15E148 Safari/604.1"
66.225.221.50 - - [25/Jun/2026:17:52:05 -0400] "POST /wp-cron.php?doing_wp_cron=1782424325.8106269836425781250000 HTTP/1.1" 200 0 "-" "WordPress/6.6.5; https://alcanciasporkispig.com"
142.44.233.248 - - [25/Jun/2026:18:14:38 -0400] "GET /index.php/product_tag-sitemap.xml HTTP/2" 200 941 "-" "Mozilla/5.0 (compatible; AhrefsBot/7.0; +http://ahrefs.com/robot/)"
66.225.221.50 - - [25/Jun/2026:18:21:08 -0400] "POST /wp-cron.php?doing_wp_cron=1782426067.9700710773468017578125 HTTP/1.1" 200 0 "-" "WordPress/6.6.5; https://alcanciasporkispig.com"
167.114.139.229 - - [25/Jun/2026:18:21:05 -0400] "GET /index.php/producto/alcancia-elsa/ HTTP/2" 200 44739 "-" "Mozilla/5.0 (compatible; AhrefsBot/7.0; +http://ahrefs.com/robot/)"
54.39.0.68 - - [25/Jun/2026:18:14:35 -0400] "GET /index.php/product_cat-sitemap.xml HTTP/2" 200 362 "-" "Mozilla/5.0 (compatible; AhrefsBot/7.0; +http://ahrefs.com/robot/)"
148.113.130.240 - - [25/Jun/2026:18:14:24 -0400] "GET /index.php/sitemap_index.xml HTTP/2" 200 312 "-" "Mozilla/5.0 (compatible; AhrefsBot/7.0; +http://ahrefs.com/robot/)"
15.235.98.113 - - [25/Jun/2026:18:14:27 -0400] "GET /index.php/page-sitemap.xml HTTP/2" 200 753 "-" "Mozilla/5.0 (compatible; AhrefsBot/7.0; +http://ahrefs.com/robot/)"
15.235.96.196 - - [25/Jun/2026:18:14:31 -0400] "GET /index.php/product-sitemap.xml HTTP/2" 200 3120 "-" "Mozilla/5.0 (compatible; AhrefsBot/7.0; +http://ahrefs.com/robot/)"
66.225.221.50 - - [25/Jun/2026:18:14:26 -0400] "POST /wp-cron.php?doing_wp_cron=1782425666.2826249599456787109375 HTTP/1.1" 200 0 "-" "WordPress/6.6.5; https://alcanciasporkispig.com"
185.191.171.19 - - [25/Jun/2026:18:34:18 -0400] "GET /index.php/etiqueta-producto/pintadas-a-mano/page/3/ HTTP/1.1" 200 77194 "-" "Mozilla/5.0 (compatible; SemrushBot/7~bl; +http://www.semrush.com/bot.html)"
85.208.96.196 - - [25/Jun/2026:18:34:16 -0400] "GET /robots.txt HTTP/1.1" 200 139 "-" "Mozilla/5.0 (compatible; SemrushBot/7~bl; +http://www.semrush.com/bot.html)"
66.225.221.50 - - [25/Jun/2026:18:26:41 -0400] "POST /wp-cron.php?doing_wp_cron=1782426401.9327869415283203125000 HTTP/1.1" 200 0 "-" "WordPress/6.6.5; https://alcanciasporkispig.com"
54.39.136.141 - - [25/Jun/2026:18:25:27 -0400] "GET /wp-content/uploads/2018/07/ELSA.jpg HTTP/2" 200 78157 "-" "Mozilla/5.0 (compatible; AhrefsBot/7.0; +http://ahrefs.com/robot/)"
66.225.221.50 - - [25/Jun/2026:18:34:16 -0400] "POST /wp-cron.php?doing_wp_cron=1782426856.8001699447631835937500 HTTP/1.1" 200 0 "-" "WordPress/6.6.5; https://alcanciasporkispig.com"
66.249.88.233 - - [25/Jun/2026:18:36:43 -0400] "GET /.well-known/traffic-advice HTTP/1.1" 404 18163 "-" "Chrome Privacy Preserving Prefetch Proxy"
47.128.47.66 - - [25/Jun/2026:18:28:04 -0400] "GET /robots.txt HTTP/1.1" 403 5000 "-" "Mozilla/5.0 (Linux; Android 5.0) AppleWebKit/537.36 (KHTML, like Gecko) Mobile Safari/537.36 (compatible; Bytespider; spider-feedback@bytedance.com)"
15.235.98.205 - - [25/Jun/2026:18:26:41 -0400] "GET /index.php/etiqueta-producto/pepa/ HTTP/2" 200 64170 "-" "Mozilla/5.0 (compatible; AhrefsBot/7.0; +http://ahrefs.com/robot/)"
193.186.4.246 - - [25/Jun/2026:18:36:44 -0400] "GET /index.php/producto/alcancia-garfield/ HTTP/2" 200 44996 "https://www.google.com/" "Mozilla/5.0 (Windows NT 10.0; Win64; x64) AppleWebKit/537.36 (KHTML, like Gecko) Chrome/149.0.0.0 Safari/537.36"
216.244.66.246 - - [25/Jun/2026:18:39:38 -0400] "GET /robots.txt HTTP/1.1" 200 190 "-" "Mozilla/5.0 (compatible; DotBot/1.2; +https://opensiteexplorer.org/dotbot; help@moz.com)"
142.44.225.176 - - [25/Jun/2026:18:40:47 -0400] "GET /index.php/etiqueta-producto/pocoyo/ HTTP/2" 200 64332 "-" "Mozilla/5.0 (compatible; AhrefsBot/7.0; +http://ahrefs.com/robot/)"
66.225.221.50 - - [25/Jun/2026:18:40:48 -0400] "POST /wp-cron.php?doing_wp_cron=1782427248.4730019569396972656250 HTTP/1.1" 200 0 "-" "WordPress/6.6.5; https://alcanciasporkispig.com"
54.39.136.91 - - [25/Jun/2026:18:45:27 -0400] "GET /wp-content/uploads/2019/09/PANDILLA-POCOYO-ELY-300x197.jpg HTTP/2" 200 17611 "-" "Mozilla/5.0 (compatible; AhrefsBot/7.0; +http://ahrefs.com/robot/)"
66.225.221.50 - - [25/Jun/2026:18:51:53 -0400] "POST /wp-cron.php?doing_wp_cron=1782427913.5467650890350341796875 HTTP/1.1" 200 0 "-" "WordPress/6.6.5; https://alcanciasporkispig.com"
66.225.221.50 - - [25/Jun/2026:18:53:53 -0400] "POST /wp-cron.php?doing_wp_cron=1782428033.7823610305786132812500 HTTP/1.1" 200 0 "-" "WordPress/6.6.5; https://alcanciasporkispig.com"
66.225.221.50 - - [25/Jun/2026:18:54:24 -0400] "POST /wp-cron.php?doing_wp_cron=1782428064.5163319110870361328125 HTTP/1.1" 200 0 "-" "WordPress/6.6.5; https://alcanciasporkispig.com"
66.225.221.50 - - [25/Jun/2026:18:50:32 -0400] "POST /wp-cron.php?doing_wp_cron=1782427832.6301031112670898437500 HTTP/1.1" 200 0 "-" "WordPress/6.6.5; https://alcanciasporkispig.com"
216.73.216.221 - - [25/Jun/2026:18:52:07 -0400] "GET /robots.txt HTTP/2" 200 118 "-" "Mozilla/5.0 AppleWebKit/537.36 (KHTML, like Gecko; compatible; ClaudeBot/1.0; +claudebot@anthropic.com)"
216.73.216.221 - - [25/Jun/2026:18:52:09 -0400] "GET /index.php/wp-json/oembed/1.0/embed?url=https%3A%2F%2Falcanciasporkispig.com%2Findex.php%2Fproducto%2Falcancia-lady-bug%2F HTTP/2" 200 1158 "-" "Mozilla/5.0 AppleWebKit/537.36 (KHTML, like Gecko; compatible; ClaudeBot/1.0; +claudebot@anthropic.com)"
216.73.216.221 - - [25/Jun/2026:18:55:26 -0400] "GET /index.php/producto/alcancia-pikachu/feed/ HTTP/2" 200 435 "-" "Mozilla/5.0 AppleWebKit/537.36 (KHTML, like Gecko; compatible; ClaudeBot/1.0; +claudebot@anthropic.com)"
66.225.221.50 - - [25/Jun/2026:18:51:18 -0400] "POST /wp-cron.php?doing_wp_cron=1782427878.4275579452514648437500 HTTP/1.1" 200 0 "-" "WordPress/6.6.5; https://alcanciasporkispig.com"
216.244.66.246 - - [25/Jun/2026:18:51:16 -0400] "GET /index.php/producto/alcancia-malefica/ HTTP/1.1" 200 314921 "-" "Mozilla/5.0 (compatible; DotBot/1.2; +https://opensiteexplorer.org/dotbot; help@moz.com)"
66.249.66.74 - - [25/Jun/2026:18:51:40 -0400] "GET /wp-content/uploads/2018/07/UNICORNIO6-100x100.jpg HTTP/1.1" 200 3469 "-" "Googlebot-Image/1.0"
216.73.216.221 - - [25/Jun/2026:18:54:22 -0400] "GET /index.php/producto/alcancia-harry-potter/feed/ HTTP/2" 200 445 "-" "Mozilla/5.0 AppleWebKit/537.36 (KHTML, like Gecko; compatible; ClaudeBot/1.0; +claudebot@anthropic.com)"
193.186.4.247 - - [25/Jun/2026:18:51:51 -0400] "GET /index.php/producto/alcancia-garfield/ HTTP/2" 200 44994 "https://www.google.com/" "Mozilla/5.0 (Windows NT 10.0; Win64; x64) AppleWebKit/537.36 (KHTML, like Gecko) Chrome/149.0.0.0 Safari/537.36"
216.73.216.221 - - [25/Jun/2026:18:53:51 -0400] "GET /index.php/wp-json/oembed/1.0/embed?format=xml&url=https%3A%2F%2Falcanciasporkispig.com%2Findex.php%2Fproducto%2Falcancia-gaturro%2F HTTP/2" 200 1209 "-" "Mozilla/5.0 AppleWebKit/537.36 (KHTML, like Gecko; compatible; ClaudeBot/1.0; +claudebot@anthropic.com)"
54.39.203.230 - - [25/Jun/2026:18:50:31 -0400] "GET /index.php/etiqueta-producto/personalizadas/ HTTP/2" 200 64993 "-" "Mozilla/5.0 (compatible; AhrefsBot/7.0; +http://ahrefs.com/robot/)"
216.73.216.221 - - [25/Jun/2026:18:52:19 -0400] "GET /index.php/producto/alcancia-gaturro/feed/ HTTP/2" 200 435 "-" "Mozilla/5.0 AppleWebKit/537.36 (KHTML, like Gecko; compatible; ClaudeBot/1.0; +claudebot@anthropic.com)"
216.73.216.221 - - [25/Jun/2026:18:52:19 -0400] "GET /index.php/producto/alcancia-lady-bug/feed/ HTTP/2" 200 439 "-" "Mozilla/5.0 AppleWebKit/537.36 (KHTML, like Gecko; compatible; ClaudeBot/1.0; +claudebot@anthropic.com)"
216.73.216.221 - - [25/Jun/2026:18:54:51 -0400] "GET /index.php/producto/alcancia-dracula-moster-high/feed/ HTTP/2" 200 451 "-" "Mozilla/5.0 AppleWebKit/537.36 (KHTML, like Gecko; compatible; ClaudeBot/1.0; +claudebot@anthropic.com)"
66.225.221.50 - - [25/Jun/2026:18:55:28 -0400] "POST /wp-cron.php?doing_wp_cron=1782428127.9904398918151855468750 HTTP/1.1" 200 0 "-" "WordPress/6.6.5; https://alcanciasporkispig.com"
66.225.221.50 - - [25/Jun/2026:18:52:08 -0400] "POST /wp-cron.php?doing_wp_cron=1782427928.7096679210662841796875 HTTP/1.1" 200 0 "-" "WordPress/6.6.5; https://alcanciasporkispig.com"
66.225.221.50 - - [25/Jun/2026:18:58:21 -0400] "POST /wp-cron.php?doing_wp_cron=1782428301.1863420009613037109375 HTTP/1.1" 200 0 "-" "WordPress/6.6.5; https://alcanciasporkispig.com"
66.225.221.50 - - [25/Jun/2026:18:57:00 -0400] "POST /wp-cron.php?doing_wp_cron=1782428220.7466709613800048828125 HTTP/1.1" 200 0 "-" "WordPress/6.6.5; https://alcanciasporkispig.com"
216.73.216.221 - - [25/Jun/2026:18:58:32 -0400] "GET /index.php/wp-json/oembed/1.0/embed?url=https%3A%2F%2Falcanciasporkispig.com%2Findex.php%2Fproducto%2Falcancia-soy-luna%2F HTTP/2" 200 1156 "-" "Mozilla/5.0 AppleWebKit/537.36 (KHTML, like Gecko; compatible; ClaudeBot/1.0; +claudebot@anthropic.com)"
216.73.216.221 - - [25/Jun/2026:18:56:58 -0400] "GET /index.php/producto/alcancia-soy-luna/feed/ HTTP/2" 200 439 "-" "Mozilla/5.0 AppleWebKit/537.36 (KHTML, like Gecko; compatible; ClaudeBot/1.0; +claudebot@anthropic.com)"
216.73.216.221 - - [25/Jun/2026:18:56:58 -0400] "GET /index.php/etiqueta-producto/chucky/ HTTP/2" 200 64269 "-" "Mozilla/5.0 AppleWebKit/537.36 (KHTML, like Gecko; compatible; ClaudeBot/1.0; +claudebot@anthropic.com)"
216.73.216.221 - - [25/Jun/2026:18:58:17 -0400] "GET /index.php/wp-json/oembed/1.0/embed?format=xml&url=https%3A%2F%2Falcanciasporkispig.com%2Findex.php%2Fproducto%2Falcancia-pepa%2F HTTP/2" 200 1209 "-" "Mozilla/5.0 AppleWebKit/537.36 (KHTML, like Gecko; compatible; ClaudeBot/1.0; +claudebot@anthropic.com)"
66.225.221.50 - - [25/Jun/2026:19:00:34 -0400] "POST /wp-cron.php?doing_wp_cron=1782428434.2611091136932373046875 HTTP/1.1" 200 0 "-" "WordPress/6.6.5; https://alcanciasporkispig.com"
216.73.216.221 - - [25/Jun/2026:19:01:23 -0400] "GET /index.php/sitemap_index.xml HTTP/2" 200 312 "-" "Mozilla/5.0 AppleWebKit/537.36 (KHTML, like Gecko; compatible; ClaudeBot/1.0; +claudebot@anthropic.com)"
216.73.216.221 - - [25/Jun/2026:19:04:42 -0400] "GET /index.php/wp-json/oembed/1.0/embed?format=xml&url=https%3A%2F%2Falcanciasporkispig.com%2Findex.php%2Fproducto%2Falcancia-goku%2F HTTP/2" 200 1199 "-" "Mozilla/5.0 AppleWebKit/537.36 (KHTML, like Gecko; compatible; ClaudeBot/1.0; +claudebot@anthropic.com)"
216.73.216.221 - - [25/Jun/2026:19:04:42 -0400] "GET /index.php/etiqueta-producto/alcancia-policia/ HTTP/2" 200 64293 "-" "Mozilla/5.0 AppleWebKit/537.36 (KHTML, like Gecko; compatible; ClaudeBot/1.0; +claudebot@anthropic.com)"
216.73.216.221 - - [25/Jun/2026:18:59:25 -0400] "GET /index.php/producto/alcancia-chucky/feed/ HTTP/2" 200 435 "-" "Mozilla/5.0 AppleWebKit/537.36 (KHTML, like Gecko; compatible; ClaudeBot/1.0; +claudebot@anthropic.com)"
216.73.216.221 - - [25/Jun/2026:18:59:26 -0400] "GET /index.php/wp-json/wp/v2/product/793 HTTP/2" 200 3714 "-" "Mozilla/5.0 AppleWebKit/537.36 (KHTML, like Gecko; compatible; ClaudeBot/1.0; +claudebot@anthropic.com)"
216.73.216.221 - - [25/Jun/2026:19:00:33 -0400] "GET /index.php/wp-json/oembed/1.0/embed?url=https%3A%2F%2Falcanciasporkispig.com%2Findex.php%2Fproducto%2Falcancia-gaturro%2F HTTP/2" 200 1160 "-" "Mozilla/5.0 AppleWebKit/537.36 (KHTML, like Gecko; compatible; ClaudeBot/1.0; +claudebot@anthropic.com)"
216.73.216.221 - - [25/Jun/2026:19:00:33 -0400] "GET /index.php/wp-json/oembed/1.0/embed?format=xml&url=https%3A%2F%2Falcanciasporkispig.com%2Findex.php%2Fproducto%2Falcancia-pikachu%2F HTTP/2" 200 1207 "-" "Mozilla/5.0 AppleWebKit/537.36 (KHTML, like Gecko; compatible; ClaudeBot/1.0; +claudebot@anthropic.com)"
216.73.216.221 - - [25/Jun/2026:19:00:34 -0400] "GET /index.php/wp-json/oembed/1.0/embed?url=https%3A%2F%2Falcanciasporkispig.com%2Findex.php%2Fproducto%2Falcancia-pikachu%2F HTTP/2" 200 1155 "-" "Mozilla/5.0 AppleWebKit/537.36 (KHTML, like Gecko; compatible; ClaudeBot/1.0; +claudebot@anthropic.com)"
43.165.198.5 - - [25/Jun/2026:19:05:28 -0400] "GET / HTTP/1.1" 200 83586 "https://www.alcanciasporkispig.com/" "Mozilla/5.0 (iPhone; CPU iPhone OS 13_2_3 like Mac OS X) AppleWebKit/605.1.15 (KHTML, like Gecko) Version/13.0.3 Mobile/15E148 Safari/604.1"
216.73.216.221 - - [25/Jun/2026:19:00:41 -0400] "GET /index.php/wp-json/oembed/1.0/embed?format=xml&url=https%3A%2F%2Falcanciasporkispig.com%2Findex.php%2Fproducto%2Falcancia-policia%2F HTTP/2" 200 1213 "-" "Mozilla/5.0 AppleWebKit/537.36 (KHTML, like Gecko; compatible; ClaudeBot/1.0; +claudebot@anthropic.com)"
66.225.221.50 - - [25/Jun/2026:18:59:25 -0400] "POST /wp-cron.php?doing_wp_cron=1782428365.7729949951171875000000 HTTP/1.1" 200 0 "-" "WordPress/6.6.5; https://alcanciasporkispig.com"
66.225.221.50 - - [25/Jun/2026:19:01:23 -0400] "POST /wp-cron.php?doing_wp_cron=1782428483.6299819946289062500000 HTTP/1.1" 200 0 "-" "WordPress/6.6.5; https://alcanciasporkispig.com"
216.73.216.221 - - [25/Jun/2026:19:04:00 -0400] "GET /index.php/producto/alcancia-pepa/feed/ HTTP/2" 200 436 "-" "Mozilla/5.0 AppleWebKit/537.36 (KHTML, like Gecko; compatible; ClaudeBot/1.0; +claudebot@anthropic.com)"
216.73.216.221 - - [25/Jun/2026:19:04:00 -0400] "GET /index.php/wp-json/wp/v2/product/385 HTTP/2" 200 3724 "-" "Mozilla/5.0 AppleWebKit/537.36 (KHTML, like Gecko; compatible; ClaudeBot/1.0; +claudebot@anthropic.com)"
216.73.216.221 - - [25/Jun/2026:19:04:01 -0400] "GET /?p=385 HTTP/2" 301 0 "-" "Mozilla/5.0 AppleWebKit/537.36 (KHTML, like Gecko; compatible; ClaudeBot/1.0; +claudebot@anthropic.com)"
216.73.216.221 - - [25/Jun/2026:19:04:02 -0400] "GET /index.php/producto/alcancia-lady-bug/ HTTP/2" 200 44819 "https://alcanciasporkispig.com/?p=385" "Mozilla/5.0 AppleWebKit/537.36 (KHTML, like Gecko; compatible; ClaudeBot/1.0; +claudebot@anthropic.com)"
43.165.198.5 - - [25/Jun/2026:19:05:25 -0400] "GET / HTTP/1.1" 301 0 "http://www.alcanciasporkispig.com" "Mozilla/5.0 (iPhone; CPU iPhone OS 13_2_3 like Mac OS X) AppleWebKit/605.1.15 (KHTML, like Gecko) Version/13.0.3 Mobile/15E148 Safari/604.1"
66.225.221.50 - - [25/Jun/2026:19:04:00 -0400] "POST /wp-cron.php?doing_wp_cron=1782428640.9086449146270751953125 HTTP/1.1" 200 0 "-" "WordPress/6.6.5; https://alcanciasporkispig.com"
66.225.221.50 - - [25/Jun/2026:19:04:42 -0400] "POST /wp-cron.php?doing_wp_cron=1782428682.8179509639739990234375 HTTP/1.1" 200 0 "-" "WordPress/6.6.5; https://alcanciasporkispig.com"
66.225.221.50 - - [25/Jun/2026:19:11:41 -0400] "POST /wp-cron.php?doing_wp_cron=1782429101.5752220153808593750000 HTTP/1.1" 200 0 "-" "WordPress/6.6.5; https://alcanciasporkispig.com"
66.225.221.50 - - [25/Jun/2026:19:14:07 -0400] "POST /wp-cron.php?doing_wp_cron=1782429246.9900650978088378906250 HTTP/1.1" 200 0 "-" "WordPress/6.6.5; https://alcanciasporkispig.com"
66.225.221.50 - - [25/Jun/2026:19:14:07 -0400] "POST /wp-cron.php?doing_wp_cron=1782429246.9915180206298828125000 HTTP/1.1" 200 0 "-" "WordPress/6.6.5; https://alcanciasporkispig.com"
66.249.66.72 - - [25/Jun/2026:19:11:40 -0400] "GET / HTTP/1.1" 200 70788 "-" "Mozilla/5.0 (compatible; Googlebot/2.1; +http://www.google.com/bot.html)"
216.73.216.221 - - [25/Jun/2026:19:14:06 -0400] "GET /?p=646 HTTP/2" 301 0 "-" "Mozilla/5.0 AppleWebKit/537.36 (KHTML, like Gecko; compatible; ClaudeBot/1.0; +claudebot@anthropic.com)"
216.73.216.221 - - [25/Jun/2026:19:14:06 -0400] "GET /index.php/wp-json/wp/v2/product/639 HTTP/2" 200 3778 "-" "Mozilla/5.0 AppleWebKit/537.36 (KHTML, like Gecko; compatible; ClaudeBot/1.0; +claudebot@anthropic.com)"
216.73.216.221 - - [25/Jun/2026:19:14:07 -0400] "GET /index.php/producto/alcancia-jorge-el-curioso/ HTTP/2" 200 45255 "https://alcanciasporkispig.com/?p=646" "Mozilla/5.0 AppleWebKit/537.36 (KHTML, like Gecko; compatible; ClaudeBot/1.0; +claudebot@anthropic.com)"
216.73.216.221 - - [25/Jun/2026:19:14:39 -0400] "GET /index.php/etiqueta-producto/seleccion-colombia/feed/ HTTP/2" 200 4227 "-" "Mozilla/5.0 AppleWebKit/537.36 (KHTML, like Gecko; compatible; ClaudeBot/1.0; +claudebot@anthropic.com)"
216.73.216.221 - - [25/Jun/2026:19:15:02 -0400] "GET /index.php/wp-json/oembed/1.0/embed?url=https%3A%2F%2Falcanciasporkispig.com%2Findex.php%2Fproducto%2Falcancia-jorge-el-curioso%2F HTTP/2" 200 1175 "-" "Mozilla/5.0 AppleWebKit/537.36 (KHTML, like Gecko; compatible; ClaudeBot/1.0; +claudebot@anthropic.com)"
216.73.216.221 - - [25/Jun/2026:19:15:01 -0400] "GET /index.php/etiqueta-producto/alcancia-colombia/feed/ HTTP/2" 200 4199 "-" "Mozilla/5.0 AppleWebKit/537.36 (KHTML, like Gecko; compatible; ClaudeBot/1.0; +claudebot@anthropic.com)"
66.249.66.73 - - [25/Jun/2026:19:16:37 -0400] "GET /wp-content/themes/Divi/includes/builder/feature/dynamic-assets/assets/js/jquery.fitvids.js?ver=4.27.0 HTTP/1.1" 200 1158 "https://alcanciasporkispig.com/" "Mozilla/5.0 (compatible; Googlebot/2.1; +http://www.google.com/bot.html)"
66.249.66.73 - - [25/Jun/2026:19:16:37 -0400] "GET /wp-content/plugins/woocommerce/assets/js/selectWoo/selectWoo.full.min.js?ver=1.0.9-wc.9.1.6 HTTP/1.1" 200 20209 "https://alcanciasporkispig.com/" "Mozilla/5.0 (compatible; Googlebot/2.1; +http://www.google.com/bot.html)"
66.249.66.73 - - [25/Jun/2026:19:16:38 -0400] "POST /?wc-ajax=get_refreshed_fragments HTTP/1.1" 200 139 "https://alcanciasporkispig.com/" "Mozilla/5.0 (compatible; Googlebot/2.1; +http://www.google.com/bot.html)"
80.73.243.216 - - [25/Jun/2026:19:31:16 -0400] "GET /index.php/categoria-producto/alcancias-personalizadas/page/8/ HTTP/2" 200 64885 "-" "Mozilla/5.0 (Linux; Android 5.0; SM-G900P Build/LRX21T) AppleWebKit/537.36 (KHTML, like Gecko) Chrome/52.0.4491.1987 Mobile Safari/537.36"
80.73.243.216 - - [25/Jun/2026:19:31:19 -0400] "GET /wp-content/plugins/photo-gallery/booster/assets/css/global.css?ver=1.0.0 HTTP/2" 200 3211 "https://alcanciasporkispig.com/index.php/categoria-producto/alcancias-personalizadas/page/8/" "Mozilla/5.0 (Linux; Android 5.0; SM-G900P Build/LRX21T) AppleWebKit/537.36 (KHTML, like Gecko) Chrome/52.0.4491.1987 Mobile Safari/537.36"
80.73.243.216 - - [25/Jun/2026:19:31:19 -0400] "GET /wp-content/plugins/menu-icons/vendor/codeinwp/icon-picker/css/types/elusive.min.css?ver=2.0 HTTP/2" 200 2130 "https://alcanciasporkispig.com/index.php/categoria-producto/alcancias-personalizadas/page/8/" "Mozilla/5.0 (Linux; Android 5.0; SM-G900P Build/LRX21T) AppleWebKit/537.36 (KHTML, like Gecko) Chrome/52.0.4491.1987 Mobile Safari/537.36"
80.73.243.216 - - [25/Jun/2026:19:31:20 -0400] "GET /wp-content/plugins/dg-divi-carousel/styles/swiper.min.css?ver=2.0.23 HTTP/2" 200 2789 "https://alcanciasporkispig.com/index.php/categoria-producto/alcancias-personalizadas/page/8/" "Mozilla/5.0 (Linux; Android 5.0; SM-G900P Build/LRX21T) AppleWebKit/537.36 (KHTML, like Gecko) Chrome/52.0.4491.1987 Mobile Safari/537.36"
80.73.243.216 - - [25/Jun/2026:19:31:20 -0400] "GET /wp-content/plugins/photo-gallery/css/sumoselect.min.css?ver=3.4.6 HTTP/2" 200 1899 "https://alcanciasporkispig.com/index.php/categoria-producto/alcancias-personalizadas/page/8/" "Mozilla/5.0 (Linux; Android 5.0; SM-G900P Build/LRX21T) AppleWebKit/537.36 (KHTML, like Gecko) Chrome/52.0.4491.1987 Mobile Safari/537.36"
80.73.243.216 - - [25/Jun/2026:19:31:20 -0400] "GET /wp-content/plugins/photo-gallery/css/jquery.mCustomScrollbar.min.css?ver=3.1.5 HTTP/2" 200 3799 "https://alcanciasporkispig.com/index.php/categoria-producto/alcancias-personalizadas/page/8/" "Mozilla/5.0 (Linux; Android 5.0; SM-G900P Build/LRX21T) AppleWebKit/537.36 (KHTML, like Gecko) Chrome/52.0.4491.1987 Mobile Safari/537.36"
80.73.243.216 - - [25/Jun/2026:19:31:20 -0400] "GET /wp-content/plugins/woocommerce/assets/css/photoswipe/default-skin/default-skin.min.css?ver=9.1.6 HTTP/2" 200 1728 "https://alcanciasporkispig.com/index.php/categoria-producto/alcancias-personalizadas/page/8/" "Mozilla/5.0 (Linux; Android 5.0; SM-G900P Build/LRX21T) AppleWebKit/537.36 (KHTML, like Gecko) Chrome/52.0.4491.1987 Mobile Safari/537.36"
80.73.243.216 - - [25/Jun/2026:19:31:20 -0400] "GET /wp-content/plugins/woocommerce/assets/css/select2.css?ver=9.1.6 HTTP/2" 200 1701 "https://alcanciasporkispig.com/index.php/categoria-producto/alcancias-personalizadas/page/8/" "Mozilla/5.0 (Linux; Android 5.0; SM-G900P Build/LRX21T) AppleWebKit/537.36 (KHTML, like Gecko) Chrome/52.0.4491.1987 Mobile Safari/537.36"
80.73.243.216 - - [25/Jun/2026:19:31:21 -0400] "GET /wp-content/plugins/photo-gallery/booster/assets/js/global.js?ver=1.0.0 HTTP/2" 200 2321 "https://alcanciasporkispig.com/index.php/categoria-producto/alcancias-personalizadas/page/8/" "Mozilla/5.0 (Linux; Android 5.0; SM-G900P Build/LRX21T) AppleWebKit/537.36 (KHTML, like Gecko) Chrome/52.0.4491.1987 Mobile Safari/537.36"
80.73.243.216 - - [25/Jun/2026:19:31:21 -0400] "GET /wp-content/plugins/photo-gallery/js/tocca.min.js?ver=2.0.9 HTTP/2" 200 1336 "https://alcanciasporkispig.com/index.php/categoria-producto/alcancias-personalizadas/page/8/" "Mozilla/5.0 (Linux; Android 5.0; SM-G900P Build/LRX21T) AppleWebKit/537.36 (KHTML, like Gecko) Chrome/52.0.4491.1987 Mobile Safari/537.36"
80.73.243.216 - - [25/Jun/2026:19:31:21 -0400] "GET /wp-content/plugins/photo-gallery/js/scripts.min.js?ver=1.8.27 HTTP/2" 200 32255 "https://alcanciasporkispig.com/index.php/categoria-producto/alcancias-personalizadas/page/8/" "Mozilla/5.0 (Linux; Android 5.0; SM-G900P Build/LRX21T) AppleWebKit/537.36 (KHTML, like Gecko) Chrome/52.0.4491.1987 Mobile Safari/537.36"
80.73.243.216 - - [25/Jun/2026:19:31:21 -0400] "GET /wp-content/et-cache/global/et-divi-customizer-global.min.css?ver=1776672570 HTTP/2" 200 191 "https://alcanciasporkispig.com/index.php/categoria-producto/alcancias-personalizadas/page/8/" "Mozilla/5.0 (Linux; Android 5.0; SM-G900P Build/LRX21T) AppleWebKit/537.36 (KHTML, like Gecko) Chrome/52.0.4491.1987 Mobile Safari/537.36"
80.73.243.216 - - [25/Jun/2026:19:31:21 -0400] "GET /wp-content/uploads/2018/06/MICKEY-MAUSE-300x251.jpg HTTP/2" 206 500 "https://alcanciasporkispig.com/index.php/categoria-producto/alcancias-personalizadas/page/8/" "Mozilla/5.0 (Linux; Android 5.0; SM-G900P Build/LRX21T) AppleWebKit/537.36 (KHTML, like Gecko) Chrome/52.0.4491.1987 Mobile Safari/537.36"
80.73.243.216 - - [25/Jun/2026:19:31:22 -0400] "GET /wp-content/uploads/2018/06/MISS-PIGGY.-300x251.jpg HTTP/2" 206 500 "https://alcanciasporkispig.com/index.php/categoria-producto/alcancias-personalizadas/page/8/" "Mozilla/5.0 (Linux; Android 5.0; SM-G900P Build/LRX21T) AppleWebKit/537.36 (KHTML, like Gecko) Chrome/52.0.4491.1987 Mobile Safari/537.36"
80.73.243.216 - - [25/Jun/2026:19:31:22 -0400] "GET /wp-content/uploads/2018/06/MINION-DAVE.-300x251.jpg HTTP/2" 206 500 "https://alcanciasporkispig.com/index.php/categoria-producto/alcancias-personalizadas/page/8/" "Mozilla/5.0 (Linux; Android 5.0; SM-G900P Build/LRX21T) AppleWebKit/537.36 (KHTML, like Gecko) Chrome/52.0.4491.1987 Mobile Safari/537.36"
80.73.243.216 - - [25/Jun/2026:19:31:23 -0400] "GET /wp-content/uploads/2019/08/Dainty-hjuuykCrafting-Materials-Facebook-App-300x167.png HTTP/2" 206 500 "https://alcanciasporkispig.com/index.php/categoria-producto/alcancias-personalizadas/page/8/" "Mozilla/5.0 (Linux; Android 5.0; SM-G900P Build/LRX21T) AppleWebKit/537.36 (KHTML, like Gecko) Chrome/52.0.4491.1987 Mobile Safari/537.36"
80.73.243.216 - - [25/Jun/2026:19:31:23 -0400] "GET /wp-content/plugins/yith-infinite-scrolling/assets/js/yith.infinitescroll.min.js?ver=1.25.0 HTTP/2" 200 656 "https://alcanciasporkispig.com/index.php/categoria-producto/alcancias-personalizadas/page/8/" "Mozilla/5.0 (Linux; Android 5.0; SM-G900P Build/LRX21T) AppleWebKit/537.36 (KHTML, like Gecko) Chrome/52.0.4491.1987 Mobile Safari/537.36"
80.73.243.216 - - [25/Jun/2026:19:31:24 -0400] "GET /wp-content/themes/Divi/js/scripts.min.js?ver=4.27.0 HTTP/2" 200 65212 "https://alcanciasporkispig.com/index.php/categoria-producto/alcancias-personalizadas/page/8/" "Mozilla/5.0 (Linux; Android 5.0; SM-G900P Build/LRX21T) AppleWebKit/537.36 (KHTML, like Gecko) Chrome/52.0.4491.1987 Mobile Safari/537.36"
80.73.243.216 - - [25/Jun/2026:19:31:24 -0400] "GET /wp-content/plugins/dg-divi-carousel/scripts/frontend-bundle.min.js?ver=2.0.23 HTTP/2" 200 2862 "https://alcanciasporkispig.com/index.php/categoria-producto/alcancias-personalizadas/page/8/" "Mozilla/5.0 (Linux; Android 5.0; SM-G900P Build/LRX21T) AppleWebKit/537.36 (KHTML, like Gecko) Chrome/52.0.4491.1987 Mobile Safari/537.36"
80.73.243.216 - - [25/Jun/2026:19:31:24 -0400] "GET /wp-content/themes/Divi/includes/builder/scripts/cpt-modules-wrapper.js?ver=4.27.0 HTTP/2" 200 626 "https://alcanciasporkispig.com/index.php/categoria-producto/alcancias-personalizadas/page/8/" "Mozilla/5.0 (Linux; Android 5.0; SM-G900P Build/LRX21T) AppleWebKit/537.36 (KHTML, like Gecko) Chrome/52.0.4491.1987 Mobile Safari/537.36"
80.73.243.216 - - [25/Jun/2026:19:31:24 -0400] "GET /wp-content/plugins/boxzilla/assets/js/script.js?ver=3.3.1 HTTP/2" 200 4088 "https://alcanciasporkispig.com/index.php/categoria-producto/alcancias-personalizadas/page/8/" "Mozilla/5.0 (Linux; Android 5.0; SM-G900P Build/LRX21T) AppleWebKit/537.36 (KHTML, like Gecko) Chrome/52.0.4491.1987 Mobile Safari/537.36"
80.73.243.216 - - [25/Jun/2026:19:31:24 -0400] "GET /wp-content/plugins/woocommerce/assets/js/jquery-blockui/jquery.blockUI.min.js?ver=2.7.0-wc.9.1.6 HTTP/2" 200 3277 "https://alcanciasporkispig.com/index.php/categoria-producto/alcancias-personalizadas/page/8/" "Mozilla/5.0 (Linux; Android 5.0; SM-G900P Build/LRX21T) AppleWebKit/537.36 (KHTML, like Gecko) Chrome/52.0.4491.1987 Mobile Safari/537.36"
80.73.243.216 - - [25/Jun/2026:19:31:24 -0400] "GET /wp-content/plugins/woocommerce/assets/js/frontend/woocommerce.min.js?ver=9.1.6 HTTP/2" 200 814 "https://alcanciasporkispig.com/index.php/categoria-producto/alcancias-personalizadas/page/8/" "Mozilla/5.0 (Linux; Android 5.0; SM-G900P Build/LRX21T) AppleWebKit/537.36 (KHTML, like Gecko) Chrome/52.0.4491.1987 Mobile Safari/537.36"
80.73.243.216 - - [25/Jun/2026:19:31:25 -0400] "GET /wp-content/plugins/woocommerce/assets/js/frontend/cart-fragments.min.js?ver=9.1.6 HTTP/2" 200 943 "https://alcanciasporkispig.com/index.php/categoria-producto/alcancias-personalizadas/page/8/" "Mozilla/5.0 (Linux; Android 5.0; SM-G900P Build/LRX21T) AppleWebKit/537.36 (KHTML, like Gecko) Chrome/52.0.4491.1987 Mobile Safari/537.36"
80.73.243.216 - - [25/Jun/2026:19:31:25 -0400] "GET /wp-content/plugins/woocommerce/assets/js/frontend/single-product.min.js?ver=9.1.6 HTTP/2" 200 1746 "https://alcanciasporkispig.com/index.php/categoria-producto/alcancias-personalizadas/page/8/" "Mozilla/5.0 (Linux; Android 5.0; SM-G900P Build/LRX21T) AppleWebKit/537.36 (KHTML, like Gecko) Chrome/52.0.4491.1987 Mobile Safari/537.36"
80.73.243.216 - - [25/Jun/2026:19:31:25 -0400] "GET /wp-content/plugins/woocommerce/assets/js/frontend/address-i18n.min.js?ver=9.1.6 HTTP/2" 200 845 "https://alcanciasporkispig.com/index.php/categoria-producto/alcancias-personalizadas/page/8/" "Mozilla/5.0 (Linux; Android 5.0; SM-G900P Build/LRX21T) AppleWebKit/537.36 (KHTML, like Gecko) Chrome/52.0.4491.1987 Mobile Safari/537.36"
80.73.243.216 - - [25/Jun/2026:19:31:25 -0400] "GET /wp-content/uploads/2018/06/MY-LITTLE-PONY-PINKIE-PIE.-300x251.jpg HTTP/2" 206 500 "https://alcanciasporkispig.com/index.php/categoria-producto/alcancias-personalizadas/page/8/" "Mozilla/5.0 (Linux; Android 5.0; SM-G900P Build/LRX21T) AppleWebKit/537.36 (KHTML, like Gecko) Chrome/52.0.4491.1987 Mobile Safari/537.36"
80.73.243.216 - - [25/Jun/2026:19:31:25 -0400] "GET /wp-content/uploads/2018/06/NARUTO.-300x251.jpg HTTP/2" 206 500 "https://alcanciasporkispig.com/index.php/categoria-producto/alcancias-personalizadas/page/8/" "Mozilla/5.0 (Linux; Android 5.0; SM-G900P Build/LRX21T) AppleWebKit/537.36 (KHTML, like Gecko) Chrome/52.0.4491.1987 Mobile Safari/537.36"
216.73.216.221 - - [25/Jun/2026:19:26:38 -0400] "GET /index.php/producto/alcancia-mario-bros/feed/ HTTP/2" 200 443 "-" "Mozilla/5.0 AppleWebKit/537.36 (KHTML, like Gecko; compatible; ClaudeBot/1.0; +claudebot@anthropic.com)"
216.73.216.221 - - [25/Jun/2026:19:26:38 -0400] "GET /index.php/etiqueta-producto/rock/ HTTP/2" 200 64084 "-" "Mozilla/5.0 AppleWebKit/537.36 (KHTML, like Gecko; compatible; ClaudeBot/1.0; +claudebot@anthropic.com)"
216.73.216.221 - - [25/Jun/2026:19:18:45 -0400] "GET /index.php/producto/alcancia-my-little-pony-pinkie-pie/feed/ HTTP/2" 200 461 "-" "Mozilla/5.0 AppleWebKit/537.36 (KHTML, like Gecko; compatible; ClaudeBot/1.0; +claudebot@anthropic.com)"
216.73.216.221 - - [25/Jun/2026:19:18:45 -0400] "GET /?p=814 HTTP/2" 301 0 "-" "Mozilla/5.0 AppleWebKit/537.36 (KHTML, like Gecko; compatible; ClaudeBot/1.0; +claudebot@anthropic.com)"
216.73.216.221 - - [25/Jun/2026:19:18:46 -0400] "GET /index.php/producto/alcancia-mario-bros/ HTTP/2" 200 44997 "https://alcanciasporkispig.com/?p=814" "Mozilla/5.0 AppleWebKit/537.36 (KHTML, like Gecko; compatible; ClaudeBot/1.0; +claudebot@anthropic.com)"
216.73.216.221 - - [25/Jun/2026:19:21:23 -0400] "GET /?p=639 HTTP/2" 301 0 "-" "Mozilla/5.0 AppleWebKit/537.36 (KHTML, like Gecko; compatible; ClaudeBot/1.0; +claudebot@anthropic.com)"
216.73.216.221 - - [25/Jun/2026:19:21:24 -0400] "GET /index.php/producto/alcancia-my-little-pony-pinkie-pie/ HTTP/2" 200 44943 "https://alcanciasporkispig.com/?p=639" "Mozilla/5.0 AppleWebKit/537.36 (KHTML, like Gecko; compatible; ClaudeBot/1.0; +claudebot@anthropic.com)"
66.225.221.50 - - [25/Jun/2026:19:18:33 -0400] "POST /wp-cron.php?doing_wp_cron=1782429513.9516580104827880859375 HTTP/1.1" 200 0 "-" "WordPress/6.6.5; https://alcanciasporkispig.com"
