116.179.37.52 - - [25/Jun/2026:13:35:49 -0400] "GET /wp-content/themes/Divi/includes/builder/feature/dynamic-assets/assets/js/jquery.fitvids.js?ver=4.27.0 HTTP/1.1" 200 1334 "https://alcanciasporkispig.com/index.php/etiqueta-producto/super-man/" "Mozilla/5.0 (compatible; Baiduspider-render/2.0; +http://www.baidu.com/search/spider.html)"
66.249.88.225 - - [25/Jun/2026:13:36:36 -0400] "GET /.well-known/traffic-advice HTTP/1.1" 404 18163 "-" "Chrome Privacy Preserving Prefetch Proxy"
66.249.66.72 - - [25/Jun/2026:13:28:02 -0400] "GET /wp-content/plugins/woocommerce/assets/js/frontend/add-to-cart.min.js?ver=9.1.6 HTTP/1.1" 200 989 "https://alcanciasporkispig.com/" "Mozilla/5.0 (Linux; Android 6.0.1; Nexus 5X Build/MMB29P) AppleWebKit/537.36 (KHTML, like Gecko) Chrome/148.0.7778.96 Mobile Safari/537.36 (compatible; Googlebot/2.1; +http://www.google.com/bot.html)"
66.225.221.50 - - [25/Jun/2026:13:32:27 -0400] "POST /wp-cron.php?doing_wp_cron=1782408747.3346519470214843750000 HTTP/1.1" 200 0 "-" "WordPress/6.6.5; https://alcanciasporkispig.com"
72.14.201.211 - - [25/Jun/2026:13:46:19 -0400] "GET /index.php/producto/alcancia-it-el-payaso/ HTTP/2" 200 44546 "https://www.google.com/" "Mozilla/5.0 (Linux; Android 10; K) AppleWebKit/537.36 (KHTML, like Gecko) Chrome/149.0.0.0 Mobile Safari/537.36"
66.225.221.50 - - [25/Jun/2026:13:39:44 -0400] "POST /wp-cron.php?doing_wp_cron=1782409184.4362149238586425781250 HTTP/1.1" 200 0 "-" "WordPress/6.6.5; https://alcanciasporkispig.com"
66.225.221.50 - - [25/Jun/2026:13:46:21 -0400] "POST /wp-cron.php?doing_wp_cron=1782409581.4267458915710449218750 HTTP/1.1" 200 0 "-" "WordPress/6.6.5; https://alcanciasporkispig.com"
193.186.4.211 - - [25/Jun/2026:13:39:42 -0400] "GET /index.php/producto/alcancia-it-el-payaso/ HTTP/2" 200 44541 "https://www.google.com/" "Mozilla/5.0 (Linux; Android 10; K) AppleWebKit/537.36 (KHTML, like Gecko) Chrome/149.0.0.0 Mobile Safari/537.36"
43.161.233.190 - - [25/Jun/2026:13:53:20 -0400] "GET / HTTP/1.1" 301 0 "http://www.alcanciasporkispig.com" "Mozilla/5.0 (iPhone; CPU iPhone OS 13_2_3 like Mac OS X) AppleWebKit/605.1.15 (KHTML, like Gecko) Version/13.0.3 Mobile/15E148 Safari/604.1"
43.161.233.190 - - [25/Jun/2026:13:53:24 -0400] "GET / HTTP/1.1" 200 83586 "https://www.alcanciasporkispig.com/" "Mozilla/5.0 (iPhone; CPU iPhone OS 13_2_3 like Mac OS X) AppleWebKit/605.1.15 (KHTML, like Gecko) Version/13.0.3 Mobile/15E148 Safari/604.1"
45.133.112.181 - - [25/Jun/2026:13:57:23 -0400] "HEAD /?wp_set_current_user=2&_=1782410241839093700 HTTP/1.1" 200 0 "-" "Mozilla/5.0 (Windows NT 10.0; Win64; x64) AppleWebKit/537.36 (KHTML, like Gecko) Chrome/120.0.0.0 Safari/537.36"
216.73.216.44 - - [25/Jun/2026:13:59:21 -0400] "GET /index.php/productos/ HTTP/2" 200 61533 "-" "Mozilla/5.0 AppleWebKit/537.36 (KHTML, like Gecko; compatible; ClaudeBot/1.0; +claudebot@anthropic.com)"
216.73.216.44 - - [25/Jun/2026:14:00:20 -0400] "GET /index.php/nosotros/ HTTP/2" 200 42395 "-" "Mozilla/5.0 AppleWebKit/537.36 (KHTML, like Gecko; compatible; ClaudeBot/1.0; +claudebot@anthropic.com)"
66.225.221.50 - - [25/Jun/2026:14:00:22 -0400] "POST /wp-cron.php?doing_wp_cron=1782410422.7509150505065917968750 HTTP/1.1" 200 0 "-" "WordPress/6.6.5; https://alcanciasporkispig.com"
66.225.221.50 - - [25/Jun/2026:14:05:41 -0400] "POST /wp-cron.php?doing_wp_cron=1782410741.4130449295043945312500 HTTP/1.1" 200 0 "-" "WordPress/6.6.5; https://alcanciasporkispig.com"
66.225.221.50 - - [25/Jun/2026:13:59:22 -0400] "POST /wp-cron.php?doing_wp_cron=1782410362.4732530117034912109375 HTTP/1.1" 200 0 "-" "WordPress/6.6.5; https://alcanciasporkispig.com"
66.225.221.50 - - [25/Jun/2026:13:57:24 -0400] "POST /wp-cron.php?doing_wp_cron=1782410244.9219388961791992187500 HTTP/1.1" 200 0 "-" "WordPress/6.6.5; https://alcanciasporkispig.com"
216.73.216.216 - - [25/Jun/2026:14:05:39 -0400] "GET /index.php/comments/feed/ HTTP/2" 200 885 "-" "Mozilla/5.0 AppleWebKit/537.36 (KHTML, like Gecko; compatible; ClaudeBot/1.0; +claudebot@anthropic.com)"
17.241.227.245 - - [25/Jun/2026:14:20:40 -0400] "GET /robots.txt HTTP/2" 301 0 "-" "Mozilla/5.0 (Macintosh; Intel Mac OS X 10_15_7) AppleWebKit/605.1.15 (KHTML, like Gecko) Version/17.4 Safari/605.1.15 (Applebot/0.1; +http://www.apple.com/go/applebot)"
66.225.221.50 - - [25/Jun/2026:14:21:10 -0400] "POST /wp-cron.php?doing_wp_cron=1782411670.1393001079559326171875 HTTP/1.1" 200 0 "-" "WordPress/6.6.5; https://alcanciasporkispig.com"
40.77.167.21 - - [25/Jun/2026:14:21:10 -0400] "GET /index.php/producto/alcancia-angry-birds HTTP/2" 301 0 "-" "Mozilla/5.0 AppleWebKit/537.36 (KHTML, like Gecko; compatible; bingbot/2.0; +http://www.bing.com/bingbot.htm) Chrome/116.0.1938.76 Safari/537.36"
40.77.167.21 - - [25/Jun/2026:14:21:14 -0400] "GET /index.php/producto/alcancia-angry-birds/ HTTP/2" 200 45605 "-" "Mozilla/5.0 AppleWebKit/537.36 (KHTML, like Gecko; compatible; bingbot/2.0; +http://www.bing.com/bingbot.htm) Chrome/116.0.1938.76 Safari/537.36"
173.252.70.2 - - [25/Jun/2026:14:21:07 -0400] "GET /robots.txt HTTP/2" 200 190 "-" "facebookexternalhit/1.1 (+http://www.facebook.com/externalhit_uatext.php)"
17.241.227.228 - - [25/Jun/2026:14:20:42 -0400] "GET /robots.txt HTTP/2" 200 139 "-" "Mozilla/5.0 (Macintosh; Intel Mac OS X 10_15_7) AppleWebKit/605.1.15 (KHTML, like Gecko) Version/17.4 Safari/605.1.15 (Applebot/0.1; +http://www.apple.com/go/applebot)"
148.113.130.173 - - [25/Jun/2026:14:28:29 -0400] "GET /index.php/contacto/ HTTP/2" 200 40778 "-" "Mozilla/5.0 (compatible; AhrefsBot/7.0; +http://ahrefs.com/robot/)"
66.225.221.50 - - [25/Jun/2026:14:28:27 -0400] "POST /wp-cron.php?doing_wp_cron=1782412107.9230740070343017578125 HTTP/1.1" 200 0 "-" "WordPress/6.6.5; https://alcanciasporkispig.com"
54.37.118.77 - - [25/Jun/2026:14:28:26 -0400] "GET /robots.txt HTTP/2" 200 118 "-" "Mozilla/5.0 (compatible; AhrefsBot/7.0; +http://ahrefs.com/robot/)"
216.73.217.112 - - [25/Jun/2026:14:48:53 -0400] "GET /index.php/porkis-pig-eventos/ HTTP/2" 200 37673 "-" "Mozilla/5.0 AppleWebKit/537.36 (KHTML, like Gecko; compatible; ClaudeBot/1.0; +claudebot@anthropic.com)"
216.73.216.136 - - [25/Jun/2026:14:50:15 -0400] "GET /index.php/wp-json/oembed/1.0/embed?format=xml&url=https%3A%2F%2Falcanciasporkispig.com%2Findex.php%2Fnosotros%2F HTTP/2" 200 1128 "-" "Mozilla/5.0 AppleWebKit/537.36 (KHTML, like Gecko; compatible; ClaudeBot/1.0; +claudebot@anthropic.com)"
216.73.217.112 - - [25/Jun/2026:14:52:51 -0400] "GET /index.php/producto/alcancia-anna/ HTTP/2" 200 45004 "-" "Mozilla/5.0 AppleWebKit/537.36 (KHTML, like Gecko; compatible; ClaudeBot/1.0; +claudebot@anthropic.com)"
216.73.217.112 - - [25/Jun/2026:14:55:19 -0400] "GET /index.php/productos/?product-page=4 HTTP/2" 200 61583 "-" "Mozilla/5.0 AppleWebKit/537.36 (KHTML, like Gecko; compatible; ClaudeBot/1.0; +claudebot@anthropic.com)"
216.73.217.23 - - [25/Jun/2026:14:56:33 -0400] "GET /index.php/productos/?product-page=9 HTTP/2" 200 61208 "-" "Mozilla/5.0 AppleWebKit/537.36 (KHTML, like Gecko; compatible; ClaudeBot/1.0; +claudebot@anthropic.com)"
216.73.217.23 - - [25/Jun/2026:14:58:28 -0400] "GET /index.php/producto/alcancia-capitan-america/ HTTP/2" 200 44908 "-" "Mozilla/5.0 AppleWebKit/537.36 (KHTML, like Gecko; compatible; ClaudeBot/1.0; +claudebot@anthropic.com)"
66.225.221.50 - - [25/Jun/2026:14:46:42 -0400] "POST /wp-cron.php?doing_wp_cron=1782413202.6257619857788085937500 HTTP/1.1" 200 0 "-" "WordPress/6.6.5; https://alcanciasporkispig.com"
216.73.217.112 - - [25/Jun/2026:14:46:41 -0400] "GET /robots.txt HTTP/2" 200 118 "-" "Mozilla/5.0 AppleWebKit/537.36 (KHTML, like Gecko; compatible; ClaudeBot/1.0; +claudebot@anthropic.com)"
216.73.217.112 - - [25/Jun/2026:14:46:43 -0400] "GET /index.php/wp-json/ HTTP/2" 200 67245 "-" "Mozilla/5.0 AppleWebKit/537.36 (KHTML, like Gecko; compatible; ClaudeBot/1.0; +claudebot@anthropic.com)"
216.73.217.112 - - [25/Jun/2026:14:46:44 -0400] "GET /index.php/comments/feed/ HTTP/2" 200 885 "-" "Mozilla/5.0 AppleWebKit/537.36 (KHTML, like Gecko; compatible; ClaudeBot/1.0; +claudebot@anthropic.com)"
66.225.221.50 - - [25/Jun/2026:14:48:14 -0400] "POST /wp-cron.php?doing_wp_cron=1782413294.6772620677947998046875 HTTP/1.1" 200 0 "-" "WordPress/6.6.5; https://alcanciasporkispig.com"
216.73.217.112 - - [25/Jun/2026:14:52:13 -0400] "GET /index.php/wp-json/oembed/1.0/embed?format=xml&url=https%3A%2F%2Falcanciasporkispig.com%2Findex.php%2Fporkis-pig-eventos%2F HTTP/2" 200 1145 "-" "Mozilla/5.0 AppleWebKit/537.36 (KHTML, like Gecko; compatible; ClaudeBot/1.0; +claudebot@anthropic.com)"
66.225.221.50 - - [25/Jun/2026:14:55:21 -0400] "POST /wp-cron.php?doing_wp_cron=1782413721.2883601188659667968750 HTTP/1.1" 200 0 "-" "WordPress/6.6.5; https://alcanciasporkispig.com"
216.73.217.106 - - [25/Jun/2026:14:56:09 -0400] "GET /index.php/producto/alcancia-alegria/ HTTP/2" 200 44846 "-" "Mozilla/5.0 AppleWebKit/537.36 (KHTML, like Gecko; compatible; ClaudeBot/1.0; +claudebot@anthropic.com)"
66.225.221.50 - - [25/Jun/2026:14:59:25 -0400] "POST /wp-cron.php?doing_wp_cron=1782413965.8935708999633789062500 HTTP/1.1" 200 0 "-" "WordPress/6.6.5; https://alcanciasporkispig.com"
216.73.217.112 - - [25/Jun/2026:14:59:24 -0400] "GET /index.php/wp-json/wp/v2/pages/75 HTTP/2" 200 7153 "-" "Mozilla/5.0 AppleWebKit/537.36 (KHTML, like Gecko; compatible; ClaudeBot/1.0; +claudebot@anthropic.com)"
66.225.221.50 - - [25/Jun/2026:14:49:14 -0400] "POST /wp-cron.php?doing_wp_cron=1782413354.5841100215911865234375 HTTP/1.1" 200 0 "-" "WordPress/6.6.5; https://alcanciasporkispig.com"
216.73.217.112 - - [25/Jun/2026:14:53:17 -0400] "GET /index.php/productos/?product-page=3 HTTP/2" 200 61472 "-" "Mozilla/5.0 AppleWebKit/537.36 (KHTML, like Gecko; compatible; ClaudeBot/1.0; +claudebot@anthropic.com)"
216.73.217.112 - - [25/Jun/2026:14:55:51 -0400] "GET /index.php/productos/?product-page=7 HTTP/2" 200 61449 "-" "Mozilla/5.0 AppleWebKit/537.36 (KHTML, like Gecko; compatible; ClaudeBot/1.0; +claudebot@anthropic.com)"
66.225.221.50 - - [25/Jun/2026:14:56:11 -0400] "POST /wp-cron.php?doing_wp_cron=1782413771.5573399066925048828125 HTTP/1.1" 200 0 "-" "WordPress/6.6.5; https://alcanciasporkispig.com"
66.225.221.50 - - [25/Jun/2026:14:58:30 -0400] "POST /wp-cron.php?doing_wp_cron=1782413910.4782040119171142578125 HTTP/1.1" 200 0 "-" "WordPress/6.6.5; https://alcanciasporkispig.com"
216.73.217.112 - - [25/Jun/2026:14:47:19 -0400] "GET /index.php/nosotros/ HTTP/2" 200 42396 "-" "Mozilla/5.0 AppleWebKit/537.36 (KHTML, like Gecko; compatible; ClaudeBot/1.0; +claudebot@anthropic.com)"
216.73.217.112 - - [25/Jun/2026:14:47:19 -0400] "GET /index.php/productos/ HTTP/2" 200 61533 "-" "Mozilla/5.0 AppleWebKit/537.36 (KHTML, like Gecko; compatible; ClaudeBot/1.0; +claudebot@anthropic.com)"
216.73.217.112 - - [25/Jun/2026:14:47:28 -0400] "GET /?p=93 HTTP/2" 301 0 "-" "Mozilla/5.0 AppleWebKit/537.36 (KHTML, like Gecko; compatible; ClaudeBot/1.0; +claudebot@anthropic.com)"
216.73.217.112 - - [25/Jun/2026:14:47:28 -0400] "GET /?p=77 HTTP/2" 301 0 "-" "Mozilla/5.0 AppleWebKit/537.36 (KHTML, like Gecko; compatible; ClaudeBot/1.0; +claudebot@anthropic.com)"
216.73.217.112 - - [25/Jun/2026:14:47:29 -0400] "GET /index.php/porkis-pig-eventos/ HTTP/2" 200 37673 "https://alcanciasporkispig.com/?p=93" "Mozilla/5.0 AppleWebKit/537.36 (KHTML, like Gecko; compatible; ClaudeBot/1.0; +claudebot@anthropic.com)"
216.73.217.112 - - [25/Jun/2026:14:47:30 -0400] "GET /index.php/nosotros/ HTTP/2" 200 42396 "https://alcanciasporkispig.com/?p=77" "Mozilla/5.0 AppleWebKit/537.36 (KHTML, like Gecko; compatible; ClaudeBot/1.0; +claudebot@anthropic.com)"
216.73.216.216 - - [25/Jun/2026:14:49:56 -0400] "GET /index.php/wp-json/oembed/1.0/embed?url=https%3A%2F%2Falcanciasporkispig.com%2Findex.php%2Ftienda%2F HTTP/2" 404 70 "-" "Mozilla/5.0 AppleWebKit/537.36 (KHTML, like Gecko; compatible; ClaudeBot/1.0; +claudebot@anthropic.com)"
66.225.221.50 - - [25/Jun/2026:14:50:17 -0400] "POST /wp-cron.php?doing_wp_cron=1782413417.2259309291839599609375 HTTP/1.1" 200 0 "-" "WordPress/6.6.5; https://alcanciasporkispig.com"
66.225.221.50 - - [25/Jun/2026:14:52:15 -0400] "POST /wp-cron.php?doing_wp_cron=1782413535.0903460979461669921875 HTTP/1.1" 200 0 "-" "WordPress/6.6.5; https://alcanciasporkispig.com"
216.73.217.23 - - [25/Jun/2026:14:56:17 -0400] "GET /index.php/productos/?product-page=8 HTTP/2" 200 61531 "-" "Mozilla/5.0 AppleWebKit/537.36 (KHTML, like Gecko; compatible; ClaudeBot/1.0; +claudebot@anthropic.com)"
216.73.217.23 - - [25/Jun/2026:14:57:06 -0400] "GET /index.php/producto/alcancia-angry-birds/ HTTP/2" 200 45606 "-" "Mozilla/5.0 AppleWebKit/537.36 (KHTML, like Gecko; compatible; ClaudeBot/1.0; +claudebot@anthropic.com)"
216.73.217.112 - - [25/Jun/2026:14:47:41 -0400] "GET /?p=329 HTTP/2" 301 0 "-" "Mozilla/5.0 AppleWebKit/537.36 (KHTML, like Gecko; compatible; ClaudeBot/1.0; +claudebot@anthropic.com)"
216.73.217.112 - - [25/Jun/2026:14:47:41 -0400] "GET /index.php/wp-json/wp/v2/pages/77 HTTP/2" 200 5541 "-" "Mozilla/5.0 AppleWebKit/537.36 (KHTML, like Gecko; compatible; ClaudeBot/1.0; +claudebot@anthropic.com)"
216.73.217.112 - - [25/Jun/2026:14:47:43 -0400] "GET /index.php/productos/ HTTP/2" 200 61531 "https://alcanciasporkispig.com/?p=329" "Mozilla/5.0 AppleWebKit/537.36 (KHTML, like Gecko; compatible; ClaudeBot/1.0; +claudebot@anthropic.com)"
216.73.217.112 - - [25/Jun/2026:14:49:27 -0400] "GET /index.php/wp-json/oembed/1.0/embed?url=https%3A%2F%2Falcanciasporkispig.com%2Findex.php%2Fnosotros%2F HTTP/2" 200 1077 "-" "Mozilla/5.0 AppleWebKit/537.36 (KHTML, like Gecko; compatible; ClaudeBot/1.0; +claudebot@anthropic.com)"
216.73.216.136 - - [25/Jun/2026:14:50:52 -0400] "GET /index.php/wp-json/oembed/1.0/embed?url=https%3A%2F%2Falcanciasporkispig.com%2Findex.php%2Fporkis-pig-eventos%2F HTTP/2" 200 1095 "-" "Mozilla/5.0 AppleWebKit/537.36 (KHTML, like Gecko; compatible; ClaudeBot/1.0; +claudebot@anthropic.com)"
216.73.217.112 - - [25/Jun/2026:14:52:24 -0400] "GET /index.php/producto/alcancia-batman/ HTTP/2" 200 44786 "-" "Mozilla/5.0 AppleWebKit/537.36 (KHTML, like Gecko; compatible; ClaudeBot/1.0; +claudebot@anthropic.com)"
216.73.217.23 - - [25/Jun/2026:14:58:45 -0400] "GET /robots.txt HTTP/2" 200 118 "https://www.alcanciasporkispig.com/robots.txt" "Mozilla/5.0 AppleWebKit/537.36 (KHTML, like Gecko; compatible; ClaudeBot/1.0; +claudebot@anthropic.com)"
216.73.217.23 - - [25/Jun/2026:14:58:50 -0400] "GET / HTTP/2" 200 70788 "https://www.alcanciasporkispig.com/" "Mozilla/5.0 AppleWebKit/537.36 (KHTML, like Gecko; compatible; ClaudeBot/1.0; +claudebot@anthropic.com)"
66.225.221.50 - - [25/Jun/2026:14:44:05 -0400] "POST /wp-cron.php?doing_wp_cron=1782413045.7864079475402832031250 HTTP/1.1" 200 0 "-" "WordPress/6.6.5; https://alcanciasporkispig.com"
216.73.217.112 - - [25/Jun/2026:14:48:13 -0400] "GET /index.php/wp-json/wp/v2/pages/93 HTTP/2" 200 3040 "-" "Mozilla/5.0 AppleWebKit/537.36 (KHTML, like Gecko; compatible; ClaudeBot/1.0; +claudebot@anthropic.com)"
216.73.217.112 - - [25/Jun/2026:14:48:13 -0400] "GET /index.php/wp-json/wp/v2/pages/329 HTTP/2" 200 4373 "-" "Mozilla/5.0 AppleWebKit/537.36 (KHTML, like Gecko; compatible; ClaudeBot/1.0; +claudebot@anthropic.com)"
216.73.217.112 - - [25/Jun/2026:14:49:12 -0400] "GET /index.php/wp-json/oembed/1.0/embed?url=https%3A%2F%2Falcanciasporkispig.com%2Findex.php%2Fproductos%2F HTTP/2" 200 1077 "-" "Mozilla/5.0 AppleWebKit/537.36 (KHTML, like Gecko; compatible; ClaudeBot/1.0; +claudebot@anthropic.com)"
66.225.221.50 - - [25/Jun/2026:14:53:05 -0400] "POST /wp-cron.php?doing_wp_cron=1782413585.8703739643096923828125 HTTP/1.1" 200 0 "-" "WordPress/6.6.5; https://alcanciasporkispig.com"
142.44.225.151 - - [25/Jun/2026:14:44:04 -0400] "GET /index.php/etiqueta-producto/halloween/ HTTP/2" 200 64252 "-" "Mozilla/5.0 (compatible; AhrefsBot/7.0; +http://ahrefs.com/robot/)"
66.225.221.50 - - [25/Jun/2026:14:47:20 -0400] "POST /wp-cron.php?doing_wp_cron=1782413240.5212740898132324218750 HTTP/1.1" 200 0 "-" "WordPress/6.6.5; https://alcanciasporkispig.com"
216.73.217.112 - - [25/Jun/2026:14:53:04 -0400] "GET /index.php/productos/?product-page=2 HTTP/2" 200 61531 "-" "Mozilla/5.0 AppleWebKit/537.36 (KHTML, like Gecko; compatible; ClaudeBot/1.0; +claudebot@anthropic.com)"
66.225.221.50 - - [25/Jun/2026:14:57:07 -0400] "POST /wp-cron.php?doing_wp_cron=1782413827.9131159782409667968750 HTTP/1.1" 200 0 "-" "WordPress/6.6.5; https://alcanciasporkispig.com"
216.73.217.23 - - [25/Jun/2026:14:58:43 -0400] "GET /robots.txt HTTP/2" 301 0 "http://www.alcanciasporkispig.com/robots.txt" "Mozilla/5.0 AppleWebKit/537.36 (KHTML, like Gecko; compatible; ClaudeBot/1.0; +claudebot@anthropic.com)"
216.73.217.23 - - [25/Jun/2026:14:58:48 -0400] "GET / HTTP/2" 301 0 "http://www.alcanciasporkispig.com/" "Mozilla/5.0 AppleWebKit/537.36 (KHTML, like Gecko; compatible; ClaudeBot/1.0; +claudebot@anthropic.com)"
116.179.37.142 - - [25/Jun/2026:15:04:31 -0400] "GET /wp-content/plugins/woocommerce/assets/js/frontend/add-to-cart-variation.min.js?ver=9.1.6 HTTP/1.1" 200 3705 "https://alcanciasporkispig.com/index.php/producto/alcancia-bombon/" "Mozilla/5.0 (compatible; Baiduspider-render/2.0; +http://www.baidu.com/search/spider.html)"
66.225.221.50 - - [25/Jun/2026:15:05:22 -0400] "POST /wp-cron.php?doing_wp_cron=1782414322.8355889320373535156250 HTTP/1.1" 200 0 "-" "WordPress/6.6.5; https://alcanciasporkispig.com"
222.176.201.204 - - [25/Jun/2026:15:05:32 -0400] "GET / HTTP/1.1" 200 83505 "-" "Mozilla/4.038533357 Mozilla/4.0 (compatible; MSIE 7.0; Windows NT 5.1) QQBrowser/6.0"
66.225.221.50 - - [25/Jun/2026:15:09:03 -0400] "POST /wp-cron.php?doing_wp_cron=1782414543.6323709487915039062500 HTTP/1.1" 200 0 "-" "WordPress/6.6.5; https://alcanciasporkispig.com"
116.179.33.12 - - [25/Jun/2026:15:04:33 -0400] "POST /?wc-ajax=get_refreshed_fragments HTTP/1.1" 200 165 "https://alcanciasporkispig.com/index.php/etiqueta-producto/personalizadas/page/11/" "Mozilla/5.0 (Windows NT 10.0; Win64; x64) AppleWebKit/537.36 (KHTML, like Gecko) Chrome/99.0.4844.51 Safari/537.36"
47.128.47.56 - - [25/Jun/2026:15:07:50 -0400] "GET /robots.txt HTTP/1.1" 403 5000 "-" "Mozilla/5.0 (Linux; Android 5.0) AppleWebKit/537.36 (KHTML, like Gecko) Mobile Safari/537.36 (compatible; Bytespider; spider-feedback@bytedance.com)"
66.225.221.50 - - [25/Jun/2026:15:04:25 -0400] "POST /wp-cron.php?doing_wp_cron=1782414265.4600920677185058593750 HTTP/1.1" 200 0 "-" "WordPress/6.6.5; https://alcanciasporkispig.com"
66.225.221.50 - - [25/Jun/2026:15:04:25 -0400] "POST /wp-cron.php?doing_wp_cron=1782414265.4607191085815429687500 HTTP/1.1" 200 0 "-" "WordPress/6.6.5; https://alcanciasporkispig.com"
116.179.37.50 - - [25/Jun/2026:15:04:31 -0400] "GET /wp-content/et-cache/465/et-divi-dynamic-tb-2105-tb-1826-465.css?ver=1776827443 HTTP/1.1" 200 3276 "https://alcanciasporkispig.com/index.php/producto/alcancia-bombon/" "Mozilla/5.0 (compatible; Baiduspider-render/2.0; +http://www.baidu.com/search/spider.html)"
171.36.7.60 - - [25/Jun/2026:15:05:22 -0400] "GET /sites/favicon.ico HTTP/1.1" 404 18167 "-" "Mozilla/4.054101423 Mozilla/4.0 (compatible; MSIE 9.0; Windows NT 6.1)"
220.181.51.92 - - [25/Jun/2026:15:04:23 -0400] "GET /index.php/etiqueta-producto/personalizadas/page/11/ HTTP/2" 200 77092 "-" "Mozilla/5.0 (Windows NT 10.0; WOW64) AppleWebKit/537.36 (KHTML, like Gecko) Chrome/48.0.2564.116 Safari/537.36"
116.179.37.182 - - [25/Jun/2026:15:04:31 -0400] "GET /wp-includes/js/comment-reply.min.js?ver=6.6.5 HTTP/1.1" 200 1349 "https://alcanciasporkispig.com/index.php/producto/alcancia-bombon/" "Mozilla/5.0 (compatible; Baiduspider-render/2.0; +http://www.baidu.com/search/spider.html)"
60.13.6.19 - - [25/Jun/2026:15:05:30 -0400] "GET /sites/favicon.png HTTP/1.1" 404 18167 "-" "Mozilla/4.049897920 Mozilla/4.0 (compatible; MSIE 6.0; Windows NT 5.1; SV1; .NET CLR 2.0.50727; .NET CLR 3.0.04506.648; .NET CLR 3.5.21022; .NET CLR 3.0.4506.2152; .NET CLR 3.5.30729)"
216.73.216.61 - - [25/Jun/2026:15:09:03 -0400] "GET /index.php/wp-json/oembed/1.0/embed?format=xml&url=https%3A%2F%2Falcanciasporkispig.com%2F HTTP/2" 200 1124 "-" "Mozilla/5.0 AppleWebKit/537.36 (KHTML, like Gecko; compatible; ClaudeBot/1.0; +claudebot@anthropic.com)"
116.179.32.73 - - [25/Jun/2026:15:04:22 -0400] "GET /index.php/producto/alcancia-bombon/ HTTP/2" 200 54460 "-" "Mozilla/5.0 (compatible; Baiduspider/2.0; +http://www.baidu.com/search/spider.html)"
116.179.37.125 - - [25/Jun/2026:15:04:31 -0400] "GET /wp-content/uploads/2018/06/BOMBON..jpg HTTP/1.1" 200 79764 "https://alcanciasporkispig.com/index.php/producto/alcancia-bombon/" "Mozilla/5.0 (compatible; Baiduspider-render/2.0; +http://www.baidu.com/search/spider.html)"
116.179.37.203 - - [25/Jun/2026:15:04:31 -0400] "GET /wp-includes/js/underscore.min.js?ver=1.13.4 HTTP/1.1" 200 7331 "https://alcanciasporkispig.com/index.php/producto/alcancia-bombon/" "Mozilla/5.0 (compatible; Baiduspider-render/2.0; +http://www.baidu.com/search/spider.html)"
116.179.37.246 - - [25/Jun/2026:15:04:31 -0400] "GET /wp-includes/js/wp-util.min.js?ver=6.6.5 HTTP/1.1" 200 757 "https://alcanciasporkispig.com/index.php/producto/alcancia-bombon/" "Mozilla/5.0 (compatible; Baiduspider-render/2.0; +http://www.baidu.com/search/spider.html)"
216.73.216.64 - - [25/Jun/2026:15:11:37 -0400] "GET /index.php/wp-json/oembed/1.0/embed?url=https%3A%2F%2Falcanciasporkispig.com%2F HTTP/2" 200 1074 "-" "Mozilla/5.0 AppleWebKit/537.36 (KHTML, like Gecko; compatible; ClaudeBot/1.0; +claudebot@anthropic.com)"
216.73.216.64 - - [25/Jun/2026:15:15:06 -0400] "GET /index.php/sitemap_index.xml HTTP/2" 200 312 "-" "Mozilla/5.0 AppleWebKit/537.36 (KHTML, like Gecko; compatible; ClaudeBot/1.0; +claudebot@anthropic.com)"
66.225.221.50 - - [25/Jun/2026:15:11:37 -0400] "POST /wp-cron.php?doing_wp_cron=1782414697.8068079948425292968750 HTTP/1.1" 200 0 "-" "WordPress/6.6.5; https://alcanciasporkispig.com"
66.225.221.50 - - [25/Jun/2026:15:15:07 -0400] "POST /wp-cron.php?doing_wp_cron=1782414907.5209610462188720703125 HTTP/1.1" 200 0 "-" "WordPress/6.6.5; https://alcanciasporkispig.com"
66.249.66.72 - - [25/Jun/2026:15:31:35 -0400] "GET /index.php/producto/alcancia-unicornio/ HTTP/1.1" 200 45259 "-" "Mozilla/5.0 (Linux; Android 6.0.1; Nexus 5X Build/MMB29P) AppleWebKit/537.36 (KHTML, like Gecko) Chrome/148.0.7778.96 Mobile Safari/537.36 (compatible; Googlebot/2.1; +http://www.google.com/bot.html)"
66.249.66.72 - - [25/Jun/2026:15:31:40 -0400] "GET /wp-content/plugins/menu-icons/vendor/codeinwp/icon-picker/css/types/foundation-icons.min.css?ver=3.0 HTTP/1.1" 200 3178 "https://alcanciasporkispig.com/index.php/producto/alcancia-unicornio/" "Mozilla/5.0 (Linux; Android 6.0.1; Nexus 5X Build/MMB29P) AppleWebKit/537.36 (KHTML, like Gecko) Chrome/148.0.7778.96 Mobile Safari/537.36 (compatible; Googlebot/2.1; +http://www.google.com/bot.html)"
66.249.66.72 - - [25/Jun/2026:15:31:40 -0400] "GET /wp-content/plugins/menu-icons/css/fontawesome/css/all.min.css?ver=5.15.4 HTTP/1.1" 200 19997 "https://alcanciasporkispig.com/index.php/producto/alcancia-unicornio/" "Mozilla/5.0 (Linux; Android 6.0.1; Nexus 5X Build/MMB29P) AppleWebKit/537.36 (KHTML, like Gecko) Chrome/148.0.7778.96 Mobile Safari/537.36 (compatible; Googlebot/2.1; +http://www.google.com/bot.html)"
66.249.66.72 - - [25/Jun/2026:15:31:40 -0400] "GET /wp-content/et-cache/956/et-divi-dynamic-tb-2105-tb-1826-956.css?ver=1776694864 HTTP/1.1" 200 3001 "https://alcanciasporkispig.com/index.php/producto/alcancia-unicornio/" "Mozilla/5.0 (Linux; Android 6.0.1; Nexus 5X Build/MMB29P) AppleWebKit/537.36 (KHTML, like Gecko) Chrome/148.0.7778.96 Mobile Safari/537.36 (compatible; Googlebot/2.1; +http://www.google.com/bot.html)"
66.249.66.72 - - [25/Jun/2026:15:31:41 -0400] "GET /wp-content/plugins/woocommerce/assets/client/blocks/wc-blocks.css?ver=wc-9.1.6 HTTP/1.1" 200 2339 "https://alcanciasporkispig.com/index.php/producto/alcancia-unicornio/" "Mozilla/5.0 (Linux; Android 6.0.1; Nexus 5X Build/MMB29P) AppleWebKit/537.36 (KHTML, like Gecko) Chrome/148.0.7778.96 Mobile Safari/537.36 (compatible; Googlebot/2.1; +http://www.google.com/bot.html)"
66.249.66.72 - - [25/Jun/2026:15:31:41 -0400] "GET /wp-content/plugins/dg-divi-carousel/scripts/frontend-bundle.min.js?ver=2.0.23 HTTP/1.1" 200 2862 "https://alcanciasporkispig.com/index.php/producto/alcancia-unicornio/" "Mozilla/5.0 (Linux; Android 6.0.1; Nexus 5X Build/MMB29P) AppleWebKit/537.36 (KHTML, like Gecko) Chrome/148.0.7778.96 Mobile Safari/537.36 (compatible; Googlebot/2.1; +http://www.google.com/bot.html)"
66.249.66.72 - - [25/Jun/2026:15:31:42 -0400] "GET /wp-content/plugins/woocommerce/assets/js/frontend/single-product.min.js?ver=9.1.6 HTTP/1.1" 200 1746 "https://alcanciasporkispig.com/index.php/producto/alcancia-unicornio/" "Mozilla/5.0 (Linux; Android 6.0.1; Nexus 5X Build/MMB29P) AppleWebKit/537.36 (KHTML, like Gecko) Chrome/148.0.7778.96 Mobile Safari/537.36 (compatible; Googlebot/2.1; +http://www.google.com/bot.html)"
66.249.66.72 - - [25/Jun/2026:15:31:42 -0400] "GET /wp-content/plugins/woocommerce/assets/js/frontend/add-to-cart-variation.min.js?ver=9.1.6 HTTP/1.1" 200 3479 "https://alcanciasporkispig.com/index.php/producto/alcancia-unicornio/" "Mozilla/5.0 (Linux; Android 6.0.1; Nexus 5X Build/MMB29P) AppleWebKit/537.36 (KHTML, like Gecko) Chrome/148.0.7778.96 Mobile Safari/537.36 (compatible; Googlebot/2.1; +http://www.google.com/bot.html)"
66.249.66.72 - - [25/Jun/2026:15:31:42 -0400] "GET /wp-content/plugins/woocommerce/assets/js/photoswipe/photoswipe.min.js?ver=4.1.1-wc.9.1.6 HTTP/1.1" 200 11652 "https://alcanciasporkispig.com/index.php/producto/alcancia-unicornio/" "Mozilla/5.0 (Linux; Android 6.0.1; Nexus 5X Build/MMB29P) AppleWebKit/537.36 (KHTML, like Gecko) Chrome/148.0.7778.96 Mobile Safari/537.36 (compatible; Googlebot/2.1; +http://www.google.com/bot.html)"
66.225.221.50 - - [25/Jun/2026:15:31:37 -0400] "POST /wp-cron.php?doing_wp_cron=1782415897.4151859283447265625000 HTTP/1.1" 200 0 "-" "WordPress/6.6.5; https://alcanciasporkispig.com"
66.249.66.73 - - [25/Jun/2026:15:31:40 -0400] "GET /wp-content/plugins/woocommerce/assets/css/woocommerce-smallscreen.css?ver=9.1.6 HTTP/1.1" 200 1065 "https://alcanciasporkispig.com/index.php/producto/alcancia-unicornio/" "Mozilla/5.0 (Linux; Android 6.0.1; Nexus 5X Build/MMB29P) AppleWebKit/537.36 (KHTML, like Gecko) Chrome/148.0.7778.96 Mobile Safari/537.36 (compatible; Googlebot/2.1; +http://www.google.com/bot.html)"
66.249.66.73 - - [25/Jun/2026:15:31:40 -0400] "GET /wp-content/plugins/woocommerce/assets/css/photoswipe/default-skin/default-skin.min.css?ver=9.1.6 HTTP/1.1" 200 1728 "https://alcanciasporkispig.com/index.php/producto/alcancia-unicornio/" "Mozilla/5.0 (Linux; Android 6.0.1; Nexus 5X Build/MMB29P) AppleWebKit/537.36 (KHTML, like Gecko) Chrome/148.0.7778.96 Mobile Safari/537.36 (compatible; Googlebot/2.1; +http://www.google.com/bot.html)"
66.249.66.73 - - [25/Jun/2026:15:31:40 -0400] "GET /wp-content/plugins/menu-icons/vendor/codeinwp/icon-picker/css/types/genericons.min.css?ver=3.4 HTTP/1.1" 200 15781 "https://alcanciasporkispig.com/index.php/producto/alcancia-unicornio/" "Mozilla/5.0 (Linux; Android 6.0.1; Nexus 5X Build/MMB29P) AppleWebKit/537.36 (KHTML, like Gecko) Chrome/148.0.7778.96 Mobile Safari/537.36 (compatible; Googlebot/2.1; +http://www.google.com/bot.html)"
66.249.66.73 - - [25/Jun/2026:15:31:41 -0400] "GET /wp-content/et-cache/global/et-divi-customizer-cpt-global.min.css?ver=1776672570 HTTP/1.1" 200 2281 "https://alcanciasporkispig.com/index.php/producto/alcancia-unicornio/" "Mozilla/5.0 (Linux; Android 6.0.1; Nexus 5X Build/MMB29P) AppleWebKit/537.36 (KHTML, like Gecko) Chrome/148.0.7778.96 Mobile Safari/537.36 (compatible; Googlebot/2.1; +http://www.google.com/bot.html)"
66.249.66.73 - - [25/Jun/2026:15:31:41 -0400] "GET /wp-content/plugins/yith-infinite-scrolling/assets/js/yith.infinitescroll.min.js?ver=1.25.0 HTTP/1.1" 200 656 "https://alcanciasporkispig.com/index.php/producto/alcancia-unicornio/" "Mozilla/5.0 (Linux; Android 6.0.1; Nexus 5X Build/MMB29P) AppleWebKit/537.36 (KHTML, like Gecko) Chrome/148.0.7778.96 Mobile Safari/537.36 (compatible; Googlebot/2.1; +http://www.google.com/bot.html)"
66.249.66.73 - - [25/Jun/2026:15:31:41 -0400] "GET /wp-includes/js/underscore.min.js?ver=1.13.4 HTTP/1.1" 200 7179 "https://alcanciasporkispig.com/index.php/producto/alcancia-unicornio/" "Mozilla/5.0 (Linux; Android 6.0.1; Nexus 5X Build/MMB29P) AppleWebKit/537.36 (KHTML, like Gecko) Chrome/148.0.7778.96 Mobile Safari/537.36 (compatible; Googlebot/2.1; +http://www.google.com/bot.html)"
66.225.221.50 - - [25/Jun/2026:15:20:14 -0400] "POST /wp-cron.php?doing_wp_cron=1782415214.1211290359497070312500 HTTP/1.1" 200 0 "-" "WordPress/6.6.5; https://alcanciasporkispig.com"
77.75.76.169 - - [25/Jun/2026:15:24:09 -0400] "GET /robots.txt HTTP/1.1" 200 139 "-" "Mozilla/5.0 (compatible; SeznamBot/4.0; +https://o-seznam.cz/napoveda/vyhledavani/en/seznambot-crawler/)"
142.44.220.163 - - [25/Jun/2026:15:24:53 -0400] "GET /index.php/producto/alcancia-my-little-pony-pinkie-pie/feed/ HTTP/2" 304 0 "-" "Mozilla/5.0 (compatible; AhrefsBot/7.0; +http://ahrefs.com/robot/)"
66.249.66.74 - - [25/Jun/2026:15:23:02 -0400] "GET /index.php/etiqueta-producto/personalizadas/page/5/ HTTP/1.1" 200 65156 "-" "Mozilla/5.0 (Linux; Android 6.0.1; Nexus 5X Build/MMB29P) AppleWebKit/537.36 (KHTML, like Gecko) Chrome/148.0.7778.96 Mobile Safari/537.36 (compatible; Googlebot/2.1; +http://www.google.com/bot.html)"
77.75.76.169 - - [25/Jun/2026:15:24:09 -0400] "GET /index.php/pagina-en-mantenimiento/ HTTP/1.1" 200 39522 "-" "Mozilla/5.0 (compatible; SeznamBot/4.0; +https://o-seznam.cz/napoveda/vyhledavani/en/seznambot-crawler/)"
66.249.66.72 - - [25/Jun/2026:15:31:40 -0400] "GET /wp-content/plugins/menu-icons/css/extra.min.css?ver=0.13.15 HTTP/1.1" 200 271 "https://alcanciasporkispig.com/index.php/producto/alcancia-unicornio/" "Mozilla/5.0 (Linux; Android 6.0.1; Nexus 5X Build/MMB29P) AppleWebKit/537.36 (KHTML, like Gecko) Chrome/148.0.7778.96 Mobile Safari/537.36 (compatible; Googlebot/2.1; +http://www.google.com/bot.html)"
34.162.43.179 - - [25/Jun/2026:15:18:36 -0400] "HEAD / HTTP/2" 301 0 "http://www.alcanciasporkispig.com/" "Mozilla/5.0 (X11; Linux x86_64; rv:127.0) Gecko/20100101 Firefox/127.0"
34.162.43.179 - - [25/Jun/2026:15:18:41 -0400] "HEAD /backup/ HTTP/2" 301 0 "http://www.alcanciasporkispig.com/backup/" "Mozilla/5.0 (X11; Linux x86_64) AppleWebKit/537.36 (KHTML, like Gecko) Chrome/125.0.6422.76 Safari/537.36"
34.162.43.179 - - [25/Jun/2026:15:18:46 -0400] "HEAD /wp/ HTTP/2" 301 0 "http://www.alcanciasporkispig.com/wp/" "Mozilla/5.0 (X11; Linux x86_64) AppleWebKit/537.36 (KHTML, like Gecko) Chrome/125.0.6422.76 Safari/537.36"
34.162.43.179 - - [25/Jun/2026:15:18:52 -0400] "HEAD /blog/ HTTP/2" 301 0 "http://www.alcanciasporkispig.com/blog/" "Mozilla/5.0 (X11; Linux x86_64) AppleWebKit/537.36 (KHTML, like Gecko) Chrome/125.0.6422.76 Safari/537.36"
34.162.43.179 - - [25/Jun/2026:15:18:58 -0400] "HEAD /new/ HTTP/2" 301 0 "http://www.alcanciasporkispig.com/new/" "Mozilla/5.0 (Windows NT 10.0; Win64; x64) AppleWebKit/537.36 (KHTML, like Gecko) Chrome/126.0.6478.70 Safari/537.36 Vivaldi/6.7.3200.25"
34.162.43.179 - - [25/Jun/2026:15:19:04 -0400] "HEAD /wordpress/ HTTP/2" 301 0 "http://www.alcanciasporkispig.com/wordpress/" "Mozilla/5.0 (Windows NT 10.0; Win64; x64) AppleWebKit/537.36 (KHTML, like Gecko) Chrome/126.0.6478.70 Safari/537.36 Vivaldi/6.7.3200.25"
34.162.43.179 - - [25/Jun/2026:15:19:09 -0400] "HEAD /old/ HTTP/2" 301 0 "http://www.alcanciasporkispig.com/old/" "Mozilla/5.0 (Windows NT 10.0; Win64; x64) AppleWebKit/537.36 (KHTML, like Gecko) Chrome/125.0.6422.112 Safari/537.36 Brave/1.63.120"
66.225.221.50 - - [25/Jun/2026:15:24:11 -0400] "POST /wp-cron.php?doing_wp_cron=1782415451.4422299861907958984375 HTTP/1.1" 200 0 "-" "WordPress/6.6.5; https://alcanciasporkispig.com"
66.249.66.72 - - [25/Jun/2026:15:31:42 -0400] "GET /wp-includes/js/comment-reply.min.js?ver=6.6.5 HTTP/1.1" 200 1228 "https://alcanciasporkispig.com/index.php/producto/alcancia-unicornio/" "Mozilla/5.0 (Linux; Android 6.0.1; Nexus 5X Build/MMB29P) AppleWebKit/537.36 (KHTML, like Gecko) Chrome/148.0.7778.96 Mobile Safari/537.36 (compatible; Googlebot/2.1; +http://www.google.com/bot.html)"
34.162.43.179 - - [25/Jun/2026:15:18:38 -0400] "HEAD / HTTP/2" 200 0 "https://www.alcanciasporkispig.com/" "Mozilla/5.0 (X11; Linux x86_64; rv:127.0) Gecko/20100101 Firefox/127.0"
34.162.43.179 - - [25/Jun/2026:15:18:43 -0400] "HEAD /backup/ HTTP/2" 404 0 "https://www.alcanciasporkispig.com/backup/" "Mozilla/5.0 (X11; Linux x86_64) AppleWebKit/537.36 (KHTML, like Gecko) Chrome/125.0.6422.76 Safari/537.36"
34.162.43.179 - - [25/Jun/2026:15:18:48 -0400] "HEAD /wp/ HTTP/2" 404 0 "https://www.alcanciasporkispig.com/wp/" "Mozilla/5.0 (X11; Linux x86_64) AppleWebKit/537.36 (KHTML, like Gecko) Chrome/125.0.6422.76 Safari/537.36"
34.162.43.179 - - [25/Jun/2026:15:18:54 -0400] "HEAD /blog/ HTTP/2" 404 0 "https://www.alcanciasporkispig.com/blog/" "Mozilla/5.0 (X11; Linux x86_64) AppleWebKit/537.36 (KHTML, like Gecko) Chrome/125.0.6422.76 Safari/537.36"
34.162.43.179 - - [25/Jun/2026:15:19:01 -0400] "HEAD /new/ HTTP/2" 404 0 "https://www.alcanciasporkispig.com/new/" "Mozilla/5.0 (Windows NT 10.0; Win64; x64) AppleWebKit/537.36 (KHTML, like Gecko) Chrome/126.0.6478.70 Safari/537.36 Vivaldi/6.7.3200.25"
34.162.43.179 - - [25/Jun/2026:15:19:05 -0400] "HEAD /wordpress/ HTTP/2" 404 0 "https://www.alcanciasporkispig.com/wordpress/" "Mozilla/5.0 (Windows NT 10.0; Win64; x64) AppleWebKit/537.36 (KHTML, like Gecko) Chrome/126.0.6478.70 Safari/537.36 Vivaldi/6.7.3200.25"
34.162.43.179 - - [25/Jun/2026:15:19:11 -0400] "HEAD /old/ HTTP/2" 404 0 "https://www.alcanciasporkispig.com/old/" "Mozilla/5.0 (Windows NT 10.0; Win64; x64) AppleWebKit/537.36 (KHTML, like Gecko) Chrome/125.0.6422.112 Safari/537.36 Brave/1.63.120"
66.225.221.50 - - [25/Jun/2026:15:23:04 -0400] "POST /wp-cron.php?doing_wp_cron=1782415383.9612820148468017578125 HTTP/1.1" 200 0 "-" "WordPress/6.6.5; https://alcanciasporkispig.com"
66.225.221.50 - - [25/Jun/2026:15:24:12 -0400] "PURGE /.* HTTP/1.1" 200 0 "-" "WordPress/6.6.5; https://alcanciasporkispig.com; EPC/v2.2.1/option_update__et_builder_gf_feature_cache"
66.225.221.50 - - [25/Jun/2026:15:19:05 -0400] "POST /wp-cron.php?doing_wp_cron=1782415145.8461749553680419921875 HTTP/1.1" 200 0 "-" "WordPress/6.6.5; https://alcanciasporkispig.com"
65.21.31.180 - - [25/Jun/2026:15:20:12 -0400] "HEAD / HTTP/2" 200 0 "-" "FindFiles.net/1.0 (compatible; +https://findfiles.net/bot)"
66.225.221.50 - - [25/Jun/2026:15:24:12 -0400] "PURGE /.* HTTP/1.1" 200 0 "-" "WordPress/6.6.5; https://alcanciasporkispig.com; EPC/v2.2.1/option_update__et_builder_gf_feature_cache"
181.62.52.152 - - [25/Jun/2026:15:29:01 -0400] "GET /wp-content/uploads/2018/06/PANDA-BABY.jpg HTTP/2" 200 81839 "https://www.google.com/" "Mozilla/5.0 (Linux; Android 14; SM-M135M Build/UP1A.231005.007; wv) AppleWebKit/537.36 (KHTML, like Gecko) Version/4.0 Chrome/149.0.7827.93 Mobile Safari/537.36 GoogleApp/17.34.26.ve.arm"
216.73.216.56 - - [25/Jun/2026:15:41:56 -0400] "GET /index.php/productos/?product-page=2 HTTP/2" 200 61531 "-" "Mozilla/5.0 AppleWebKit/537.36 (KHTML, like Gecko; compatible; ClaudeBot/1.0; +claudebot@anthropic.com)"
216.73.216.56 - - [25/Jun/2026:15:42:17 -0400] "GET /index.php/wp-json/oembed/1.0/embed?url=https%3A%2F%2Falcanciasporkispig.com%2Findex.php%2Fproductos%2F HTTP/2" 200 1077 "-" "Mozilla/5.0 AppleWebKit/537.36 (KHTML, like Gecko; compatible; ClaudeBot/1.0; +claudebot@anthropic.com)"
40.77.167.41 - - [25/Jun/2026:15:46:28 -0400] "GET /wp-content/uploads/2018/06/PANDA-BABY-350x293.jpg HTTP/2" 200 22468 "-" "Mozilla/5.0 AppleWebKit/537.36 (KHTML, like Gecko; compatible; bingbot/2.0; +http://www.bing.com/bingbot.htm) Chrome/116.0.1938.76 Safari/537.36"
191.95.162.157 - - [25/Jun/2026:15:48:09 -0400] "GET /wp-content/uploads/2018/06/SPORTACUS..jpg HTTP/2" 200 173657 "https://www.google.com/" "Mozilla/5.0 (Linux; Android 14; TECNO CK6n Build/UP1A.231005.007; wv) AppleWebKit/537.36 (KHTML, like Gecko) Version/4.0 Chrome/149.0.7827.159 Mobile Safari/537.36 GoogleApp/17.34.26.ve.arm64"
191.95.162.157 - - [25/Jun/2026:15:48:27 -0400] "GET /wp-content/uploads/2018/06/SHREK..jpg HTTP/2" 200 73388 "https://www.google.com/" "Mozilla/5.0 (Linux; Android 14; TECNO CK6n Build/UP1A.231005.007; wv) AppleWebKit/537.36 (KHTML, like Gecko) Version/4.0 Chrome/149.0.7827.159 Mobile Safari/537.36 GoogleApp/17.34.26.ve.arm64"
216.73.216.56 - - [25/Jun/2026:15:40:43 -0400] "GET /index.php/productos/?product-page=8 HTTP/2" 200 61531 "-" "Mozilla/5.0 AppleWebKit/537.36 (KHTML, like Gecko; compatible; ClaudeBot/1.0; +claudebot@anthropic.com)"
185.191.171.17 - - [25/Jun/2026:15:48:37 -0400] "GET /index.php/etiqueta-producto/desagrado/ HTTP/1.1" 200 76133 "-" "Mozilla/5.0 (compatible; SemrushBot/7~bl; +http://www.semrush.com/bot.html)"
185.191.171.11 - - [25/Jun/2026:15:48:35 -0400] "GET /robots.txt HTTP/1.1" 200 139 "-" "Mozilla/5.0 (compatible; SemrushBot/7~bl; +http://www.semrush.com/bot.html)"
66.225.221.50 - - [25/Jun/2026:15:41:59 -0400] "POST /wp-cron.php?doing_wp_cron=1782416518.9665191173553466796875 HTTP/1.1" 200 0 "-" "WordPress/6.6.5; https://alcanciasporkispig.com"
216.73.216.56 - - [25/Jun/2026:15:43:09 -0400] "GET / HTTP/2" 200 70788 "https://www.alcanciasporkispig.com/" "Mozilla/5.0 AppleWebKit/537.36 (KHTML, like Gecko; compatible; ClaudeBot/1.0; +claudebot@anthropic.com)"
66.225.221.50 - - [25/Jun/2026:15:48:06 -0400] "POST /wp-cron.php?doing_wp_cron=1782416886.2638618946075439453125 HTTP/1.1" 200 0 "-" "WordPress/6.6.5; https://alcanciasporkispig.com"
186.171.20.149 - - [25/Jun/2026:15:35:48 -0400] "GET /wp-content/uploads/2018/06/SONIC..jpg HTTP/2" 200 171919 "https://www.google.com/" "Mozilla/5.0 (Linux; Android 16; CPH2639 Build/BP2A.250605.015; wv) AppleWebKit/537.36 (KHTML, like Gecko) Version/4.0 Chrome/149.0.7827.91 Mobile Safari/537.36 GoogleApp/17.32.30.ve.arm64"
66.225.221.50 - - [25/Jun/2026:15:45:41 -0400] "POST /wp-cron.php?doing_wp_cron=1782416741.2144920825958251953125 HTTP/1.1" 200 0 "-" "WordPress/6.6.5; https://alcanciasporkispig.com"
216.73.216.56 - - [25/Jun/2026:15:48:04 -0400] "GET /robots.txt HTTP/2" 200 118 "-" "Mozilla/5.0 AppleWebKit/537.36 (KHTML, like Gecko; compatible; ClaudeBot/1.0; +claudebot@anthropic.com)"
216.73.216.56 - - [25/Jun/2026:15:48:06 -0400] "GET /?p=77 HTTP/2" 301 0 "-" "Mozilla/5.0 AppleWebKit/537.36 (KHTML, like Gecko; compatible; ClaudeBot/1.0; +claudebot@anthropic.com)"
216.73.216.56 - - [25/Jun/2026:15:48:08 -0400] "GET /index.php/nosotros/ HTTP/2" 200 42436 "https://alcanciasporkispig.com/?p=77" "Mozilla/5.0 AppleWebKit/537.36 (KHTML, like Gecko; compatible; ClaudeBot/1.0; +claudebot@anthropic.com)"
66.225.221.50 - - [25/Jun/2026:15:40:44 -0400] "POST /wp-cron.php?doing_wp_cron=1782416444.7705099582672119140625 HTTP/1.1" 200 0 "-" "WordPress/6.6.5; https://alcanciasporkispig.com"
66.249.66.72 - - [25/Jun/2026:15:40:59 -0400] "GET /wp-content/plugins/photo-gallery/js/jquery.mCustomScrollbar.concat.min.js?ver=3.1.5 HTTP/1.1" 200 12358 "https://alcanciasporkispig.com/" "Mozilla/5.0 (Linux; Android 6.0.1; Nexus 5X Build/MMB29P) AppleWebKit/537.36 (KHTML, like Gecko) Chrome/148.0.7778.96 Mobile Safari/537.36 (compatible; Googlebot/2.1; +http://www.google.com/bot.html)"
66.249.66.72 - - [25/Jun/2026:15:40:59 -0400] "GET /wp-content/themes/Divi/core/admin/js/common.js?ver=4.27.0 HTTP/1.1" 200 490 "https://alcanciasporkispig.com/" "Mozilla/5.0 (Linux; Android 6.0.1; Nexus 5X Build/MMB29P) AppleWebKit/537.36 (KHTML, like Gecko) Chrome/148.0.7778.96 Mobile Safari/537.36 (compatible; Googlebot/2.1; +http://www.google.com/bot.html)"
66.249.66.72 - - [25/Jun/2026:15:40:59 -0400] "GET /wp-content/et-cache/75/et-divi-dynamic-tb-1826-75-late.css HTTP/1.1" 200 930 "https://alcanciasporkispig.com/" "Mozilla/5.0 (Linux; Android 6.0.1; Nexus 5X Build/MMB29P) AppleWebKit/537.36 (KHTML, like Gecko) Chrome/148.0.7778.96 Mobile Safari/537.36 (compatible; Googlebot/2.1; +http://www.google.com/bot.html)"
66.249.66.72 - - [25/Jun/2026:15:40:59 -0400] "POST /?wc-ajax=get_refreshed_fragments HTTP/1.1" 200 139 "https://alcanciasporkispig.com/" "Mozilla/5.0 (Linux; Android 6.0.1; Nexus 5X Build/MMB29P) AppleWebKit/537.36 (KHTML, like Gecko) Chrome/148.0.7778.96 Mobile Safari/537.36 (compatible; Googlebot/2.1; +http://www.google.com/bot.html)"
216.73.216.56 - - [25/Jun/2026:15:43:07 -0400] "GET / HTTP/2" 301 0 "http://www.alcanciasporkispig.com/" "Mozilla/5.0 AppleWebKit/537.36 (KHTML, like Gecko; compatible; ClaudeBot/1.0; +claudebot@anthropic.com)"
66.225.221.50 - - [25/Jun/2026:15:42:19 -0400] "POST /wp-cron.php?doing_wp_cron=1782416539.4545459747314453125000 HTTP/1.1" 200 0 "-" "WordPress/6.6.5; https://alcanciasporkispig.com"
216.73.216.56 - - [25/Jun/2026:15:45:39 -0400] "GET /index.php/wp-json/oembed/1.0/embed?url=https%3A%2F%2Falcanciasporkispig.com%2Findex.php%2Fnosotros%2F HTTP/2" 200 1075 "-" "Mozilla/5.0 AppleWebKit/537.36 (KHTML, like Gecko; compatible; ClaudeBot/1.0; +claudebot@anthropic.com)"
216.73.217.134 - - [25/Jun/2026:15:48:27 -0400] "GET /index.php/productos/?product-page=4 HTTP/2" 200 61583 "-" "Mozilla/5.0 AppleWebKit/537.36 (KHTML, like Gecko; compatible; ClaudeBot/1.0; +claudebot@anthropic.com)"
66.249.66.74 - - [25/Jun/2026:16:00:12 -0400] "GET /index.php/producto/alcancia-hawaiano/ HTTP/1.1" 200 44540 "-" "Mozilla/5.0 (Linux; Android 6.0.1; Nexus 5X Build/MMB29P) AppleWebKit/537.36 (KHTML, like Gecko) Chrome/148.0.7778.96 Mobile Safari/537.36 (compatible; Googlebot/2.1; +http://www.google.com/bot.html)"
66.249.66.73 - - [25/Jun/2026:16:00:19 -0400] "GET /wp-content/plugins/woocommerce/assets/js/frontend/order-attribution.min.js?ver=9.1.6 HTTP/1.1" 200 1006 "https://alcanciasporkispig.com/index.php/producto/alcancia-hawaiano/" "Mozilla/5.0 (Linux; Android 6.0.1; Nexus 5X Build/MMB29P) AppleWebKit/537.36 (KHTML, like Gecko) Chrome/148.0.7778.96 Mobile Safari/537.36 (compatible; Googlebot/2.1; +http://www.google.com/bot.html)"
51.222.95.127 - - [25/Jun/2026:15:52:14 -0400] "GET /index.php/producto/alcancia-el-principito/ HTTP/2" 200 44947 "-" "Mozilla/5.0 (compatible; AhrefsBot/7.0; +http://ahrefs.com/robot/)"
66.225.221.50 - - [25/Jun/2026:15:52:15 -0400] "POST /wp-cron.php?doing_wp_cron=1782417135.6945750713348388671875 HTTP/1.1" 200 0 "-" "WordPress/6.6.5; https://alcanciasporkispig.com"
66.225.221.50 - - [25/Jun/2026:16:00:13 -0400] "POST /wp-cron.php?doing_wp_cron=1782417613.5531580448150634765625 HTTP/1.1" 200 0 "-" "WordPress/6.6.5; https://alcanciasporkispig.com"
66.249.66.72 - - [25/Jun/2026:16:00:19 -0400] "GET /wp-content/et-cache/1422/et-divi-dynamic-tb-2105-tb-1826-1422.css?ver=1776802253 HTTP/1.1" 200 3001 "https://alcanciasporkispig.com/index.php/producto/alcancia-hawaiano/" "Mozilla/5.0 (Linux; Android 6.0.1; Nexus 5X Build/MMB29P) AppleWebKit/537.36 (KHTML, like Gecko) Chrome/148.0.7778.96 Mobile Safari/537.36 (compatible; Googlebot/2.1; +http://www.google.com/bot.html)"
117.50.56.132 - - [25/Jun/2026:15:59:22 -0400] "GET /public/ui/met/images/dt-9.gif HTTP/2" 404 67910 "http://alcanciasporkispig.com/public/ui/met/images/dt-9.gif" "Mozilla/5.0 (Windows NT 10.0; Win64; x64) AppleWebKit/537.36 (KHTML, like Gecko) Chrome/83.0.4103.61 Safari/537.36"
117.50.56.132 - - [25/Jun/2026:15:59:28 -0400] "GET /public/images/metinfo.gif HTTP/2" 404 67910 "http://alcanciasporkispig.com/public/images/metinfo.gif" "Mozilla/5.0 (Windows NT 10.0; Win64; x64) AppleWebKit/537.36 (KHTML, like Gecko) Chrome/83.0.4103.61 Safari/537.36"
66.225.221.50 - - [25/Jun/2026:16:15:32 -0400] "POST /wp-cron.php?doing_wp_cron=1782418532.1504840850830078125000 HTTP/1.1" 200 0 "-" "WordPress/6.6.5; https://alcanciasporkispig.com"
216.73.217.148 - - [25/Jun/2026:16:09:44 -0400] "GET /index.php/sitemap_index.xml HTTP/2" 200 312 "-" "Mozilla/5.0 AppleWebKit/537.36 (KHTML, like Gecko; compatible; ClaudeBot/1.0; +claudebot@anthropic.com)"
142.44.220.133 - - [25/Jun/2026:16:15:30 -0400] "GET /index.php/producto/alcancia-naruto/ HTTP/2" 200 44550 "-" "Mozilla/5.0 (compatible; AhrefsBot/7.0; +http://ahrefs.com/robot/)"
66.225.221.50 - - [25/Jun/2026:16:09:46 -0400] "POST /wp-cron.php?doing_wp_cron=1782418186.0238449573516845703125 HTTP/1.1" 200 0 "-" "WordPress/6.6.5; https://alcanciasporkispig.com"
142.44.228.91 - - [25/Jun/2026:16:20:25 -0400] "GET /wp-content/uploads/2018/06/NARUTO..jpg HTTP/2" 200 77808 "-" "Mozilla/5.0 (compatible; AhrefsBot/7.0; +http://ahrefs.com/robot/)"
54.39.136.145 - - [25/Jun/2026:16:25:37 -0400] "GET /index.php/etiqueta-producto/alcancia-colombia/ HTTP/2" 200 64019 "-" "Mozilla/5.0 (compatible; AhrefsBot/7.0; +http://ahrefs.com/robot/)"
216.73.216.76 - - [25/Jun/2026:16:32:32 -0400] "GET /index.php/wp-json/oembed/1.0/embed?format=xml&url=https%3A%2F%2Falcanciasporkispig.com%2Findex.php%2Fnosotros%2F HTTP/2" 200 1127 "-" "Mozilla/5.0 AppleWebKit/537.36 (KHTML, like Gecko; compatible; ClaudeBot/1.0; +claudebot@anthropic.com)"
216.73.216.76 - - [25/Jun/2026:16:32:32 -0400] "GET /index.php/wp-json/oembed/1.0/embed?url=https%3A%2F%2Falcanciasporkispig.com%2Findex.php%2Fnosotros%2F HTTP/2" 200 1080 "-" "Mozilla/5.0 AppleWebKit/537.36 (KHTML, like Gecko; compatible; ClaudeBot/1.0; +claudebot@anthropic.com)"
216.73.216.76 - - [25/Jun/2026:16:32:34 -0400] "GET /index.php/wp-json/oembed/1.0/embed?url=https%3A%2F%2Falcanciasporkispig.com%2Findex.php%2Fproductos%2F HTTP/2" 200 1077 "-" "Mozilla/5.0 AppleWebKit/537.36 (KHTML, like Gecko; compatible; ClaudeBot/1.0; +claudebot@anthropic.com)"
216.73.216.53 - - [25/Jun/2026:16:34:14 -0400] "GET /index.php/producto/alcancia-batman/feed/ HTTP/2" 200 435 "-" "Mozilla/5.0 AppleWebKit/537.36 (KHTML, like Gecko; compatible; ClaudeBot/1.0; +claudebot@anthropic.com)"
216.73.216.53 - - [25/Jun/2026:16:34:14 -0400] "GET /index.php/producto/alcancia-chucky/ HTTP/2" 200 44797 "-" "Mozilla/5.0 AppleWebKit/537.36 (KHTML, like Gecko; compatible; ClaudeBot/1.0; +claudebot@anthropic.com)"
216.73.216.53 - - [25/Jun/2026:16:34:34 -0400] "GET /index.php/wp-json/oembed/1.0/embed?url=https%3A%2F%2Falcanciasporkispig.com%2Findex.php%2Fproducto%2Falcancia-capitan-america%2F HTTP/2" 200 1179 "-" "Mozilla/5.0 AppleWebKit/537.36 (KHTML, like Gecko; compatible; ClaudeBot/1.0; +claudebot@anthropic.com)"
216.73.216.53 - - [25/Jun/2026:16:34:34 -0400] "GET /index.php/producto/alcancia-alegria/ HTTP/2" 200 44846 "-" "Mozilla/5.0 AppleWebKit/537.36 (KHTML, like Gecko; compatible; ClaudeBot/1.0; +claudebot@anthropic.com)"
216.73.216.53 - - [25/Jun/2026:16:35:17 -0400] "GET /index.php/producto/alcancia-don-ramon/ HTTP/2" 200 44903 "-" "Mozilla/5.0 AppleWebKit/537.36 (KHTML, like Gecko; compatible; ClaudeBot/1.0; +claudebot@anthropic.com)"
216.73.216.53 - - [25/Jun/2026:16:35:17 -0400] "GET /index.php/producto/alcancia-goku/ HTTP/2" 200 44973 "-" "Mozilla/5.0 AppleWebKit/537.36 (KHTML, like Gecko; compatible; ClaudeBot/1.0; +claudebot@anthropic.com)"
66.249.92.137 - - [25/Jun/2026:16:35:32 -0400] "GET /index.php/producto/alcancia-tasha/ HTTP/1.1" 200 45009 "-" "Mozilla/5.0 (X11; Linux x86_64) AppleWebKit/537.36 (KHTML, like Gecko) Chrome/148.0.7778.96 Safari/537.36"
66.249.92.138 - - [25/Jun/2026:16:35:34 -0400] "GET /wp-content/plugins/photo-gallery/booster/assets/css/global.css?ver=1.0.0 HTTP/1.1" 200 3211 "https://alcanciasporkispig.com/index.php/producto/alcancia-tasha/" "Mozilla/5.0 (X11; Linux x86_64) AppleWebKit/537.36 (KHTML, like Gecko) Chrome/148.0.7778.96 Safari/537.36"
66.249.92.137 - - [25/Jun/2026:16:35:35 -0400] "GET /wp-content/plugins/menu-icons/vendor/codeinwp/icon-picker/css/types/elusive.min.css?ver=2.0 HTTP/1.1" 200 2130 "https://alcanciasporkispig.com/index.php/producto/alcancia-tasha/" "Mozilla/5.0 (X11; Linux x86_64) AppleWebKit/537.36 (KHTML, like Gecko) Chrome/148.0.7778.96 Safari/537.36"
66.249.92.138 - - [25/Jun/2026:16:35:35 -0400] "GET /wp-content/plugins/menu-icons/vendor/codeinwp/icon-picker/css/types/genericons.min.css?ver=3.4 HTTP/1.1" 200 15781 "https://alcanciasporkispig.com/index.php/producto/alcancia-tasha/" "Mozilla/5.0 (X11; Linux x86_64) AppleWebKit/537.36 (KHTML, like Gecko) Chrome/148.0.7778.96 Safari/537.36"
66.249.92.138 - - [25/Jun/2026:16:35:35 -0400] "GET /wp-content/plugins/menu-icons/vendor/codeinwp/icon-picker/css/types/foundation-icons.min.css?ver=3.0 HTTP/1.1" 200 3178 "https://alcanciasporkispig.com/index.php/producto/alcancia-tasha/" "Mozilla/5.0 (X11; Linux x86_64) AppleWebKit/537.36 (KHTML, like Gecko) Chrome/148.0.7778.96 Safari/537.36"
216.73.216.76 - - [25/Jun/2026:16:32:12 -0400] "GET /index.php/wp-json/wp/v2/product/942 HTTP/2" 200 3723 "-" "Mozilla/5.0 AppleWebKit/537.36 (KHTML, like Gecko; compatible; ClaudeBot/1.0; +claudebot@anthropic.com)"
216.73.216.76 - - [25/Jun/2026:16:32:12 -0400] "GET /index.php/wp-json/wp/v2/product/912 HTTP/2" 200 3736 "-" "Mozilla/5.0 AppleWebKit/537.36 (KHTML, like Gecko; compatible; ClaudeBot/1.0; +claudebot@anthropic.com)"
216.73.216.76 - - [25/Jun/2026:16:32:14 -0400] "GET /index.php/wp-json/wp/v2/product/920 HTTP/2" 200 3705 "-" "Mozilla/5.0 AppleWebKit/537.36 (KHTML, like Gecko; compatible; ClaudeBot/1.0; +claudebot@anthropic.com)"
216.73.217.172 - - [25/Jun/2026:16:33:11 -0400] "GET /index.php/wp-json/oembed/1.0/embed?format=xml&url=https%3A%2F%2Falcanciasporkispig.com%2Findex.php%2Fproducto%2Falcancia-batman%2F HTTP/2" 200 1208 "-" "Mozilla/5.0 AppleWebKit/537.36 (KHTML, like Gecko; compatible; ClaudeBot/1.0; +claudebot@anthropic.com)"
216.73.217.172 - - [25/Jun/2026:16:33:11 -0400] "GET /index.php/wp-json/oembed/1.0/embed?url=https%3A%2F%2Falcanciasporkispig.com%2Findex.php%2Fproducto%2Falcancia-alegria%2F HTTP/2" 200 1156 "-" "Mozilla/5.0 AppleWebKit/537.36 (KHTML, like Gecko; compatible; ClaudeBot/1.0; +claudebot@anthropic.com)"
