181.54.133.199 - - [25/Jun/2026:16:44:36 -0400] "GET /wp-content/plugins/woocommerce/assets/js/frontend/add-to-cart.min.js?ver=9.1.6 HTTP/2" 200 989 "https://alcanciasporkispig.com/index.php/producto/alcancia-burbuja/" "Mozilla/5.0 (Windows NT 10.0; Win64; x64) AppleWebKit/537.36 (KHTML, like Gecko) Chrome/149.0.0.0 Safari/537.36"
181.54.133.199 - - [25/Jun/2026:16:44:36 -0400] "GET /wp-includes/js/underscore.min.js?ver=1.13.4 HTTP/2" 200 7179 "https://alcanciasporkispig.com/index.php/producto/alcancia-burbuja/" "Mozilla/5.0 (Windows NT 10.0; Win64; x64) AppleWebKit/537.36 (KHTML, like Gecko) Chrome/149.0.0.0 Safari/537.36"
181.54.133.199 - - [25/Jun/2026:16:44:36 -0400] "GET /wp-content/plugins/woocommerce/assets/js/zoom/jquery.zoom.min.js?ver=1.7.21-wc.9.1.6 HTTP/2" 200 1052 "https://alcanciasporkispig.com/index.php/producto/alcancia-burbuja/" "Mozilla/5.0 (Windows NT 10.0; Win64; x64) AppleWebKit/537.36 (KHTML, like Gecko) Chrome/149.0.0.0 Safari/537.36"
181.54.133.199 - - [25/Jun/2026:16:44:36 -0400] "GET /wp-includes/js/wp-util.min.js?ver=6.6.5 HTTP/2" 200 693 "https://alcanciasporkispig.com/index.php/producto/alcancia-burbuja/" "Mozilla/5.0 (Windows NT 10.0; Win64; x64) AppleWebKit/537.36 (KHTML, like Gecko) Chrome/149.0.0.0 Safari/537.36"
181.54.133.199 - - [25/Jun/2026:16:44:36 -0400] "GET /wp-content/plugins/woocommerce/assets/js/photoswipe/photoswipe.min.js?ver=4.1.1-wc.9.1.6 HTTP/2" 200 11652 "https://alcanciasporkispig.com/index.php/producto/alcancia-burbuja/" "Mozilla/5.0 (Windows NT 10.0; Win64; x64) AppleWebKit/537.36 (KHTML, like Gecko) Chrome/149.0.0.0 Safari/537.36"
181.54.133.199 - - [25/Jun/2026:16:44:36 -0400] "GET /wp-content/plugins/woocommerce/assets/js/flexslider/jquery.flexslider.min.js?ver=2.7.2-wc.9.1.6 HTTP/2" 200 5985 "https://alcanciasporkispig.com/index.php/producto/alcancia-burbuja/" "Mozilla/5.0 (Windows NT 10.0; Win64; x64) AppleWebKit/537.36 (KHTML, like Gecko) Chrome/149.0.0.0 Safari/537.36"
181.54.133.199 - - [25/Jun/2026:16:44:36 -0400] "GET /wp-content/plugins/woocommerce/assets/js/frontend/woocommerce.min.js?ver=9.1.6 HTTP/2" 200 814 "https://alcanciasporkispig.com/index.php/producto/alcancia-burbuja/" "Mozilla/5.0 (Windows NT 10.0; Win64; x64) AppleWebKit/537.36 (KHTML, like Gecko) Chrome/149.0.0.0 Safari/537.36"
181.54.133.199 - - [25/Jun/2026:16:44:36 -0400] "GET /wp-content/plugins/woocommerce/assets/js/photoswipe/photoswipe-ui-default.min.js?ver=4.1.1-wc.9.1.6 HTTP/2" 200 3478 "https://alcanciasporkispig.com/index.php/producto/alcancia-burbuja/" "Mozilla/5.0 (Windows NT 10.0; Win64; x64) AppleWebKit/537.36 (KHTML, like Gecko) Chrome/149.0.0.0 Safari/537.36"
181.54.133.199 - - [25/Jun/2026:16:44:36 -0400] "GET /wp-content/plugins/woocommerce/assets/js/js-cookie/js.cookie.min.js?ver=2.1.4-wc.9.1.6 HTTP/2" 200 760 "https://alcanciasporkispig.com/index.php/producto/alcancia-burbuja/" "Mozilla/5.0 (Windows NT 10.0; Win64; x64) AppleWebKit/537.36 (KHTML, like Gecko) Chrome/149.0.0.0 Safari/537.36"
181.54.133.199 - - [25/Jun/2026:16:44:36 -0400] "GET /wp-includes/js/comment-reply.min.js?ver=6.6.5 HTTP/2" 200 1228 "https://alcanciasporkispig.com/index.php/producto/alcancia-burbuja/" "Mozilla/5.0 (Windows NT 10.0; Win64; x64) AppleWebKit/537.36 (KHTML, like Gecko) Chrome/149.0.0.0 Safari/537.36"
181.54.133.199 - - [25/Jun/2026:16:44:36 -0400] "GET /wp-content/plugins/woocommerce/assets/js/frontend/single-product.min.js?ver=9.1.6 HTTP/2" 200 1746 "https://alcanciasporkispig.com/index.php/producto/alcancia-burbuja/" "Mozilla/5.0 (Windows NT 10.0; Win64; x64) AppleWebKit/537.36 (KHTML, like Gecko) Chrome/149.0.0.0 Safari/537.36"
74.7.241.132 - - [25/Jun/2026:16:45:41 -0400] "GET /robots.txt HTTP/2" 200 118 "-" "Mozilla/5.0 (Macintosh; Intel Mac OS X 10_15_7) AppleWebKit/537.36 (KHTML, like Gecko) Chrome/131.0.0.0 Safari/537.36; compatible; OAI-SearchBot/1.4; robots.txt; +https://openai.com/searchbot"
181.54.133.199 - - [25/Jun/2026:16:44:36 -0400] "GET /wp-content/plugins/woocommerce/assets/js/frontend/add-to-cart-variation.min.js?ver=9.1.6 HTTP/2" 200 3479 "https://alcanciasporkispig.com/index.php/producto/alcancia-burbuja/" "Mozilla/5.0 (Windows NT 10.0; Win64; x64) AppleWebKit/537.36 (KHTML, like Gecko) Chrome/149.0.0.0 Safari/537.36"
181.54.133.199 - - [25/Jun/2026:16:44:36 -0400] "GET /wp-content/plugins/woocommerce/assets/css/woocommerce-smallscreen.css?ver=9.1.6 HTTP/2" 200 1065 "https://alcanciasporkispig.com/index.php/producto/alcancia-burbuja/" "Mozilla/5.0 (Windows NT 10.0; Win64; x64) AppleWebKit/537.36 (KHTML, like Gecko) Chrome/149.0.0.0 Safari/537.36"
181.54.133.199 - - [25/Jun/2026:16:44:36 -0400] "GET /wp-content/themes/Divi/core/admin/fonts/modules/all/modules.woff HTTP/2" 200 92084 "https://alcanciasporkispig.com/index.php/producto/alcancia-burbuja/" "Mozilla/5.0 (Windows NT 10.0; Win64; x64) AppleWebKit/537.36 (KHTML, like Gecko) Chrome/149.0.0.0 Safari/537.36"
181.54.133.199 - - [25/Jun/2026:16:44:36 -0400] "GET /wp-content/uploads/2018/05/ALCANCIA-DECORADA-EN-HILO-300x251.jpg HTTP/2" 200 22844 "https://alcanciasporkispig.com/index.php/producto/alcancia-burbuja/" "Mozilla/5.0 (Windows NT 10.0; Win64; x64) AppleWebKit/537.36 (KHTML, like Gecko) Chrome/149.0.0.0 Safari/537.36"
181.54.133.199 - - [25/Jun/2026:16:44:36 -0400] "GET /wp-content/uploads/2018/05/ALCANCIA-MARIACHI-300x251.jpg HTTP/2" 200 17092 "https://alcanciasporkispig.com/index.php/producto/alcancia-burbuja/" "Mozilla/5.0 (Windows NT 10.0; Win64; x64) AppleWebKit/537.36 (KHTML, like Gecko) Chrome/149.0.0.0 Safari/537.36"
181.54.133.199 - - [25/Jun/2026:16:44:36 -0400] "GET /wp-content/uploads/2018/05/ALEGRIA.-300x251.jpg HTTP/2" 200 18772 "https://alcanciasporkispig.com/index.php/producto/alcancia-burbuja/" "Mozilla/5.0 (Windows NT 10.0; Win64; x64) AppleWebKit/537.36 (KHTML, like Gecko) Chrome/149.0.0.0 Safari/537.36"
181.54.133.199 - - [25/Jun/2026:16:44:36 -0400] "GET /wp-content/uploads/2018/05/DESAGRADO.-300x251.jpg HTTP/2" 200 17592 "https://alcanciasporkispig.com/index.php/producto/alcancia-burbuja/" "Mozilla/5.0 (Windows NT 10.0; Win64; x64) AppleWebKit/537.36 (KHTML, like Gecko) Chrome/149.0.0.0 Safari/537.36"
181.54.133.199 - - [25/Jun/2026:16:44:36 -0400] "GET /wp-content/plugins/woocommerce/assets/fonts/WooCommerce.woff2 HTTP/2" 200 6488 "https://alcanciasporkispig.com/wp-content/plugins/woocommerce/assets/css/woocommerce.css?ver=9.1.6" "Mozilla/5.0 (Windows NT 10.0; Win64; x64) AppleWebKit/537.36 (KHTML, like Gecko) Chrome/149.0.0.0 Safari/537.36"
181.54.133.199 - - [25/Jun/2026:16:44:36 -0400] "GET /wp-content/uploads/2018/05/cerdito-escala-de-grises.png HTTP/2" 200 57561 "https://alcanciasporkispig.com/index.php/producto/alcancia-burbuja/" "Mozilla/5.0 (Windows NT 10.0; Win64; x64) AppleWebKit/537.36 (KHTML, like Gecko) Chrome/149.0.0.0 Safari/537.36"
66.249.66.45 - - [25/Jun/2026:16:49:08 -0400] "GET /index.php/producto/alcancia-paw-patrol-marshall/ HTTP/1.1" 200 44912 "-" "Mozilla/5.0 (compatible; Googlebot/2.1; +http://www.google.com/bot.html)"
66.249.66.73 - - [25/Jun/2026:16:49:23 -0400] "GET /index.php/producto/alcancia-paw-patrol-marshall/ HTTP/1.1" 200 44909 "-" "Mozilla/5.0 (Linux; Android 6.0.1; Nexus 5X Build/MMB29P) AppleWebKit/537.36 (KHTML, like Gecko) Chrome/148.0.7778.96 Mobile Safari/537.36 (compatible; Googlebot/2.1; +http://www.google.com/bot.html)"
66.249.66.32 - - [25/Jun/2026:16:44:58 -0400] "GET /wp-content/et-cache/472/et-divi-dynamic-tb-2105-tb-1826-472.css?ver=1776768751 HTTP/1.1" 200 3001 "https://alcanciasporkispig.com/index.php/producto/alcancia-burbuja/" "Mozilla/5.0 (Linux; Android 6.0.1; Nexus 5X Build/MMB29P) AppleWebKit/537.36 (KHTML, like Gecko) Chrome/148.0.7778.96 Mobile Safari/537.36 (compatible; Googlebot/2.1; +http://www.google.com/bot.html)"
66.225.221.50 - - [25/Jun/2026:16:45:42 -0400] "POST /wp-cron.php?doing_wp_cron=1782420342.6469819545745849609375 HTTP/1.1" 200 0 "-" "WordPress/6.6.5; https://alcanciasporkispig.com"
66.249.66.202 - - [25/Jun/2026:16:44:54 -0400] "GET /index.php/producto/alcancia-burbuja/ HTTP/1.1" 200 44894 "-" "Mozilla/5.0 (compatible; Googlebot/2.1; +http://www.google.com/bot.html)"
66.225.221.50 - - [25/Jun/2026:16:49:09 -0400] "POST /wp-cron.php?doing_wp_cron=1782420549.8874909877777099609375 HTTP/1.1" 200 0 "-" "WordPress/6.6.5; https://alcanciasporkispig.com"
148.113.130.215 - - [25/Jun/2026:16:45:55 -0400] "GET /index.php/etiqueta-producto/alcancias/ HTTP/2" 200 65051 "-" "Mozilla/5.0 (compatible; AhrefsBot/7.0; +http://ahrefs.com/robot/)"
66.249.66.9 - - [25/Jun/2026:16:44:54 -0400] "GET /index.php/producto/alcancia-burbuja/ HTTP/1.1" 200 44886 "-" "Mozilla/5.0 (Linux; Android 6.0.1; Nexus 5X Build/MMB29P) AppleWebKit/537.36 (KHTML, like Gecko) Chrome/99.0.4844.84 Mobile Safari/537.36 (compatible; Googlebot/2.1; +http://www.google.com/bot.html)"
181.54.133.199 - - [25/Jun/2026:16:44:30 -0400] "GET /wp-content/uploads/2018/06/BURBUJA..jpg HTTP/2" 200 79305 "https://www.google.com/" "Mozilla/5.0 (Windows NT 10.0; Win64; x64) AppleWebKit/537.36 (KHTML, like Gecko) Chrome/149.0.0.0 Safari/537.36"
216.73.216.135 - - [25/Jun/2026:16:58:19 -0400] "GET /index.php/producto/alcancia-goku/ HTTP/2" 200 44976 "-" "Mozilla/5.0 AppleWebKit/537.36 (KHTML, like Gecko; compatible; ClaudeBot/1.0; +claudebot@anthropic.com)"
216.73.217.58 - - [25/Jun/2026:16:55:06 -0400] "GET /index.php/producto/alcancia-harry-potter/ HTTP/2" 200 44894 "-" "Mozilla/5.0 AppleWebKit/537.36 (KHTML, like Gecko; compatible; ClaudeBot/1.0; +claudebot@anthropic.com)"
66.225.221.50 - - [25/Jun/2026:16:56:39 -0400] "POST /wp-cron.php?doing_wp_cron=1782420999.2427110671997070312500 HTTP/1.1" 200 0 "-" "WordPress/6.6.5; https://alcanciasporkispig.com"
66.225.221.50 - - [25/Jun/2026:16:58:20 -0400] "POST /wp-cron.php?doing_wp_cron=1782421100.7917320728302001953125 HTTP/1.1" 200 0 "-" "WordPress/6.6.5; https://alcanciasporkispig.com"
66.225.221.50 - - [25/Jun/2026:16:55:08 -0400] "POST /wp-cron.php?doing_wp_cron=1782420908.4759230613708496093750 HTTP/1.1" 200 0 "-" "WordPress/6.6.5; https://alcanciasporkispig.com"
66.225.221.50 - - [25/Jun/2026:16:54:49 -0400] "POST /wp-cron.php?doing_wp_cron=1782420889.0242180824279785156250 HTTP/1.1" 200 0 "-" "WordPress/6.6.5; https://alcanciasporkispig.com"
216.73.217.58 - - [25/Jun/2026:16:54:46 -0400] "GET /robots.txt HTTP/2" 200 118 "-" "Mozilla/5.0 AppleWebKit/537.36 (KHTML, like Gecko; compatible; ClaudeBot/1.0; +claudebot@anthropic.com)"
216.73.217.58 - - [25/Jun/2026:16:54:49 -0400] "GET /index.php/producto/alcancia-chilindrina/ HTTP/2" 200 44638 "-" "Mozilla/5.0 AppleWebKit/537.36 (KHTML, like Gecko; compatible; ClaudeBot/1.0; +claudebot@anthropic.com)"
216.73.216.163 - - [25/Jun/2026:16:56:37 -0400] "GET /index.php/producto/alcancia-cars/ HTTP/2" 200 44938 "-" "Mozilla/5.0 AppleWebKit/537.36 (KHTML, like Gecko; compatible; ClaudeBot/1.0; +claudebot@anthropic.com)"
216.73.216.163 - - [25/Jun/2026:16:56:37 -0400] "GET /index.php/producto/alcancia-colombia-pig/ HTTP/2" 200 44532 "-" "Mozilla/5.0 AppleWebKit/537.36 (KHTML, like Gecko; compatible; ClaudeBot/1.0; +claudebot@anthropic.com)"
66.249.92.136 - - [25/Jun/2026:16:58:52 -0400] "GET /wp-content/et-cache/884/et-divi-dynamic-tb-2105-tb-1826-884-late.css HTTP/1.1" 200 474 "https://alcanciasporkispig.com/index.php/producto/alcancia-optimus-prime-transforme/" "Mozilla/5.0 (X11; Linux x86_64) AppleWebKit/537.36 (KHTML, like Gecko) Chrome/148.0.7778.96 Safari/537.36"
66.249.92.138 - - [25/Jun/2026:16:58:52 -0400] "GET /wp-content/uploads/2018/06/TRANSFORMERS-OPTIMUS-PRIME-BABY.jpg HTTP/1.1" 200 88975 "https://alcanciasporkispig.com/index.php/producto/alcancia-optimus-prime-transforme/" "Mozilla/5.0 (X11; Linux x86_64) AppleWebKit/537.36 (KHTML, like Gecko) Chrome/148.0.7778.96 Safari/537.36"
66.225.221.50 - - [25/Jun/2026:16:59:19 -0400] "POST /wp-cron.php?doing_wp_cron=1782421159.0264859199523925781250 HTTP/1.1" 200 0 "-" "WordPress/6.6.5; https://alcanciasporkispig.com"
66.225.221.50 - - [25/Jun/2026:17:00:06 -0400] "POST /wp-cron.php?doing_wp_cron=1782421206.9521839618682861328125 HTTP/1.1" 200 0 "-" "WordPress/6.6.5; https://alcanciasporkispig.com"
66.249.92.137 - - [25/Jun/2026:16:58:48 -0400] "GET /index.php/producto/alcancia-optimus-prime-transforme/ HTTP/1.1" 200 45237 "-" "Mozilla/5.0 (X11; Linux x86_64) AppleWebKit/537.36 (KHTML, like Gecko) Chrome/148.0.7778.96 Safari/537.36"
66.249.92.137 - - [25/Jun/2026:16:58:52 -0400] "GET /wp-content/et-cache/884/et-divi-dynamic-tb-2105-tb-1826-884.css?ver=1776868906 HTTP/1.1" 200 3001 "https://alcanciasporkispig.com/index.php/producto/alcancia-optimus-prime-transforme/" "Mozilla/5.0 (X11; Linux x86_64) AppleWebKit/537.36 (KHTML, like Gecko) Chrome/148.0.7778.96 Safari/537.36"
66.249.92.137 - - [25/Jun/2026:16:58:52 -0400] "GET /wp-content/et-cache/884/et-divi-dynamic-tb-2105-tb-1826-884-late.css?ver=1776868906 HTTP/1.1" 200 474 "https://alcanciasporkispig.com/index.php/producto/alcancia-optimus-prime-transforme/" "Mozilla/5.0 (X11; Linux x86_64) AppleWebKit/537.36 (KHTML, like Gecko) Chrome/148.0.7778.96 Safari/537.36"
216.73.216.221 - - [25/Jun/2026:16:59:17 -0400] "GET /index.php/producto/alcancia-sonic/ HTTP/2" 200 44944 "-" "Mozilla/5.0 AppleWebKit/537.36 (KHTML, like Gecko; compatible; ClaudeBot/1.0; +claudebot@anthropic.com)"
216.73.216.221 - - [25/Jun/2026:17:00:05 -0400] "GET /index.php/sitemap_index.xml HTTP/2" 200 312 "-" "Mozilla/5.0 AppleWebKit/537.36 (KHTML, like Gecko; compatible; ClaudeBot/1.0; +claudebot@anthropic.com)"
66.225.221.50 - - [25/Jun/2026:17:11:57 -0400] "POST /wp-cron.php?doing_wp_cron=1782421917.9438929557800292968750 HTTP/1.1" 200 0 "-" "WordPress/6.6.5; https://alcanciasporkispig.com"
66.225.221.50 - - [25/Jun/2026:17:08:53 -0400] "POST /wp-cron.php?doing_wp_cron=1782421733.7980279922485351562500 HTTP/1.1" 200 0 "-" "WordPress/6.6.5; https://alcanciasporkispig.com"
66.249.66.74 - - [25/Jun/2026:17:11:56 -0400] "GET /asset/upload/63e931dd8e6d29d055a4651a76a3c1dd.mp4 HTTP/1.1" 404 15944 "-" "Googlebot-Video/1.0"
57.141.4.49 - - [25/Jun/2026:17:08:52 -0400] "GET /sitemap.html HTTP/2" 404 67902 "-" "meta-externalagent/1.1 (+https://developers.facebook.com/docs/sharing/webmasters/crawler)"
216.73.216.221 - - [25/Jun/2026:17:32:53 -0400] "GET /?p=856 HTTP/2" 301 0 "-" "Mozilla/5.0 AppleWebKit/537.36 (KHTML, like Gecko; compatible; ClaudeBot/1.0; +claudebot@anthropic.com)"
216.73.216.221 - - [25/Jun/2026:17:32:53 -0400] "GET /?p=877 HTTP/2" 301 0 "-" "Mozilla/5.0 AppleWebKit/537.36 (KHTML, like Gecko; compatible; ClaudeBot/1.0; +claudebot@anthropic.com)"
216.73.216.221 - - [25/Jun/2026:17:32:55 -0400] "GET /index.php/producto/alcancia-pikachu/ HTTP/2" 200 45059 "https://alcanciasporkispig.com/?p=856" "Mozilla/5.0 AppleWebKit/537.36 (KHTML, like Gecko; compatible; ClaudeBot/1.0; +claudebot@anthropic.com)"
216.73.216.221 - - [25/Jun/2026:17:32:56 -0400] "GET /index.php/producto/alcancia-cars/ HTTP/2" 200 44936 "https://alcanciasporkispig.com/?p=877" "Mozilla/5.0 AppleWebKit/537.36 (KHTML, like Gecko; compatible; ClaudeBot/1.0; +claudebot@anthropic.com)"
216.73.216.221 - - [25/Jun/2026:17:32:58 -0400] "GET /?p=366 HTTP/2" 301 0 "-" "Mozilla/5.0 AppleWebKit/537.36 (KHTML, like Gecko; compatible; ClaudeBot/1.0; +claudebot@anthropic.com)"
216.73.216.221 - - [25/Jun/2026:17:32:59 -0400] "GET /?p=793 HTTP/2" 301 0 "-" "Mozilla/5.0 AppleWebKit/537.36 (KHTML, like Gecko; compatible; ClaudeBot/1.0; +claudebot@anthropic.com)"
216.73.216.221 - - [25/Jun/2026:17:33:00 -0400] "GET /index.php/producto/alcancia-harry-potter/ HTTP/2" 200 44895 "https://alcanciasporkispig.com/?p=366" "Mozilla/5.0 AppleWebKit/537.36 (KHTML, like Gecko; compatible; ClaudeBot/1.0; +claudebot@anthropic.com)"
216.73.216.221 - - [25/Jun/2026:17:33:02 -0400] "GET /index.php/producto/alcancia-pepa/ HTTP/2" 200 44701 "https://alcanciasporkispig.com/?p=793" "Mozilla/5.0 AppleWebKit/537.36 (KHTML, like Gecko; compatible; ClaudeBot/1.0; +claudebot@anthropic.com)"
216.73.216.221 - - [25/Jun/2026:17:33:04 -0400] "GET /index.php/sitemap_index.xml HTTP/2" 200 312 "-" "Mozilla/5.0 AppleWebKit/537.36 (KHTML, like Gecko; compatible; ClaudeBot/1.0; +claudebot@anthropic.com)"
66.225.221.50 - - [25/Jun/2026:17:22:15 -0400] "POST /wp-cron.php?doing_wp_cron=1782422535.4581069946289062500000 HTTP/1.1" 200 0 "-" "WordPress/6.6.5; https://alcanciasporkispig.com"
12.220.162.43 - - [25/Jun/2026:17:18:00 -0400] "GET / HTTP/1.1" 200 131072 "-" "Mozilla/5.0 (compatible; FashionAI-liveness/1.0)"
66.225.221.50 - - [25/Jun/2026:17:33:05 -0400] "POST /wp-cron.php?doing_wp_cron=1782423185.7812891006469726562500 HTTP/1.1" 200 0 "-" "WordPress/6.6.5; https://alcanciasporkispig.com"
66.225.221.50 - - [25/Jun/2026:17:18:01 -0400] "POST /wp-cron.php?doing_wp_cron=1782422281.5910809040069580078125 HTTP/1.1" 200 0 "-" "WordPress/6.6.5; https://alcanciasporkispig.com"
66.225.221.50 - - [25/Jun/2026:17:31:04 -0400] "POST /wp-cron.php?doing_wp_cron=1782423064.4539680480957031250000 HTTP/1.1" 200 0 "-" "WordPress/6.6.5; https://alcanciasporkispig.com"
69.63.184.20 - - [25/Jun/2026:17:31:04 -0400] "GET /robots.txt HTTP/2" 200 190 "-" "facebookexternalhit/1.1 (+http://www.facebook.com/externalhit_uatext.php)"
66.225.221.50 - - [25/Jun/2026:17:32:55 -0400] "POST /wp-cron.php?doing_wp_cron=1782423175.1004428863525390625000 HTTP/1.1" 200 0 "-" "WordPress/6.6.5; https://alcanciasporkispig.com"
209.50.172.108 - - [25/Jun/2026:17:22:36 -0400] "GET /wp-json/gravitysmtp/v1/tests/mock-data?page=gravitysmtp-settings HTTP/1.1" 404 149 "-" "Mozilla/5.0 (compatible; SecurityResearch/1.0; )"
209.50.172.108 - - [25/Jun/2026:17:22:39 -0400] "GET /wp-json/ HTTP/1.1" 200 1347173 "-" "Mozilla/5.0 (compatible; SecurityResearch/1.0; )"
197.207.189.106 - - [25/Jun/2026:17:22:14 -0400] "GET /index.php/etiqueta-producto/alcancia-chucky/ HTTP/1.1" 200 76146 "-" "Mozilla/5.0 (Macintosh; Intel Mac OS X 10_7_3) AppleWebKit/537.36 (KHTML, like Gecko, Mediapartners-Google) Chrome/81.0.4044.108 Safari/537.36"
69.63.184.10 - - [25/Jun/2026:17:31:02 -0400] "GET /robots.txt HTTP/2" 200 0 "-" "facebookexternalhit/1.1 (+http://www.facebook.com/externalhit_uatext.php)"
216.73.216.221 - - [25/Jun/2026:17:34:02 -0400] "GET /?p=975 HTTP/2" 301 0 "-" "Mozilla/5.0 AppleWebKit/537.36 (KHTML, like Gecko; compatible; ClaudeBot/1.0; +claudebot@anthropic.com)"
216.73.216.221 - - [25/Jun/2026:17:34:02 -0400] "GET /?p=1078 HTTP/2" 301 0 "-" "Mozilla/5.0 AppleWebKit/537.36 (KHTML, like Gecko; compatible; ClaudeBot/1.0; +claudebot@anthropic.com)"
66.225.221.50 - - [25/Jun/2026:17:34:06 -0400] "POST /wp-cron.php?doing_wp_cron=1782423246.4743740558624267578125 HTTP/1.1" 200 0 "-" "WordPress/6.6.5; https://alcanciasporkispig.com"
216.73.216.221 - - [25/Jun/2026:17:34:05 -0400] "GET /index.php/producto/alcancia-soy-luna/ HTTP/2" 200 44816 "https://alcanciasporkispig.com/?p=975" "Mozilla/5.0 AppleWebKit/537.36 (KHTML, like Gecko; compatible; ClaudeBot/1.0; +claudebot@anthropic.com)"
216.73.216.221 - - [25/Jun/2026:17:34:05 -0400] "GET /index.php/producto/alcancia-chucky/ HTTP/2" 200 44797 "https://alcanciasporkispig.com/?p=1078" "Mozilla/5.0 AppleWebKit/537.36 (KHTML, like Gecko; compatible; ClaudeBot/1.0; +claudebot@anthropic.com)"
216.73.216.221 - - [25/Jun/2026:17:34:10 -0400] "GET /?p=1011 HTTP/2" 301 0 "-" "Mozilla/5.0 AppleWebKit/537.36 (KHTML, like Gecko; compatible; ClaudeBot/1.0; +claudebot@anthropic.com)"
216.73.216.221 - - [25/Jun/2026:17:34:11 -0400] "GET /?p=539 HTTP/2" 301 0 "-" "Mozilla/5.0 AppleWebKit/537.36 (KHTML, like Gecko; compatible; ClaudeBot/1.0; +claudebot@anthropic.com)"
216.73.216.221 - - [25/Jun/2026:17:34:12 -0400] "GET /index.php/producto/alcancia-chilindrina/ HTTP/2" 200 44642 "https://alcanciasporkispig.com/?p=539" "Mozilla/5.0 AppleWebKit/537.36 (KHTML, like Gecko; compatible; ClaudeBot/1.0; +claudebot@anthropic.com)"
216.73.216.221 - - [25/Jun/2026:17:34:12 -0400] "GET /index.php/producto/alcancia-colombia-pig/ HTTP/2" 200 44533 "https://alcanciasporkispig.com/?p=1011" "Mozilla/5.0 AppleWebKit/537.36 (KHTML, like Gecko; compatible; ClaudeBot/1.0; +claudebot@anthropic.com)"
216.73.216.221 - - [25/Jun/2026:17:34:15 -0400] "GET /?p=597 HTTP/2" 301 0 "-" "Mozilla/5.0 AppleWebKit/537.36 (KHTML, like Gecko; compatible; ClaudeBot/1.0; +claudebot@anthropic.com)"
216.73.216.221 - - [25/Jun/2026:17:34:17 -0400] "GET /index.php/producto/alcancia-gaturro/ HTTP/2" 200 45233 "https://alcanciasporkispig.com/?p=597" "Mozilla/5.0 AppleWebKit/537.36 (KHTML, like Gecko; compatible; ClaudeBot/1.0; +claudebot@anthropic.com)"
216.73.216.221 - - [25/Jun/2026:17:38:30 -0400] "GET /index.php/producto/alcancia-batman/feed/ HTTP/2" 200 435 "-" "Mozilla/5.0 AppleWebKit/537.36 (KHTML, like Gecko; compatible; ClaudeBot/1.0; +claudebot@anthropic.com)"
216.73.216.221 - - [25/Jun/2026:17:38:30 -0400] "GET /index.php/wp-json/oembed/1.0/embed?url=https%3A%2F%2Falcanciasporkispig.com%2Findex.php%2Fproducto%2Falcancia-policia%2F HTTP/2" 200 1160 "-" "Mozilla/5.0 AppleWebKit/537.36 (KHTML, like Gecko; compatible; ClaudeBot/1.0; +claudebot@anthropic.com)"
216.73.216.221 - - [25/Jun/2026:17:38:34 -0400] "GET /index.php/wp-json/oembed/1.0/embed?format=xml&url=https%3A%2F%2Falcanciasporkispig.com%2Findex.php%2Fproducto%2Falcancia-goku%2F HTTP/2" 200 1199 "-" "Mozilla/5.0 AppleWebKit/537.36 (KHTML, like Gecko; compatible; ClaudeBot/1.0; +claudebot@anthropic.com)"
216.73.216.221 - - [25/Jun/2026:17:38:35 -0400] "GET /index.php/wp-json/oembed/1.0/embed?url=https%3A%2F%2Falcanciasporkispig.com%2Findex.php%2Fproducto%2Falcancia-pepa%2F HTTP/2" 200 1158 "-" "Mozilla/5.0 AppleWebKit/537.36 (KHTML, like Gecko; compatible; ClaudeBot/1.0; +claudebot@anthropic.com)"
216.73.216.221 - - [25/Jun/2026:17:38:36 -0400] "GET /index.php/wp-json/oembed/1.0/embed?url=https%3A%2F%2Falcanciasporkispig.com%2Findex.php%2Fproducto%2Falcancia-don-ramon%2F HTTP/2" 200 1167 "-" "Mozilla/5.0 AppleWebKit/537.36 (KHTML, like Gecko; compatible; ClaudeBot/1.0; +claudebot@anthropic.com)"
66.225.221.50 - - [25/Jun/2026:17:39:51 -0400] "POST /wp-cron.php?doing_wp_cron=1782423591.1702380180358886718750 HTTP/1.1" 200 0 "-" "WordPress/6.6.5; https://alcanciasporkispig.com"
66.225.221.50 - - [25/Jun/2026:17:37:40 -0400] "POST /wp-cron.php?doing_wp_cron=1782423460.4452269077301025390625 HTTP/1.1" 200 0 "-" "WordPress/6.6.5; https://alcanciasporkispig.com"
216.73.216.221 - - [25/Jun/2026:17:39:10 -0400] "GET /index.php/wp-json/oembed/1.0/embed?url=https%3A%2F%2Falcanciasporkispig.com%2Findex.php%2Fproducto%2Falcancia-capitan-america%2F HTTP/2" 200 1178 "-" "Mozilla/5.0 AppleWebKit/537.36 (KHTML, like Gecko; compatible; ClaudeBot/1.0; +claudebot@anthropic.com)"
216.73.216.221 - - [25/Jun/2026:17:39:10 -0400] "GET /index.php/etiqueta-producto/intensamente/ HTTP/2" 200 64340 "-" "Mozilla/5.0 AppleWebKit/537.36 (KHTML, like Gecko; compatible; ClaudeBot/1.0; +claudebot@anthropic.com)"
216.73.216.221 - - [25/Jun/2026:17:39:12 -0400] "GET /index.php/producto/alcancia-chucky/feed/ HTTP/2" 200 435 "-" "Mozilla/5.0 AppleWebKit/537.36 (KHTML, like Gecko; compatible; ClaudeBot/1.0; +claudebot@anthropic.com)"
216.73.216.221 - - [25/Jun/2026:17:39:15 -0400] "GET /index.php/wp-json/oembed/1.0/embed?format=xml&url=https%3A%2F%2Falcanciasporkispig.com%2Findex.php%2Fproducto%2Falcancia-cars%2F HTTP/2" 200 1197 "-" "Mozilla/5.0 AppleWebKit/537.36 (KHTML, like Gecko; compatible; ClaudeBot/1.0; +claudebot@anthropic.com)"
216.73.216.221 - - [25/Jun/2026:17:39:15 -0400] "GET /index.php/wp-json/oembed/1.0/embed?url=https%3A%2F%2Falcanciasporkispig.com%2Findex.php%2Fproducto%2Falcancia-colombia-pig%2F HTTP/2" 200 1169 "-" "Mozilla/5.0 AppleWebKit/537.36 (KHTML, like Gecko; compatible; ClaudeBot/1.0; +claudebot@anthropic.com)"
66.225.221.50 - - [25/Jun/2026:17:39:19 -0400] "POST /wp-admin/admin-ajax.php?action=wp_1_wc_privacy_cleanup&nonce=3ea8474b2e HTTP/1.1" 200 0 "-" "WordPress/6.6.5; https://alcanciasporkispig.com"
66.225.221.50 - - [25/Jun/2026:17:41:41 -0400] "POST /wp-cron.php?doing_wp_cron=1782423701.2761929035186767578125 HTTP/1.1" 200 0 "-" "WordPress/6.6.5; https://alcanciasporkispig.com"
66.225.221.50 - - [25/Jun/2026:17:42:20 -0400] "POST /wp-cron.php?doing_wp_cron=1782423740.6292459964752197265625 HTTP/1.1" 200 0 "-" "WordPress/6.6.5; https://alcanciasporkispig.com"
216.73.216.221 - - [25/Jun/2026:17:42:19 -0400] "GET /index.php/producto/alcancia-capitan-america/feed/ HTTP/2" 200 452 "-" "Mozilla/5.0 AppleWebKit/537.36 (KHTML, like Gecko; compatible; ClaudeBot/1.0; +claudebot@anthropic.com)"
216.73.216.221 - - [25/Jun/2026:17:42:19 -0400] "GET /index.php/producto/alcancia-jorge-el-curioso/ HTTP/2" 200 45256 "-" "Mozilla/5.0 AppleWebKit/537.36 (KHTML, like Gecko; compatible; ClaudeBot/1.0; +claudebot@anthropic.com)"
216.73.216.221 - - [25/Jun/2026:17:42:28 -0400] "GET /index.php/etiqueta-producto/seleccion-colombia/ HTTP/2" 200 64309 "-" "Mozilla/5.0 AppleWebKit/537.36 (KHTML, like Gecko; compatible; ClaudeBot/1.0; +claudebot@anthropic.com)"
216.73.216.221 - - [25/Jun/2026:17:42:30 -0400] "GET /index.php/producto/alcancia-cars/feed/ HTTP/2" 200 431 "-" "Mozilla/5.0 AppleWebKit/537.36 (KHTML, like Gecko; compatible; ClaudeBot/1.0; +claudebot@anthropic.com)"
216.73.216.221 - - [25/Jun/2026:17:44:04 -0400] "GET /index.php/etiqueta-producto/alcancias-porkis-ppig/ HTTP/2" 200 64285 "-" "Mozilla/5.0 AppleWebKit/537.36 (KHTML, like Gecko; compatible; ClaudeBot/1.0; +claudebot@anthropic.com)"
216.73.216.221 - - [25/Jun/2026:17:44:04 -0400] "GET /index.php/etiqueta-producto/alcancia-colombia/ HTTP/2" 200 64019 "-" "Mozilla/5.0 AppleWebKit/537.36 (KHTML, like Gecko; compatible; ClaudeBot/1.0; +claudebot@anthropic.com)"
216.73.216.221 - - [25/Jun/2026:17:44:07 -0400] "GET /index.php/etiqueta-producto/alcancia-alegria/ HTTP/2" 200 64385 "-" "Mozilla/5.0 AppleWebKit/537.36 (KHTML, like Gecko; compatible; ClaudeBot/1.0; +claudebot@anthropic.com)"
216.73.216.221 - - [25/Jun/2026:17:44:07 -0400] "GET /index.php/etiqueta-producto/policia-nacional/ HTTP/2" 200 64291 "-" "Mozilla/5.0 AppleWebKit/537.36 (KHTML, like Gecko; compatible; ClaudeBot/1.0; +claudebot@anthropic.com)"
66.249.92.136 - - [25/Jun/2026:17:45:06 -0400] "GET /wp-content/plugins/menu-icons/vendor/codeinwp/icon-picker/css/types/foundation-icons.min.css?ver=3.0 HTTP/1.1" 200 3178 "https://alcanciasporkispig.com/index.php/producto/alcancia-cosmos/" "Mozilla/5.0 (X11; Linux x86_64) AppleWebKit/537.36 (KHTML, like Gecko) Chrome/148.0.7778.96 Safari/537.36"
66.249.92.137 - - [25/Jun/2026:17:45:06 -0400] "GET /wp-content/plugins/menu-icons/css/fontawesome/css/all.min.css?ver=5.15.4 HTTP/1.1" 200 19997 "https://alcanciasporkispig.com/index.php/producto/alcancia-cosmos/" "Mozilla/5.0 (X11; Linux x86_64) AppleWebKit/537.36 (KHTML, like Gecko) Chrome/148.0.7778.96 Safari/537.36"
66.249.92.136 - - [25/Jun/2026:17:45:06 -0400] "GET /wp-content/plugins/photo-gallery/booster/assets/css/global.css?ver=1.0.0 HTTP/1.1" 200 3211 "https://alcanciasporkispig.com/index.php/producto/alcancia-cosmos/" "Mozilla/5.0 (X11; Linux x86_64) AppleWebKit/537.36 (KHTML, like Gecko) Chrome/148.0.7778.96 Safari/537.36"
66.249.92.136 - - [25/Jun/2026:17:45:06 -0400] "GET /wp-content/plugins/menu-icons/vendor/codeinwp/icon-picker/css/types/elusive.min.css?ver=2.0 HTTP/1.1" 200 2130 "https://alcanciasporkispig.com/index.php/producto/alcancia-cosmos/" "Mozilla/5.0 (X11; Linux x86_64) AppleWebKit/537.36 (KHTML, like Gecko) Chrome/148.0.7778.96 Safari/537.36"
66.249.92.136 - - [25/Jun/2026:17:45:06 -0400] "GET /wp-includes/css/dashicons.min.css?ver=6.6.5 HTTP/1.1" 200 35110 "https://alcanciasporkispig.com/index.php/producto/alcancia-cosmos/" "Mozilla/5.0 (X11; Linux x86_64) AppleWebKit/537.36 (KHTML, like Gecko) Chrome/148.0.7778.96 Safari/537.36"
66.249.92.137 - - [25/Jun/2026:17:45:06 -0400] "GET /wp-content/plugins/menu-icons/vendor/codeinwp/icon-picker/css/types/genericons.min.css?ver=3.4 HTTP/1.1" 200 15781 "https://alcanciasporkispig.com/index.php/producto/alcancia-cosmos/" "Mozilla/5.0 (X11; Linux x86_64) AppleWebKit/537.36 (KHTML, like Gecko) Chrome/148.0.7778.96 Safari/537.36"
66.249.92.137 - - [25/Jun/2026:17:45:06 -0400] "GET /wp-content/plugins/dg-divi-carousel/styles/swiper.min.css?ver=2.0.23 HTTP/1.1" 200 2789 "https://alcanciasporkispig.com/index.php/producto/alcancia-cosmos/" "Mozilla/5.0 (X11; Linux x86_64) AppleWebKit/537.36 (KHTML, like Gecko) Chrome/148.0.7778.96 Safari/537.36"
66.249.92.137 - - [25/Jun/2026:17:45:06 -0400] "GET /wp-content/plugins/menu-icons/css/extra.min.css?ver=0.13.15 HTTP/1.1" 200 271 "https://alcanciasporkispig.com/index.php/producto/alcancia-cosmos/" "Mozilla/5.0 (X11; Linux x86_64) AppleWebKit/537.36 (KHTML, like Gecko) Chrome/148.0.7778.96 Safari/537.36"
66.249.92.136 - - [25/Jun/2026:17:45:06 -0400] "GET /wp-content/plugins/yith-infinite-scrolling/assets/css/frontend.css?ver=1.25.0 HTTP/1.1" 200 197 "https://alcanciasporkispig.com/index.php/producto/alcancia-cosmos/" "Mozilla/5.0 (X11; Linux x86_64) AppleWebKit/537.36 (KHTML, like Gecko) Chrome/148.0.7778.96 Safari/537.36"
66.249.92.137 - - [25/Jun/2026:17:45:06 -0400] "GET /wp-content/plugins/photo-gallery/css/bwg-fonts/fonts.css?ver=0.0.1 HTTP/1.1" 200 791 "https://alcanciasporkispig.com/index.php/producto/alcancia-cosmos/" "Mozilla/5.0 (X11; Linux x86_64) AppleWebKit/537.36 (KHTML, like Gecko) Chrome/148.0.7778.96 Safari/537.36"
66.249.92.137 - - [25/Jun/2026:17:45:07 -0400] "GET /wp-content/plugins/photo-gallery/css/jquery.mCustomScrollbar.min.css?ver=3.1.5 HTTP/1.1" 200 3799 "https://alcanciasporkispig.com/index.php/producto/alcancia-cosmos/" "Mozilla/5.0 (X11; Linux x86_64) AppleWebKit/537.36 (KHTML, like Gecko) Chrome/148.0.7778.96 Safari/537.36"
66.249.92.137 - - [25/Jun/2026:17:45:07 -0400] "GET /wp-content/plugins/photo-gallery/css/styles.min.css?ver=1.8.27 HTTP/1.1" 200 6826 "https://alcanciasporkispig.com/index.php/producto/alcancia-cosmos/" "Mozilla/5.0 (X11; Linux x86_64) AppleWebKit/537.36 (KHTML, like Gecko) Chrome/148.0.7778.96 Safari/537.36"
66.249.92.137 - - [25/Jun/2026:17:45:07 -0400] "GET /wp-content/plugins/dg-divi-carousel/styles/light-box-styles.css?ver=2.0.23 HTTP/1.1" 200 507 "https://alcanciasporkispig.com/index.php/producto/alcancia-cosmos/" "Mozilla/5.0 (X11; Linux x86_64) AppleWebKit/537.36 (KHTML, like Gecko) Chrome/148.0.7778.96 Safari/537.36"
66.249.92.137 - - [25/Jun/2026:17:45:07 -0400] "GET /wp-content/plugins/woocommerce/assets/css/photoswipe/photoswipe.min.css?ver=9.1.6 HTTP/1.1" 200 857 "https://alcanciasporkispig.com/index.php/producto/alcancia-cosmos/" "Mozilla/5.0 (X11; Linux x86_64) AppleWebKit/537.36 (KHTML, like Gecko) Chrome/148.0.7778.96 Safari/537.36"
66.249.92.137 - - [25/Jun/2026:17:45:07 -0400] "GET /wp-content/plugins/woocommerce/assets/css/photoswipe/default-skin/default-skin.min.css?ver=9.1.6 HTTP/1.1" 200 1728 "https://alcanciasporkispig.com/index.php/producto/alcancia-cosmos/" "Mozilla/5.0 (X11; Linux x86_64) AppleWebKit/537.36 (KHTML, like Gecko) Chrome/148.0.7778.96 Safari/537.36"
66.249.92.137 - - [25/Jun/2026:17:45:07 -0400] "GET /wp-content/plugins/woocommerce/assets/css/woocommerce.css?ver=9.1.6 HTTP/1.1" 200 9396 "https://alcanciasporkispig.com/index.php/producto/alcancia-cosmos/" "Mozilla/5.0 (X11; Linux x86_64) AppleWebKit/537.36 (KHTML, like Gecko) Chrome/148.0.7778.96 Safari/537.36"
66.249.92.136 - - [25/Jun/2026:17:45:07 -0400] "GET /wp-content/et-cache/758/et-divi-dynamic-tb-2105-tb-1826-758.css?ver=1776768862 HTTP/1.1" 200 3001 "https://alcanciasporkispig.com/index.php/producto/alcancia-cosmos/" "Mozilla/5.0 (X11; Linux x86_64) AppleWebKit/537.36 (KHTML, like Gecko) Chrome/148.0.7778.96 Safari/537.36"
66.249.92.136 - - [25/Jun/2026:17:45:07 -0400] "GET /wp-content/plugins/photo-gallery/css/sumoselect.min.css?ver=3.4.6 HTTP/1.1" 200 1899 "https://alcanciasporkispig.com/index.php/producto/alcancia-cosmos/" "Mozilla/5.0 (X11; Linux x86_64) AppleWebKit/537.36 (KHTML, like Gecko) Chrome/148.0.7778.96 Safari/537.36"
66.249.92.136 - - [25/Jun/2026:17:45:07 -0400] "GET /wp-content/plugins/dg-divi-carousel/styles/style.min.css?ver=2.0.23 HTTP/1.1" 200 2702 "https://alcanciasporkispig.com/index.php/producto/alcancia-cosmos/" "Mozilla/5.0 (X11; Linux x86_64) AppleWebKit/537.36 (KHTML, like Gecko) Chrome/148.0.7778.96 Safari/537.36"
66.249.92.137 - - [25/Jun/2026:17:45:08 -0400] "GET /wp-includes/js/jquery/jquery.min.js?ver=3.7.1 HTTP/1.1" 200 29744 "https://alcanciasporkispig.com/index.php/producto/alcancia-cosmos/" "Mozilla/5.0 (X11; Linux x86_64) AppleWebKit/537.36 (KHTML, like Gecko) Chrome/148.0.7778.96 Safari/537.36"
66.249.92.136 - - [25/Jun/2026:17:45:08 -0400] "GET /wp-content/plugins/photo-gallery/booster/assets/js/circle-progress.js?ver=1.2.2 HTTP/1.1" 200 4251 "https://alcanciasporkispig.com/index.php/producto/alcancia-cosmos/" "Mozilla/5.0 (X11; Linux x86_64) AppleWebKit/537.36 (KHTML, like Gecko) Chrome/148.0.7778.96 Safari/537.36"
66.249.92.136 - - [25/Jun/2026:17:45:08 -0400] "GET /wp-content/plugins/photo-gallery/booster/assets/js/global.js?ver=1.0.0 HTTP/1.1" 200 2321 "https://alcanciasporkispig.com/index.php/producto/alcancia-cosmos/" "Mozilla/5.0 (X11; Linux x86_64) AppleWebKit/537.36 (KHTML, like Gecko) Chrome/148.0.7778.96 Safari/537.36"
66.249.92.137 - - [25/Jun/2026:17:45:08 -0400] "GET /wp-content/plugins/photo-gallery/js/jquery.sumoselect.min.js?ver=3.4.6 HTTP/1.1" 200 7546 "https://alcanciasporkispig.com/index.php/producto/alcancia-cosmos/" "Mozilla/5.0 (X11; Linux x86_64) AppleWebKit/537.36 (KHTML, like Gecko) Chrome/148.0.7778.96 Safari/537.36"
66.249.92.136 - - [25/Jun/2026:17:45:08 -0400] "GET /wp-content/plugins/photo-gallery/js/jquery.mCustomScrollbar.concat.min.js?ver=3.1.5 HTTP/1.1" 200 12358 "https://alcanciasporkispig.com/index.php/producto/alcancia-cosmos/" "Mozilla/5.0 (X11; Linux x86_64) AppleWebKit/537.36 (KHTML, like Gecko) Chrome/148.0.7778.96 Safari/537.36"
66.249.92.136 - - [25/Jun/2026:17:45:08 -0400] "GET /wp-content/et-cache/global/et-divi-customizer-cpt-global.min.css?ver=1776672570 HTTP/1.1" 200 2281 "https://alcanciasporkispig.com/index.php/producto/alcancia-cosmos/" "Mozilla/5.0 (X11; Linux x86_64) AppleWebKit/537.36 (KHTML, like Gecko) Chrome/148.0.7778.96 Safari/537.36"
66.249.92.136 - - [25/Jun/2026:17:45:08 -0400] "GET /wp-content/uploads/2020/08/1.png HTTP/1.1" 200 83996 "https://alcanciasporkispig.com/index.php/producto/alcancia-cosmos/" "Mozilla/5.0 (X11; Linux x86_64) AppleWebKit/537.36 (KHTML, like Gecko) Chrome/148.0.7778.96 Safari/537.36"
66.249.92.136 - - [25/Jun/2026:17:45:08 -0400] "GET /wp-content/plugins/photo-gallery/js/scripts.min.js?ver=1.8.27 HTTP/1.1" 200 32255 "https://alcanciasporkispig.com/index.php/producto/alcancia-cosmos/" "Mozilla/5.0 (X11; Linux x86_64) AppleWebKit/537.36 (KHTML, like Gecko) Chrome/148.0.7778.96 Safari/537.36"
66.249.92.136 - - [25/Jun/2026:17:45:08 -0400] "GET /wp-content/plugins/photo-gallery/js/tocca.min.js?ver=2.0.9 HTTP/1.1" 200 1336 "https://alcanciasporkispig.com/index.php/producto/alcancia-cosmos/" "Mozilla/5.0 (X11; Linux x86_64) AppleWebKit/537.36 (KHTML, like Gecko) Chrome/148.0.7778.96 Safari/537.36"
66.249.92.137 - - [25/Jun/2026:17:45:09 -0400] "GET /wp-content/uploads/2018/05/diseno-grafico-interiorismo1sd.jpg HTTP/1.1" 200 589239 "https://alcanciasporkispig.com/index.php/producto/alcancia-cosmos/" "Mozilla/5.0 (X11; Linux x86_64) AppleWebKit/537.36 (KHTML, like Gecko) Chrome/148.0.7778.96 Safari/537.36"
66.249.92.136 - - [25/Jun/2026:17:45:09 -0400] "GET /wp-content/uploads/2018/06/COSMO..jpg HTTP/1.1" 200 80529 "https://alcanciasporkispig.com/index.php/producto/alcancia-cosmos/" "Mozilla/5.0 (X11; Linux x86_64) AppleWebKit/537.36 (KHTML, like Gecko) Chrome/148.0.7778.96 Safari/537.36"
66.249.92.136 - - [25/Jun/2026:17:45:09 -0400] "GET /wp-includes/js/jquery/jquery-migrate.min.js?ver=3.4.1 HTTP/1.1" 200 4678 "https://alcanciasporkispig.com/index.php/producto/alcancia-cosmos/" "Mozilla/5.0 (X11; Linux x86_64) AppleWebKit/537.36 (KHTML, like Gecko) Chrome/148.0.7778.96 Safari/537.36"
66.249.92.136 - - [25/Jun/2026:17:45:09 -0400] "GET /wp-content/plugins/boxzilla/assets/css/styles.css?ver=3.3.1 HTTP/1.1" 200 452 "https://alcanciasporkispig.com/index.php/producto/alcancia-cosmos/" "Mozilla/5.0 (X11; Linux x86_64) AppleWebKit/537.36 (KHTML, like Gecko) Chrome/148.0.7778.96 Safari/537.36"
66.249.92.136 - - [25/Jun/2026:17:45:09 -0400] "GET /wp-content/plugins/photo-gallery/js/jquery.fullscreen.min.js?ver=0.6.0 HTTP/1.1" 200 2017 "https://alcanciasporkispig.com/index.php/producto/alcancia-cosmos/" "Mozilla/5.0 (X11; Linux x86_64) AppleWebKit/537.36 (KHTML, like Gecko) Chrome/148.0.7778.96 Safari/537.36"
66.249.92.137 - - [25/Jun/2026:17:45:09 -0400] "GET /wp-content/et-cache/global/et-divi-customizer-global.min.css?ver=1776672570 HTTP/1.1" 200 191 "https://alcanciasporkispig.com/index.php/producto/alcancia-cosmos/" "Mozilla/5.0 (X11; Linux x86_64) AppleWebKit/537.36 (KHTML, like Gecko) Chrome/148.0.7778.96 Safari/537.36"
66.249.92.136 - - [25/Jun/2026:17:45:09 -0400] "GET /wp-content/plugins/woocommerce/assets/css/woocommerce-layout.css?ver=9.1.6 HTTP/1.1" 200 2342 "https://alcanciasporkispig.com/index.php/producto/alcancia-cosmos/" "Mozilla/5.0 (X11; Linux x86_64) AppleWebKit/537.36 (KHTML, like Gecko) Chrome/148.0.7778.96 Safari/537.36"
66.249.92.136 - - [25/Jun/2026:17:45:09 -0400] "GET /wp-content/uploads/2019/08/Dainty-hjuuykCrafting-Materials-Facebook-App-300x167.png HTTP/1.1" 200 23580 "https://alcanciasporkispig.com/index.php/producto/alcancia-cosmos/" "Mozilla/5.0 (X11; Linux x86_64) AppleWebKit/537.36 (KHTML, like Gecko) Chrome/148.0.7778.96 Safari/537.36"
66.249.92.137 - - [25/Jun/2026:17:45:09 -0400] "GET /wp-content/plugins/woocommerce/assets/client/blocks/wc-blocks.css?ver=wc-9.1.6 HTTP/1.1" 200 2339 "https://alcanciasporkispig.com/index.php/producto/alcancia-cosmos/" "Mozilla/5.0 (X11; Linux x86_64) AppleWebKit/537.36 (KHTML, like Gecko) Chrome/148.0.7778.96 Safari/537.36"
66.249.92.136 - - [25/Jun/2026:17:45:09 -0400] "GET /wp-content/themes/Divi/js/scripts.min.js?ver=4.27.0 HTTP/1.1" 200 65212 "https://alcanciasporkispig.com/index.php/producto/alcancia-cosmos/" "Mozilla/5.0 (X11; Linux x86_64) AppleWebKit/537.36 (KHTML, like Gecko) Chrome/148.0.7778.96 Safari/537.36"
66.249.92.137 - - [25/Jun/2026:17:45:10 -0400] "GET /wp-content/plugins/dg-divi-carousel/scripts/swiper.min.js?ver=2.0.23 HTTP/1.1" 200 33778 "https://alcanciasporkispig.com/index.php/producto/alcancia-cosmos/" "Mozilla/5.0 (X11; Linux x86_64) AppleWebKit/537.36 (KHTML, like Gecko) Chrome/148.0.7778.96 Safari/537.36"
66.249.92.137 - - [25/Jun/2026:17:45:10 -0400] "GET /wp-content/plugins/woocommerce/assets/js/frontend/order-attribution.min.js?ver=9.1.6 HTTP/1.1" 200 1006 "https://alcanciasporkispig.com/index.php/producto/alcancia-cosmos/" "Mozilla/5.0 (X11; Linux x86_64) AppleWebKit/537.36 (KHTML, like Gecko) Chrome/148.0.7778.96 Safari/537.36"
66.249.92.137 - - [25/Jun/2026:17:45:10 -0400] "GET /wp-content/plugins/yith-infinite-scrolling/assets/js/yith.infinitescroll.min.js?ver=1.25.0 HTTP/1.1" 200 656 "https://alcanciasporkispig.com/index.php/producto/alcancia-cosmos/" "Mozilla/5.0 (X11; Linux x86_64) AppleWebKit/537.36 (KHTML, like Gecko) Chrome/148.0.7778.96 Safari/537.36"
66.249.92.137 - - [25/Jun/2026:17:45:10 -0400] "GET /wp-content/plugins/woocommerce/assets/js/frontend/add-to-cart.min.js?ver=9.1.6 HTTP/1.1" 200 989 "https://alcanciasporkispig.com/index.php/producto/alcancia-cosmos/" "Mozilla/5.0 (X11; Linux x86_64) AppleWebKit/537.36 (KHTML, like Gecko) Chrome/148.0.7778.96 Safari/537.36"
66.249.92.137 - - [25/Jun/2026:17:45:10 -0400] "GET /wp-content/plugins/woocommerce/assets/js/flexslider/jquery.flexslider.min.js?ver=2.7.2-wc.9.1.6 HTTP/1.1" 200 5985 "https://alcanciasporkispig.com/index.php/producto/alcancia-cosmos/" "Mozilla/5.0 (X11; Linux x86_64) AppleWebKit/537.36 (KHTML, like Gecko) Chrome/148.0.7778.96 Safari/537.36"
66.249.92.137 - - [25/Jun/2026:17:45:10 -0400] "GET /wp-content/plugins/woocommerce/assets/js/frontend/single-product.min.js?ver=9.1.6 HTTP/1.1" 200 1746 "https://alcanciasporkispig.com/index.php/producto/alcancia-cosmos/" "Mozilla/5.0 (X11; Linux x86_64) AppleWebKit/537.36 (KHTML, like Gecko) Chrome/148.0.7778.96 Safari/537.36"
66.249.92.136 - - [25/Jun/2026:17:45:10 -0400] "GET /wp-content/plugins/woocommerce/assets/js/frontend/add-to-cart-variation.min.js?ver=9.1.6 HTTP/1.1" 200 3479 "https://alcanciasporkispig.com/index.php/producto/alcancia-cosmos/" "Mozilla/5.0 (X11; Linux x86_64) AppleWebKit/537.36 (KHTML, like Gecko) Chrome/148.0.7778.96 Safari/537.36"
66.249.92.137 - - [25/Jun/2026:17:45:11 -0400] "GET /wp-includes/js/wp-util.min.js?ver=6.6.5 HTTP/1.1" 200 693 "https://alcanciasporkispig.com/index.php/producto/alcancia-cosmos/" "Mozilla/5.0 (X11; Linux x86_64) AppleWebKit/537.36 (KHTML, like Gecko) Chrome/148.0.7778.96 Safari/537.36"
66.249.92.136 - - [25/Jun/2026:17:45:11 -0400] "GET /wp-content/themes/Divi/includes/builder/scripts/cpt-modules-wrapper.js?ver=4.27.0 HTTP/1.1" 200 626 "https://alcanciasporkispig.com/index.php/producto/alcancia-cosmos/" "Mozilla/5.0 (X11; Linux x86_64) AppleWebKit/537.36 (KHTML, like Gecko) Chrome/148.0.7778.96 Safari/537.36"
66.249.92.136 - - [25/Jun/2026:17:45:11 -0400] "GET /wp-content/plugins/woocommerce/assets/js/photoswipe/photoswipe.min.js?ver=4.1.1-wc.9.1.6 HTTP/1.1" 200 11652 "https://alcanciasporkispig.com/index.php/producto/alcancia-cosmos/" "Mozilla/5.0 (X11; Linux x86_64) AppleWebKit/537.36 (KHTML, like Gecko) Chrome/148.0.7778.96 Safari/537.36"
66.249.92.136 - - [25/Jun/2026:17:45:11 -0400] "GET /wp-content/themes/Divi/core/admin/js/common.js?ver=4.27.0 HTTP/1.1" 200 490 "https://alcanciasporkispig.com/index.php/producto/alcancia-cosmos/" "Mozilla/5.0 (X11; Linux x86_64) AppleWebKit/537.36 (KHTML, like Gecko) Chrome/148.0.7778.96 Safari/537.36"
66.249.92.136 - - [25/Jun/2026:17:45:11 -0400] "GET /wp-content/plugins/woocommerce/assets/js/frontend/woocommerce.min.js?ver=9.1.6 HTTP/1.1" 200 814 "https://alcanciasporkispig.com/index.php/producto/alcancia-cosmos/" "Mozilla/5.0 (X11; Linux x86_64) AppleWebKit/537.36 (KHTML, like Gecko) Chrome/148.0.7778.96 Safari/537.36"
66.249.92.136 - - [25/Jun/2026:17:45:11 -0400] "GET /wp-content/plugins/woocommerce/assets/js/js-cookie/js.cookie.min.js?ver=2.1.4-wc.9.1.6 HTTP/1.1" 200 760 "https://alcanciasporkispig.com/index.php/producto/alcancia-cosmos/" "Mozilla/5.0 (X11; Linux x86_64) AppleWebKit/537.36 (KHTML, like Gecko) Chrome/148.0.7778.96 Safari/537.36"
66.249.92.136 - - [25/Jun/2026:17:45:11 -0400] "GET /wp-content/plugins/yith-infinite-scrolling/assets/js/yith-infs.min.js?ver=1.25.0 HTTP/1.1" 200 231 "https://alcanciasporkispig.com/index.php/producto/alcancia-cosmos/" "Mozilla/5.0 (X11; Linux x86_64) AppleWebKit/537.36 (KHTML, like Gecko) Chrome/148.0.7778.96 Safari/537.36"
66.249.92.136 - - [25/Jun/2026:17:45:11 -0400] "GET /wp-content/plugins/boxzilla/assets/js/script.js?ver=3.3.1 HTTP/1.1" 200 4088 "https://alcanciasporkispig.com/index.php/producto/alcancia-cosmos/" "Mozilla/5.0 (X11; Linux x86_64) AppleWebKit/537.36 (KHTML, like Gecko) Chrome/148.0.7778.96 Safari/537.36"
66.249.92.136 - - [25/Jun/2026:17:45:11 -0400] "GET /wp-content/plugins/dg-divi-carousel/scripts/frontend-bundle.min.js?ver=2.0.23 HTTP/1.1" 200 2862 "https://alcanciasporkispig.com/index.php/producto/alcancia-cosmos/" "Mozilla/5.0 (X11; Linux x86_64) AppleWebKit/537.36 (KHTML, like Gecko) Chrome/148.0.7778.96 Safari/537.36"
66.249.92.136 - - [25/Jun/2026:17:45:11 -0400] "GET /wp-includes/js/underscore.min.js?ver=1.13.4 HTTP/1.1" 200 7179 "https://alcanciasporkispig.com/index.php/producto/alcancia-cosmos/" "Mozilla/5.0 (X11; Linux x86_64) AppleWebKit/537.36 (KHTML, like Gecko) Chrome/148.0.7778.96 Safari/537.36"
66.249.92.136 - - [25/Jun/2026:17:45:12 -0400] "GET /wp-includes/js/comment-reply.min.js?ver=6.6.5 HTTP/1.1" 200 1228 "https://alcanciasporkispig.com/index.php/producto/alcancia-cosmos/" "Mozilla/5.0 (X11; Linux x86_64) AppleWebKit/537.36 (KHTML, like Gecko) Chrome/148.0.7778.96 Safari/537.36"
66.249.92.136 - - [25/Jun/2026:17:45:12 -0400] "GET /wp-content/plugins/woocommerce/assets/js/zoom/jquery.zoom.min.js?ver=1.7.21-wc.9.1.6 HTTP/1.1" 200 1052 "https://alcanciasporkispig.com/index.php/producto/alcancia-cosmos/" "Mozilla/5.0 (X11; Linux x86_64) AppleWebKit/537.36 (KHTML, like Gecko) Chrome/148.0.7778.96 Safari/537.36"
66.249.92.136 - - [25/Jun/2026:17:45:12 -0400] "GET /wp-content/plugins/woocommerce/assets/css/woocommerce-smallscreen.css?ver=9.1.6 HTTP/1.1" 200 1065 "https://alcanciasporkispig.com/index.php/producto/alcancia-cosmos/" "Mozilla/5.0 (X11; Linux x86_64) AppleWebKit/537.36 (KHTML, like Gecko) Chrome/148.0.7778.96 Safari/537.36"
66.249.92.136 - - [25/Jun/2026:17:45:12 -0400] "GET /wp-content/plugins/woocommerce/assets/js/jquery-blockui/jquery.blockUI.min.js?ver=2.7.0-wc.9.1.6 HTTP/1.1" 200 3277 "https://alcanciasporkispig.com/index.php/producto/alcancia-cosmos/" "Mozilla/5.0 (X11; Linux x86_64) AppleWebKit/537.36 (KHTML, like Gecko) Chrome/148.0.7778.96 Safari/537.36"
66.249.92.136 - - [25/Jun/2026:17:45:12 -0400] "GET /wp-content/plugins/woocommerce/assets/js/photoswipe/photoswipe-ui-default.min.js?ver=4.1.1-wc.9.1.6 HTTP/1.1" 200 3478 "https://alcanciasporkispig.com/index.php/producto/alcancia-cosmos/" "Mozilla/5.0 (X11; Linux x86_64) AppleWebKit/537.36 (KHTML, like Gecko) Chrome/148.0.7778.96 Safari/537.36"
66.249.92.136 - - [25/Jun/2026:17:45:12 -0400] "GET /wp-content/plugins/woocommerce/assets/js/sourcebuster/sourcebuster.min.js?ver=9.1.6 HTTP/1.1" 200 4609 "https://alcanciasporkispig.com/index.php/producto/alcancia-cosmos/" "Mozilla/5.0 (X11; Linux x86_64) AppleWebKit/537.36 (KHTML, like Gecko) Chrome/148.0.7778.96 Safari/537.36"
216.73.216.221 - - [25/Jun/2026:17:36:07 -0400] "GET /index.php/wp-json/wp/v2/product/1078 HTTP/2" 200 3696 "-" "Mozilla/5.0 AppleWebKit/537.36 (KHTML, like Gecko; compatible; ClaudeBot/1.0; +claudebot@anthropic.com)"
216.73.216.221 - - [25/Jun/2026:17:36:07 -0400] "GET /index.php/wp-json/oembed/1.0/embed?url=https%3A%2F%2Falcanciasporkispig.com%2Findex.php%2Fproducto%2Falcancia-pikachu%2F HTTP/2" 200 1154 "-" "Mozilla/5.0 AppleWebKit/537.36 (KHTML, like Gecko; compatible; ClaudeBot/1.0; +claudebot@anthropic.com)"
216.73.216.221 - - [25/Jun/2026:17:36:10 -0400] "GET /index.php/wp-json/wp/v2/product/1011 HTTP/2" 200 3735 "-" "Mozilla/5.0 AppleWebKit/537.36 (KHTML, like Gecko; compatible; ClaudeBot/1.0; +claudebot@anthropic.com)"
216.73.216.221 - - [25/Jun/2026:17:36:11 -0400] "GET /index.php/wp-json/wp/v2/product/793 HTTP/2" 200 3714 "-" "Mozilla/5.0 AppleWebKit/537.36 (KHTML, like Gecko; compatible; ClaudeBot/1.0; +claudebot@anthropic.com)"
216.73.216.221 - - [25/Jun/2026:17:36:12 -0400] "GET /index.php/wp-json/wp/v2/product/597 HTTP/2" 200 3721 "-" "Mozilla/5.0 AppleWebKit/537.36 (KHTML, like Gecko; compatible; ClaudeBot/1.0; +claudebot@anthropic.com)"
216.73.216.221 - - [25/Jun/2026:17:37:38 -0400] "GET /index.php/wp-json/oembed/1.0/embed?format=xml&url=https%3A%2F%2Falcanciasporkispig.com%2Findex.php%2Fproducto%2Falcancia-chilindrina%2F HTTP/2" 200 1218 "-" "Mozilla/5.0 AppleWebKit/537.36 (KHTML, like Gecko; compatible; ClaudeBot/1.0; +claudebot@anthropic.com)"
216.73.216.221 - - [25/Jun/2026:17:37:39 -0400] "GET /index.php/wp-json/oembed/1.0/embed?url=https%3A%2F%2Falcanciasporkispig.com%2Findex.php%2Fproducto%2Falcancia-goku%2F HTTP/2" 200 1150 "-" "Mozilla/5.0 AppleWebKit/537.36 (KHTML, like Gecko; compatible; ClaudeBot/1.0; +claudebot@anthropic.com)"
216.73.216.221 - - [25/Jun/2026:17:37:42 -0400] "GET /index.php/wp-json/oembed/1.0/embed?format=xml&url=https%3A%2F%2Falcanciasporkispig.com%2Findex.php%2Fproducto%2Falcancia-anna%2F HTTP/2" 200 1199 "-" "Mozilla/5.0 AppleWebKit/537.36 (KHTML, like Gecko; compatible; ClaudeBot/1.0; +claudebot@anthropic.com)"
216.73.216.221 - - [25/Jun/2026:17:37:42 -0400] "GET /index.php/wp-json/oembed/1.0/embed?url=https%3A%2F%2Falcanciasporkispig.com%2Findex.php%2Fproducto%2Falcancia-chilindrina%2F HTTP/2" 200 1161 "-" "Mozilla/5.0 AppleWebKit/537.36 (KHTML, like Gecko; compatible; ClaudeBot/1.0; +claudebot@anthropic.com)"
216.73.216.221 - - [25/Jun/2026:17:37:45 -0400] "GET /index.php/producto/alcancia-pikachu/feed/ HTTP/2" 200 435 "-" "Mozilla/5.0 AppleWebKit/537.36 (KHTML, like Gecko; compatible; ClaudeBot/1.0; +claudebot@anthropic.com)"
66.225.221.50 - - [25/Jun/2026:17:38:32 -0400] "POST /wp-cron.php?doing_wp_cron=1782423512.4679019451141357421875 HTTP/1.1" 200 0 "-" "WordPress/6.6.5; https://alcanciasporkispig.com"
66.225.221.50 - - [25/Jun/2026:17:39:17 -0400] "POST /wp-cron.php?doing_wp_cron=1782423557.0150570869445800781250 HTTP/1.1" 200 0 "-" "WordPress/6.6.5; https://alcanciasporkispig.com"
216.73.216.221 - - [25/Jun/2026:17:42:50 -0400] "GET /index.php/producto/alcancia-soy-luna/feed/ HTTP/2" 200 439 "-" "Mozilla/5.0 AppleWebKit/537.36 (KHTML, like Gecko; compatible; ClaudeBot/1.0; +claudebot@anthropic.com)"
216.73.216.221 - - [25/Jun/2026:17:42:51 -0400] "GET /index.php/producto/alcancia-kiss/ HTTP/2" 200 44787 "-" "Mozilla/5.0 AppleWebKit/537.36 (KHTML, like Gecko; compatible; ClaudeBot/1.0; +claudebot@anthropic.com)"
216.73.216.221 - - [25/Jun/2026:17:42:52 -0400] "GET /index.php/producto/alcancia-dracula-moster-high/ HTTP/2" 200 44984 "-" "Mozilla/5.0 AppleWebKit/537.36 (KHTML, like Gecko; compatible; ClaudeBot/1.0; +claudebot@anthropic.com)"
216.73.216.221 - - [25/Jun/2026:17:42:57 -0400] "GET /index.php/producto/alcancia-policia/feed/ HTTP/2" 200 438 "-" "Mozilla/5.0 AppleWebKit/537.36 (KHTML, like Gecko; compatible; ClaudeBot/1.0; +claudebot@anthropic.com)"
66.225.221.50 - - [25/Jun/2026:17:44:06 -0400] "POST /wp-cron.php?doing_wp_cron=1782423846.1621069908142089843750 HTTP/1.1" 200 0 "-" "WordPress/6.6.5; https://alcanciasporkispig.com"
216.73.216.221 - - [25/Jun/2026:17:35:20 -0400] "GET /index.php/wp-json/wp/v2/product/539 HTTP/2" 200 3721 "-" "Mozilla/5.0 AppleWebKit/537.36 (KHTML, like Gecko; compatible; ClaudeBot/1.0; +claudebot@anthropic.com)"
