Heray-Was-Here
Server : LiteSpeed
System : Linux single-5922.banahosting.com 5.14.0-284.1101.el9.tuxcare.7.els20.x86_64 #1 SMP PREEMPT_DYNAMIC Wed Sep 24 16:11:55 UTC 2025 x86_64
User : yanpvxgf ( 1213)
PHP Version : 8.4.21
Disable Function : stream_socket_server, stream_socket_recvfrom, dl
Directory :  /home/yanpvxgf/access-logs/

Upload File :
current_dir [ Writeable ] document_root [ Writeable ]

 

Current File : /home/yanpvxgf/access-logs/alcanciasporkispig.imcardbusiness.com-ssl_log
66.225.221.50 - - [25/Jun/2026:08:08:40 -0400] "POST /wp-cron.php?doing_wp_cron=1782389320.7396399974822998046875 HTTP/1.1" 200 0 "-" "WordPress/6.6.5; https://alcanciasporkispig.com"
142.44.233.242 - - [25/Jun/2026:08:08:39 -0400] "GET /index.php/producto/alcancia-panda/ HTTP/2" 200 44965 "-" "Mozilla/5.0 (compatible; AhrefsBot/7.0; +http://ahrefs.com/robot/)"
52.167.144.158 - - [25/Jun/2026:08:12:56 -0400] "GET /wp-content/uploads/2019/09/PANDILLA-POCOYO-350x230.jpg HTTP/2" 200 23869 "-" "Mozilla/5.0 AppleWebKit/537.36 (KHTML, like Gecko; compatible; bingbot/2.0; +http://www.bing.com/bingbot.htm) Chrome/116.0.1938.76 Safari/537.36"
66.225.221.50 - - [25/Jun/2026:08:36:09 -0400] "POST /wp-cron.php?doing_wp_cron=1782390969.6048591136932373046875 HTTP/1.1" 200 0 "-" "WordPress/6.6.5; https://alcanciasporkispig.com"
180.93.64.30 - - [25/Jun/2026:08:36:07 -0400] "GET /index.php/etiqueta-producto/manualidades/page/5/ HTTP/1.1" 200 77268 "-" "Mozilla/5.0 (Windows NT 6.1; Win64; x64) AppleWebKit/537.36 (KHTML, like Gecko) Chrome/80.0.3987.132 Safari/537.36"
57.141.4.64 - - [25/Jun/2026:08:29:24 -0400] "GET /sitemap.xml HTTP/2" 301 0 "-" "meta-externalagent/1.1 (+https://developers.facebook.com/docs/sharing/webmasters/crawler)"
40.77.167.151 - - [25/Jun/2026:08:36:39 -0400] "GET /wp-content/uploads/2018/06/ANGRY-BIRDS..jpg HTTP/2" 200 173876 "-" "Mozilla/5.0 AppleWebKit/537.36 (KHTML, like Gecko; compatible; bingbot/2.0; +http://www.bing.com/bingbot.htm) Chrome/116.0.1938.76 Safari/537.36"
43.160.225.169 - - [25/Jun/2026:08:15:34 -0400] "GET / HTTP/1.1" 200 83586 "http://alcanciasporkispig.com" "Mozilla/5.0 (iPhone; CPU iPhone OS 13_2_3 like Mac OS X) AppleWebKit/605.1.15 (KHTML, like Gecko) Version/13.0.3 Mobile/15E148 Safari/604.1"
66.225.221.50 - - [25/Jun/2026:08:29:26 -0400] "POST /wp-cron.php?doing_wp_cron=1782390566.3868479728698730468750 HTTP/1.1" 200 0 "-" "WordPress/6.6.5; https://alcanciasporkispig.com"
216.73.217.94 - - [25/Jun/2026:08:22:43 -0400] "GET /index.php/sitemap_index.xml HTTP/2" 200 312 "-" "Mozilla/5.0 AppleWebKit/537.36 (KHTML, like Gecko; compatible; ClaudeBot/1.0; +claudebot@anthropic.com)"
66.225.221.50 - - [25/Jun/2026:08:22:45 -0400] "POST /wp-cron.php?doing_wp_cron=1782390165.8360788822174072265625 HTTP/1.1" 200 0 "-" "WordPress/6.6.5; https://alcanciasporkispig.com"
40.77.167.42 - - [25/Jun/2026:08:25:29 -0400] "GET /index.php/producto/alcancia-furia/ HTTP/2" 200 45161 "-" "Mozilla/5.0 AppleWebKit/537.36 (KHTML, like Gecko; compatible; bingbot/2.0; +http://www.bing.com/bingbot.htm) Chrome/116.0.1938.76 Safari/537.36"
66.225.221.50 - - [25/Jun/2026:08:28:14 -0400] "POST /wp-cron.php?doing_wp_cron=1782390494.1914229393005371093750 HTTP/1.1" 200 0 "-" "WordPress/6.6.5; https://alcanciasporkispig.com"
51.222.168.2 - - [25/Jun/2026:08:28:12 -0400] "GET /index.php/etiqueta-producto/alcancia-kiss/ HTTP/2" 200 64076 "-" "Mozilla/5.0 (compatible; AhrefsBot/7.0; +http://ahrefs.com/robot/)"
66.225.221.50 - - [25/Jun/2026:08:25:30 -0400] "POST /wp-cron.php?doing_wp_cron=1782390330.7457089424133300781250 HTTP/1.1" 200 0 "-" "WordPress/6.6.5; https://alcanciasporkispig.com"
169.224.29.145 - - [25/Jun/2026:09:06:36 -0400] "GET /index.php/etiqueta-producto/manualidades/page/1/ HTTP/1.1" 301 0 "-" "Mozilla/5.0 (Windows NT 6.3; WOW64) AppleWebKit/537.36 (KHTML, like Gecko) Chrome/81.0.4044.129 Safari/537.36"
169.224.29.145 - - [25/Jun/2026:09:06:38 -0400] "GET /index.php/etiqueta-producto/manualidades/ HTTP/1.1" 200 77062 "-" "Mozilla/5.0 (Windows NT 6.3; WOW64) AppleWebKit/537.36 (KHTML, like Gecko) Chrome/81.0.4044.129 Safari/537.36"
66.225.221.50 - - [25/Jun/2026:09:02:39 -0400] "POST /wp-cron.php?doing_wp_cron=1782392559.1485619544982910156250 HTTP/1.1" 200 0 "-" "WordPress/6.6.5; https://alcanciasporkispig.com"
43.130.9.111 - - [25/Jun/2026:09:11:13 -0400] "GET / HTTP/1.1" 200 83586 "https://www.alcanciasporkispig.com/" "Mozilla/5.0 (iPhone; CPU iPhone OS 13_2_3 like Mac OS X) AppleWebKit/605.1.15 (KHTML, like Gecko) Version/13.0.3 Mobile/15E148 Safari/604.1"
207.46.13.31 - - [25/Jun/2026:08:57:18 -0400] "GET / HTTP/2" 200 70788 "-" "Mozilla/5.0 AppleWebKit/537.36 (KHTML, like Gecko; compatible; bingbot/2.0; +http://www.bing.com/bingbot.htm) Chrome/116.0.1938.76 Safari/537.36"
66.225.221.50 - - [25/Jun/2026:09:06:38 -0400] "POST /wp-cron.php?doing_wp_cron=1782392798.2080619335174560546875 HTTP/1.1" 200 0 "-" "WordPress/6.6.5; https://alcanciasporkispig.com"
43.130.9.111 - - [25/Jun/2026:09:11:10 -0400] "GET / HTTP/1.1" 301 0 "http://www.alcanciasporkispig.com" "Mozilla/5.0 (iPhone; CPU iPhone OS 13_2_3 like Mac OS X) AppleWebKit/605.1.15 (KHTML, like Gecko) Version/13.0.3 Mobile/15E148 Safari/604.1"
54.39.0.6 - - [25/Jun/2026:09:05:21 -0400] "GET /wp-content/uploads/2018/06/PAW-PATROL-CHASE.jpg HTTP/2" 200 92855 "-" "Mozilla/5.0 (compatible; AhrefsBot/7.0; +http://ahrefs.com/robot/)"
66.249.66.44 - - [25/Jun/2026:09:10:26 -0400] "GET /wp-content/uploads/2018/07/ANNA.jpg HTTP/1.1" 200 79391 "-" "Googlebot-Image/1.0"
66.225.221.50 - - [25/Jun/2026:08:57:21 -0400] "POST /wp-cron.php?doing_wp_cron=1782392241.2869770526885986328125 HTTP/1.1" 200 0 "-" "WordPress/6.6.5; https://alcanciasporkispig.com"
142.44.220.149 - - [25/Jun/2026:09:02:37 -0400] "GET /index.php/producto/alcancia-paw-patrol-chase/ HTTP/2" 200 44860 "-" "Mozilla/5.0 (compatible; AhrefsBot/7.0; +http://ahrefs.com/robot/)"
66.225.221.50 - - [25/Jun/2026:09:17:15 -0400] "POST /wp-cron.php?doing_wp_cron=1782393435.9711840152740478515625 HTTP/1.1" 200 0 "-" "WordPress/6.6.5; https://alcanciasporkispig.com"
66.225.221.50 - - [25/Jun/2026:09:17:19 -0400] "PURGE /.* HTTP/1.1" 200 0 "-" "WordPress/6.6.5; https://alcanciasporkispig.com; EPC/v2.2.1/option_update__et_builder_gf_feature_cache"
64.23.237.213 - - [25/Jun/2026:09:17:43 -0400] "GET / HTTP/1.1" 301 0 "-" "Mozilla/5.0 (X11; Linux x86_64; rv:142.0) Gecko/20100101 Firefox/142.0"
64.23.237.213 - - [25/Jun/2026:09:17:46 -0400] "GET /favicon.ico HTTP/1.1" 404 4999 "https://mail.alcanciasporkispig.com/" "Mozilla/5.0 (X11; Linux x86_64; rv:142.0) Gecko/20100101 Firefox/142.0"
66.225.221.50 - - [25/Jun/2026:09:17:19 -0400] "PURGE /.* HTTP/1.1" 200 0 "-" "WordPress/6.6.5; https://alcanciasporkispig.com; EPC/v2.2.1/option_update__et_builder_gf_feature_cache"
57.141.4.48 - - [25/Jun/2026:09:17:14 -0400] "GET /index.php/finalizar-compra/ HTTP/2" 302 0 "-" "meta-externalagent/1.1 (+https://developers.facebook.com/docs/sharing/webmasters/crawler)"
57.141.4.23 - - [25/Jun/2026:09:17:17 -0400] "GET /sitemap-index.xml HTTP/2" 404 67589 "-" "meta-externalagent/1.1 (+https://developers.facebook.com/docs/sharing/webmasters/crawler)"
66.225.221.50 - - [25/Jun/2026:09:31:26 -0400] "PURGE /.* HTTP/1.1" 200 0 "-" "WordPress/6.6.5; https://alcanciasporkispig.com; EPC/v2.2.1/option_update__et_builder_gf_feature_cache"
180.92.145.205 - - [25/Jun/2026:09:34:19 -0400] "GET /index.php/categoria-producto/alcancias-personalizadas/ HTTP/2" 200 64778 "-" "Mozilla/5.0 (Linux; Android 5.0; SM-G900P Build/LRX21T) AppleWebKit/537.36 (KHTML, like Gecko) Chrome/42.0.3196.1270 Mobile Safari/537.36"
180.92.145.205 - - [25/Jun/2026:09:34:22 -0400] "GET /wp-includes/css/dashicons.min.css?ver=6.6.5 HTTP/2" 200 35110 "https://alcanciasporkispig.com/index.php/categoria-producto/alcancias-personalizadas/" "Mozilla/5.0 (Linux; Android 5.0; SM-G900P Build/LRX21T) AppleWebKit/537.36 (KHTML, like Gecko) Chrome/42.0.3196.1270 Mobile Safari/537.36"
180.92.145.205 - - [25/Jun/2026:09:34:22 -0400] "GET /wp-content/plugins/menu-icons/vendor/codeinwp/icon-picker/css/types/foundation-icons.min.css?ver=3.0 HTTP/2" 200 3178 "https://alcanciasporkispig.com/index.php/categoria-producto/alcancias-personalizadas/" "Mozilla/5.0 (Linux; Android 5.0; SM-G900P Build/LRX21T) AppleWebKit/537.36 (KHTML, like Gecko) Chrome/42.0.3196.1270 Mobile Safari/537.36"
180.92.145.205 - - [25/Jun/2026:09:34:22 -0400] "GET /wp-content/plugins/menu-icons/css/extra.min.css?ver=0.13.15 HTTP/2" 200 271 "https://alcanciasporkispig.com/index.php/categoria-producto/alcancias-personalizadas/" "Mozilla/5.0 (Linux; Android 5.0; SM-G900P Build/LRX21T) AppleWebKit/537.36 (KHTML, like Gecko) Chrome/42.0.3196.1270 Mobile Safari/537.36"
180.92.145.205 - - [25/Jun/2026:09:34:22 -0400] "GET /wp-content/plugins/dg-divi-carousel/styles/swiper.min.css?ver=2.0.23 HTTP/2" 200 2789 "https://alcanciasporkispig.com/index.php/categoria-producto/alcancias-personalizadas/" "Mozilla/5.0 (Linux; Android 5.0; SM-G900P Build/LRX21T) AppleWebKit/537.36 (KHTML, like Gecko) Chrome/42.0.3196.1270 Mobile Safari/537.36"
180.92.145.205 - - [25/Jun/2026:09:34:23 -0400] "GET /wp-content/plugins/woocommerce/assets/css/woocommerce.css?ver=9.1.6 HTTP/2" 200 9396 "https://alcanciasporkispig.com/index.php/categoria-producto/alcancias-personalizadas/" "Mozilla/5.0 (Linux; Android 5.0; SM-G900P Build/LRX21T) AppleWebKit/537.36 (KHTML, like Gecko) Chrome/42.0.3196.1270 Mobile Safari/537.36"
180.92.145.205 - - [25/Jun/2026:09:34:23 -0400] "GET /wp-content/et-cache/taxonomy/product_cat/17/et-divi-dynamic-tb-1826.css?ver=1776676566 HTTP/2" 200 2355 "https://alcanciasporkispig.com/index.php/categoria-producto/alcancias-personalizadas/" "Mozilla/5.0 (Linux; Android 5.0; SM-G900P Build/LRX21T) AppleWebKit/537.36 (KHTML, like Gecko) Chrome/42.0.3196.1270 Mobile Safari/537.36"
180.92.145.205 - - [25/Jun/2026:09:34:23 -0400] "GET /wp-content/plugins/woocommerce/assets/css/photoswipe/photoswipe.min.css?ver=9.1.6 HTTP/2" 200 857 "https://alcanciasporkispig.com/index.php/categoria-producto/alcancias-personalizadas/" "Mozilla/5.0 (Linux; Android 5.0; SM-G900P Build/LRX21T) AppleWebKit/537.36 (KHTML, like Gecko) Chrome/42.0.3196.1270 Mobile Safari/537.36"
180.92.145.205 - - [25/Jun/2026:09:34:23 -0400] "GET /wp-content/plugins/woocommerce/assets/css/photoswipe/default-skin/default-skin.min.css?ver=9.1.6 HTTP/2" 200 1728 "https://alcanciasporkispig.com/index.php/categoria-producto/alcancias-personalizadas/" "Mozilla/5.0 (Linux; Android 5.0; SM-G900P Build/LRX21T) AppleWebKit/537.36 (KHTML, like Gecko) Chrome/42.0.3196.1270 Mobile Safari/537.36"
180.92.145.205 - - [25/Jun/2026:09:34:23 -0400] "GET /wp-content/plugins/boxzilla/assets/css/styles.css?ver=3.3.1 HTTP/2" 200 452 "https://alcanciasporkispig.com/index.php/categoria-producto/alcancias-personalizadas/" "Mozilla/5.0 (Linux; Android 5.0; SM-G900P Build/LRX21T) AppleWebKit/537.36 (KHTML, like Gecko) Chrome/42.0.3196.1270 Mobile Safari/537.36"
180.92.145.205 - - [25/Jun/2026:09:34:24 -0400] "GET /wp-includes/js/jquery/jquery.min.js?ver=3.7.1 HTTP/2" 200 29744 "https://alcanciasporkispig.com/index.php/categoria-producto/alcancias-personalizadas/" "Mozilla/5.0 (Linux; Android 5.0; SM-G900P Build/LRX21T) AppleWebKit/537.36 (KHTML, like Gecko) Chrome/42.0.3196.1270 Mobile Safari/537.36"
180.92.145.205 - - [25/Jun/2026:09:34:24 -0400] "GET /wp-content/plugins/photo-gallery/js/jquery.sumoselect.min.js?ver=3.4.6 HTTP/2" 200 7546 "https://alcanciasporkispig.com/index.php/categoria-producto/alcancias-personalizadas/" "Mozilla/5.0 (Linux; Android 5.0; SM-G900P Build/LRX21T) AppleWebKit/537.36 (KHTML, like Gecko) Chrome/42.0.3196.1270 Mobile Safari/537.36"
180.92.145.205 - - [25/Jun/2026:09:34:24 -0400] "GET /wp-content/uploads/2018/05/ALEGRIA.-300x251.jpg HTTP/2" 206 500 "https://alcanciasporkispig.com/index.php/categoria-producto/alcancias-personalizadas/" "Mozilla/5.0 (Linux; Android 5.0; SM-G900P Build/LRX21T) AppleWebKit/537.36 (KHTML, like Gecko) Chrome/42.0.3196.1270 Mobile Safari/537.36"
180.92.145.205 - - [25/Jun/2026:09:34:25 -0400] "GET /wp-content/uploads/2018/07/ANNA-300x251.jpg HTTP/2" 206 500 "https://alcanciasporkispig.com/index.php/categoria-producto/alcancias-personalizadas/" "Mozilla/5.0 (Linux; Android 5.0; SM-G900P Build/LRX21T) AppleWebKit/537.36 (KHTML, like Gecko) Chrome/42.0.3196.1270 Mobile Safari/537.36"
180.92.145.205 - - [25/Jun/2026:09:34:25 -0400] "GET /wp-content/uploads/2018/06/ANGRY-BIRDS.-300x251.jpg HTTP/2" 206 500 "https://alcanciasporkispig.com/index.php/categoria-producto/alcancias-personalizadas/" "Mozilla/5.0 (Linux; Android 5.0; SM-G900P Build/LRX21T) AppleWebKit/537.36 (KHTML, like Gecko) Chrome/42.0.3196.1270 Mobile Safari/537.36"
180.92.145.205 - - [25/Jun/2026:09:34:25 -0400] "GET /wp-content/plugins/woocommerce/assets/js/frontend/order-attribution.min.js?ver=9.1.6 HTTP/2" 200 1006 "https://alcanciasporkispig.com/index.php/categoria-producto/alcancias-personalizadas/" "Mozilla/5.0 (Linux; Android 5.0; SM-G900P Build/LRX21T) AppleWebKit/537.36 (KHTML, like Gecko) Chrome/42.0.3196.1270 Mobile Safari/537.36"
180.92.145.205 - - [25/Jun/2026:09:34:25 -0400] "GET /wp-content/plugins/dg-divi-carousel/scripts/swiper.min.js?ver=2.0.23 HTTP/2" 200 33778 "https://alcanciasporkispig.com/index.php/categoria-producto/alcancias-personalizadas/" "Mozilla/5.0 (Linux; Android 5.0; SM-G900P Build/LRX21T) AppleWebKit/537.36 (KHTML, like Gecko) Chrome/42.0.3196.1270 Mobile Safari/537.36"
180.92.145.205 - - [25/Jun/2026:09:34:26 -0400] "GET /wp-content/themes/Divi/core/admin/js/common.js?ver=4.27.0 HTTP/2" 200 490 "https://alcanciasporkispig.com/index.php/categoria-producto/alcancias-personalizadas/" "Mozilla/5.0 (Linux; Android 5.0; SM-G900P Build/LRX21T) AppleWebKit/537.36 (KHTML, like Gecko) Chrome/42.0.3196.1270 Mobile Safari/537.36"
180.92.145.205 - - [25/Jun/2026:09:34:26 -0400] "GET /wp-content/themes/Divi/includes/builder/scripts/cpt-modules-wrapper.js?ver=4.27.0 HTTP/2" 200 626 "https://alcanciasporkispig.com/index.php/categoria-producto/alcancias-personalizadas/" "Mozilla/5.0 (Linux; Android 5.0; SM-G900P Build/LRX21T) AppleWebKit/537.36 (KHTML, like Gecko) Chrome/42.0.3196.1270 Mobile Safari/537.36"
180.92.145.205 - - [25/Jun/2026:09:34:26 -0400] "GET /wp-content/themes/Divi/js/scripts.min.js?ver=4.27.0 HTTP/2" 200 65212 "https://alcanciasporkispig.com/index.php/categoria-producto/alcancias-personalizadas/" "Mozilla/5.0 (Linux; Android 5.0; SM-G900P Build/LRX21T) AppleWebKit/537.36 (KHTML, like Gecko) Chrome/42.0.3196.1270 Mobile Safari/537.36"
180.92.145.205 - - [25/Jun/2026:09:34:26 -0400] "GET /wp-content/plugins/woocommerce/assets/js/js-cookie/js.cookie.min.js?ver=2.1.4-wc.9.1.6 HTTP/2" 200 760 "https://alcanciasporkispig.com/index.php/categoria-producto/alcancias-personalizadas/" "Mozilla/5.0 (Linux; Android 5.0; SM-G900P Build/LRX21T) AppleWebKit/537.36 (KHTML, like Gecko) Chrome/42.0.3196.1270 Mobile Safari/537.36"
180.92.145.205 - - [25/Jun/2026:09:34:26 -0400] "GET /wp-content/plugins/woocommerce/assets/js/frontend/add-to-cart.min.js?ver=9.1.6 HTTP/2" 200 989 "https://alcanciasporkispig.com/index.php/categoria-producto/alcancias-personalizadas/" "Mozilla/5.0 (Linux; Android 5.0; SM-G900P Build/LRX21T) AppleWebKit/537.36 (KHTML, like Gecko) Chrome/42.0.3196.1270 Mobile Safari/537.36"
180.92.145.205 - - [25/Jun/2026:09:34:26 -0400] "GET /wp-content/plugins/woocommerce/assets/js/zoom/jquery.zoom.min.js?ver=1.7.21-wc.9.1.6 HTTP/2" 200 1052 "https://alcanciasporkispig.com/index.php/categoria-producto/alcancias-personalizadas/" "Mozilla/5.0 (Linux; Android 5.0; SM-G900P Build/LRX21T) AppleWebKit/537.36 (KHTML, like Gecko) Chrome/42.0.3196.1270 Mobile Safari/537.36"
180.92.145.205 - - [25/Jun/2026:09:34:26 -0400] "GET /wp-content/plugins/woocommerce/assets/js/flexslider/jquery.flexslider.min.js?ver=2.7.2-wc.9.1.6 HTTP/2" 200 5985 "https://alcanciasporkispig.com/index.php/categoria-producto/alcancias-personalizadas/" "Mozilla/5.0 (Linux; Android 5.0; SM-G900P Build/LRX21T) AppleWebKit/537.36 (KHTML, like Gecko) Chrome/42.0.3196.1270 Mobile Safari/537.36"
180.92.145.205 - - [25/Jun/2026:09:34:26 -0400] "GET /wp-content/plugins/woocommerce/assets/js/photoswipe/photoswipe-ui-default.min.js?ver=4.1.1-wc.9.1.6 HTTP/2" 200 3478 "https://alcanciasporkispig.com/index.php/categoria-producto/alcancias-personalizadas/" "Mozilla/5.0 (Linux; Android 5.0; SM-G900P Build/LRX21T) AppleWebKit/537.36 (KHTML, like Gecko) Chrome/42.0.3196.1270 Mobile Safari/537.36"
180.92.145.205 - - [25/Jun/2026:09:34:27 -0400] "GET /wp-content/plugins/woocommerce/assets/js/frontend/checkout.min.js?ver=9.1.6 HTTP/2" 200 3687 "https://alcanciasporkispig.com/index.php/categoria-producto/alcancias-personalizadas/" "Mozilla/5.0 (Linux; Android 5.0; SM-G900P Build/LRX21T) AppleWebKit/537.36 (KHTML, like Gecko) Chrome/42.0.3196.1270 Mobile Safari/537.36"
180.92.145.205 - - [25/Jun/2026:09:34:27 -0400] "GET /wp-content/plugins/woocommerce/assets/js/frontend/country-select.min.js?ver=9.1.6 HTTP/2" 200 955 "https://alcanciasporkispig.com/index.php/categoria-producto/alcancias-personalizadas/" "Mozilla/5.0 (Linux; Android 5.0; SM-G900P Build/LRX21T) AppleWebKit/537.36 (KHTML, like Gecko) Chrome/42.0.3196.1270 Mobile Safari/537.36"
180.92.145.205 - - [25/Jun/2026:09:34:27 -0400] "GET /wp-content/uploads/2018/06/BATMAN-BABY-300x251.jpg HTTP/2" 206 500 "https://alcanciasporkispig.com/index.php/categoria-producto/alcancias-personalizadas/" "Mozilla/5.0 (Linux; Android 5.0; SM-G900P Build/LRX21T) AppleWebKit/537.36 (KHTML, like Gecko) Chrome/42.0.3196.1270 Mobile Safari/537.36"
180.92.145.205 - - [25/Jun/2026:09:34:27 -0400] "GET /wp-content/plugins/woocommerce/assets/js/frontend/cart-fragments.min.js?ver=9.1.6 HTTP/2" 200 943 "https://alcanciasporkispig.com/index.php/categoria-producto/alcancias-personalizadas/" "Mozilla/5.0 (Linux; Android 5.0; SM-G900P Build/LRX21T) AppleWebKit/537.36 (KHTML, like Gecko) Chrome/42.0.3196.1270 Mobile Safari/537.36"
180.92.145.205 - - [25/Jun/2026:09:34:27 -0400] "GET /wp-content/plugins/woocommerce/assets/js/select2/select2.full.min.js?ver=4.0.3-wc.9.1.6 HTTP/2" 200 19579 "https://alcanciasporkispig.com/index.php/categoria-producto/alcancias-personalizadas/" "Mozilla/5.0 (Linux; Android 5.0; SM-G900P Build/LRX21T) AppleWebKit/537.36 (KHTML, like Gecko) Chrome/42.0.3196.1270 Mobile Safari/537.36"
180.92.145.205 - - [25/Jun/2026:09:34:29 -0400] "GET /wp-content/uploads/2018/06/BELLOTA.-300x251.jpg HTTP/2" 206 500 "https://alcanciasporkispig.com/index.php/categoria-producto/alcancias-personalizadas/" "Mozilla/5.0 (Linux; Android 5.0; SM-G900P Build/LRX21T) AppleWebKit/537.36 (KHTML, like Gecko) Chrome/42.0.3196.1270 Mobile Safari/537.36"
66.225.221.50 - - [25/Jun/2026:09:31:26 -0400] "PURGE /.* HTTP/1.1" 200 0 "-" "WordPress/6.6.5; https://alcanciasporkispig.com; EPC/v2.2.1/option_update__et_builder_gf_feature_cache"
216.73.217.94 - - [25/Jun/2026:09:37:21 -0400] "GET /robots.txt HTTP/2" 200 118 "-" "Mozilla/5.0 AppleWebKit/537.36 (KHTML, like Gecko; compatible; ClaudeBot/1.0; +claudebot@anthropic.com)"
216.73.217.94 - - [25/Jun/2026:09:37:28 -0400] "GET /index.php/carrito/ HTTP/2" 200 53438 "-" "Mozilla/5.0 AppleWebKit/537.36 (KHTML, like Gecko; compatible; ClaudeBot/1.0; +claudebot@anthropic.com)"
66.225.221.50 - - [25/Jun/2026:09:31:24 -0400] "POST /wp-cron.php?doing_wp_cron=1782394284.9113779067993164062500 HTTP/1.1" 200 0 "-" "WordPress/6.6.5; https://alcanciasporkispig.com"
57.141.4.61 - - [25/Jun/2026:09:38:23 -0400] "GET /sitemap.txt HTTP/2" 404 67902 "-" "meta-externalagent/1.1 (+https://developers.facebook.com/docs/sharing/webmasters/crawler)"
180.92.145.205 - - [25/Jun/2026:09:34:29 -0400] "GET /wp-content/plugins/woocommerce/assets/js/selectWoo/selectWoo.full.min.js?ver=1.0.9-wc.9.1.6 HTTP/2" 200 20209 "https://alcanciasporkispig.com/index.php/categoria-producto/alcancias-personalizadas/" "Mozilla/5.0 (Linux; Android 5.0; SM-G900P Build/LRX21T) AppleWebKit/537.36 (KHTML, like Gecko) Chrome/42.0.3196.1270 Mobile Safari/537.36"
180.92.145.205 - - [25/Jun/2026:09:34:29 -0400] "GET /wp-content/uploads/2018/06/BLU.-300x251.jpg HTTP/2" 206 500 "https://alcanciasporkispig.com/index.php/categoria-producto/alcancias-personalizadas/" "Mozilla/5.0 (Linux; Android 5.0; SM-G900P Build/LRX21T) AppleWebKit/537.36 (KHTML, like Gecko) Chrome/42.0.3196.1270 Mobile Safari/537.36"
180.92.145.205 - - [25/Jun/2026:09:34:29 -0400] "GET /wp-content/uploads/2018/06/BOMBERO-1-300x197.jpg HTTP/2" 206 500 "https://alcanciasporkispig.com/index.php/categoria-producto/alcancias-personalizadas/" "Mozilla/5.0 (Linux; Android 5.0; SM-G900P Build/LRX21T) AppleWebKit/537.36 (KHTML, like Gecko) Chrome/42.0.3196.1270 Mobile Safari/537.36"
180.92.145.205 - - [25/Jun/2026:09:34:29 -0400] "GET /wp-content/uploads/2018/06/BOB-ESPONJA.-300x251.jpg HTTP/2" 206 500 "https://alcanciasporkispig.com/index.php/categoria-producto/alcancias-personalizadas/" "Mozilla/5.0 (Linux; Android 5.0; SM-G900P Build/LRX21T) AppleWebKit/537.36 (KHTML, like Gecko) Chrome/42.0.3196.1270 Mobile Safari/537.36"
180.92.145.205 - - [25/Jun/2026:09:34:29 -0400] "GET /wp-content/uploads/2018/06/BOMBON.-300x251.jpg HTTP/2" 206 500 "https://alcanciasporkispig.com/index.php/categoria-producto/alcancias-personalizadas/" "Mozilla/5.0 (Linux; Android 5.0; SM-G900P Build/LRX21T) AppleWebKit/537.36 (KHTML, like Gecko) Chrome/42.0.3196.1270 Mobile Safari/537.36"
180.92.145.205 - - [25/Jun/2026:09:34:30 -0400] "POST /?wc-ajax=get_refreshed_fragments HTTP/2" 200 139 "https://alcanciasporkispig.com/index.php/categoria-producto/alcancias-personalizadas/" "Mozilla/5.0 (Linux; Android 5.0; SM-G900P Build/LRX21T) AppleWebKit/537.36 (KHTML, like Gecko) Chrome/42.0.3196.1270 Mobile Safari/537.36"
66.249.66.74 - - [25/Jun/2026:09:31:23 -0400] "GET /index.php/producto/alcancia-bob-esponja/ HTTP/1.1" 200 45228 "-" "Mozilla/5.0 (compatible; Googlebot/2.1; +http://www.google.com/bot.html)"
66.225.221.50 - - [25/Jun/2026:09:34:20 -0400] "POST /wp-cron.php?doing_wp_cron=1782394460.7907400131225585937500 HTTP/1.1" 200 0 "-" "WordPress/6.6.5; https://alcanciasporkispig.com"
66.225.221.50 - - [25/Jun/2026:09:38:25 -0400] "POST /wp-cron.php?doing_wp_cron=1782394705.1608989238739013671875 HTTP/1.1" 200 0 "-" "WordPress/6.6.5; https://alcanciasporkispig.com"
66.225.221.50 - - [25/Jun/2026:09:37:23 -0400] "POST /wp-cron.php?doing_wp_cron=1782394643.0827729701995849609375 HTTP/1.1" 200 0 "-" "WordPress/6.6.5; https://alcanciasporkispig.com"
51.222.168.62 - - [25/Jun/2026:09:42:25 -0400] "GET / HTTP/2" 200 70788 "-" "Mozilla/5.0 (compatible; AhrefsBot/7.0; +http://ahrefs.com/robot/)"
66.225.221.50 - - [25/Jun/2026:09:42:27 -0400] "POST /wp-cron.php?doing_wp_cron=1782394947.3674519062042236328125 HTTP/1.1" 200 0 "-" "WordPress/6.6.5; https://alcanciasporkispig.com"
40.77.167.132 - - [25/Jun/2026:09:54:37 -0400] "GET /wp-content/uploads/2018/07/ANNA.jpg HTTP/2" 200 79391 "-" "Mozilla/5.0 AppleWebKit/537.36 (KHTML, like Gecko; compatible; bingbot/2.0; +http://www.bing.com/bingbot.htm) Chrome/116.0.1938.76 Safari/537.36"
66.225.221.50 - - [25/Jun/2026:09:58:13 -0400] "PURGE /.* HTTP/1.1" 200 0 "-" "WordPress/6.6.5; https://alcanciasporkispig.com; EPC/v2.2.1/option_update__et_builder_gf_feature_cache"
142.44.228.124 - - [25/Jun/2026:09:58:41 -0400] "GET /index.php/producto/alcancia-linterna-verde/feed/ HTTP/2" 304 0 "-" "Mozilla/5.0 (compatible; AhrefsBot/7.0; +http://ahrefs.com/robot/)"
85.208.96.196 - - [25/Jun/2026:09:58:07 -0400] "GET /robots.txt HTTP/1.1" 200 139 "-" "Mozilla/5.0 (compatible; SemrushBot/7~bl; +http://www.semrush.com/bot.html)"
216.73.217.94 - - [25/Jun/2026:10:03:59 -0400] "GET /index.php/etiqueta-producto/alcacia-wayuu/ HTTP/2" 200 64330 "-" "Mozilla/5.0 AppleWebKit/537.36 (KHTML, like Gecko; compatible; ClaudeBot/1.0; +claudebot@anthropic.com)"
216.73.217.94 - - [25/Jun/2026:10:03:59 -0400] "GET /index.php/etiqueta-producto/alcacia-wayuu/feed/ HTTP/2" 200 4522 "-" "Mozilla/5.0 AppleWebKit/537.36 (KHTML, like Gecko; compatible; ClaudeBot/1.0; +claudebot@anthropic.com)"
66.225.221.50 - - [25/Jun/2026:09:58:13 -0400] "PURGE /.* HTTP/1.1" 200 0 "-" "WordPress/6.6.5; https://alcanciasporkispig.com; EPC/v2.2.1/option_update__et_builder_gf_feature_cache"
85.208.96.210 - - [25/Jun/2026:09:58:10 -0400] "GET /index.php/plantillas/ HTTP/1.1" 200 49028 "-" "Mozilla/5.0 (compatible; SemrushBot/7~bl; +http://www.semrush.com/bot.html)"
66.225.221.50 - - [25/Jun/2026:09:58:08 -0400] "POST /wp-cron.php?doing_wp_cron=1782395888.7167799472808837890625 HTTP/1.1" 200 0 "-" "WordPress/6.6.5; https://alcanciasporkispig.com"
66.225.221.50 - - [25/Jun/2026:09:58:08 -0400] "GET /?et_check_mod_pagespeed=on HTTP/1.1" 200 24 "-" "WordPress/6.6.5; https://alcanciasporkispig.com"
66.225.221.50 - - [25/Jun/2026:10:04:01 -0400] "POST /wp-cron.php?doing_wp_cron=1782396241.6975269317626953125000 HTTP/1.1" 200 0 "-" "WordPress/6.6.5; https://alcanciasporkispig.com"
17.22.253.23 - - [25/Jun/2026:10:15:48 -0400] "GET /index.php/producto/alcancia-bombon/feed/ HTTP/2" 200 489 "-" "Mozilla/5.0 (Macintosh; Intel Mac OS X 10_15_7) AppleWebKit/605.1.15 (KHTML, like Gecko) Version/17.4 Safari/605.1.15 (Applebot/0.1; +http://www.apple.com/go/applebot)"
51.222.168.238 - - [25/Jun/2026:10:20:37 -0400] "GET /index.php/etiqueta-producto/rock/ HTTP/2" 200 64041 "-" "Mozilla/5.0 (compatible; AhrefsBot/7.0; +http://ahrefs.com/robot/)"
216.73.217.94 - - [25/Jun/2026:10:27:57 -0400] "GET /index.php/carrito/ HTTP/2" 200 53438 "-" "Mozilla/5.0 AppleWebKit/537.36 (KHTML, like Gecko; compatible; ClaudeBot/1.0; +claudebot@anthropic.com)"
66.225.221.50 - - [25/Jun/2026:10:15:50 -0400] "POST /wp-cron.php?doing_wp_cron=1782396950.1964149475097656250000 HTTP/1.1" 200 0 "-" "WordPress/6.6.5; https://alcanciasporkispig.com"
66.225.221.50 - - [25/Jun/2026:10:17:40 -0400] "POST /wp-cron.php?doing_wp_cron=1782397060.0545899868011474609375 HTTP/1.1" 200 0 "-" "WordPress/6.6.5; https://alcanciasporkispig.com"
216.73.217.94 - - [25/Jun/2026:10:17:38 -0400] "GET /index.php/sitemap_index.xml HTTP/2" 200 312 "-" "Mozilla/5.0 AppleWebKit/537.36 (KHTML, like Gecko; compatible; ClaudeBot/1.0; +claudebot@anthropic.com)"
66.225.221.50 - - [25/Jun/2026:10:27:58 -0400] "POST /wp-cron.php?doing_wp_cron=1782397678.8711659908294677734375 HTTP/1.1" 200 0 "-" "WordPress/6.6.5; https://alcanciasporkispig.com"
54.39.89.207 - - [25/Jun/2026:10:25:21 -0400] "GET /wp-content/uploads/2018/07/KISS-300x251.jpg HTTP/2" 200 19947 "-" "Mozilla/5.0 (compatible; AhrefsBot/7.0; +http://ahrefs.com/robot/)"
66.225.221.50 - - [25/Jun/2026:10:20:39 -0400] "POST /wp-cron.php?doing_wp_cron=1782397238.9897789955139160156250 HTTP/1.1" 200 0 "-" "WordPress/6.6.5; https://alcanciasporkispig.com"
189.143.110.233 - - [25/Jun/2026:10:35:40 -0400] "GET /index.php/producto/alcancia-hinata-naruto/ HTTP/2" 200 44710 "https://www.google.com/" "Mozilla/5.0 (Linux; Android 10; K) AppleWebKit/537.36 (KHTML, like Gecko) Chrome/149.0.0.0 Mobile Safari/537.36"
189.143.110.233 - - [25/Jun/2026:10:35:43 -0400] "GET /wp-content/plugins/photo-gallery/booster/assets/css/global.css?ver=1.0.0 HTTP/2" 200 3211 "https://alcanciasporkispig.com/index.php/producto/alcancia-hinata-naruto/" "Mozilla/5.0 (Linux; Android 10; K) AppleWebKit/537.36 (KHTML, like Gecko) Chrome/149.0.0.0 Mobile Safari/537.36"
189.143.110.233 - - [25/Jun/2026:10:35:43 -0400] "GET /wp-includes/css/dashicons.min.css?ver=6.6.5 HTTP/2" 200 35110 "https://alcanciasporkispig.com/index.php/producto/alcancia-hinata-naruto/" "Mozilla/5.0 (Linux; Android 10; K) AppleWebKit/537.36 (KHTML, like Gecko) Chrome/149.0.0.0 Mobile Safari/537.36"
189.143.110.233 - - [25/Jun/2026:10:35:43 -0400] "GET /wp-content/plugins/dg-divi-carousel/styles/light-box-styles.css?ver=2.0.23 HTTP/2" 200 507 "https://alcanciasporkispig.com/index.php/producto/alcancia-hinata-naruto/" "Mozilla/5.0 (Linux; Android 10; K) AppleWebKit/537.36 (KHTML, like Gecko) Chrome/149.0.0.0 Mobile Safari/537.36"
189.143.110.233 - - [25/Jun/2026:10:35:43 -0400] "GET /wp-content/plugins/menu-icons/css/extra.min.css?ver=0.13.15 HTTP/2" 200 271 "https://alcanciasporkispig.com/index.php/producto/alcancia-hinata-naruto/" "Mozilla/5.0 (Linux; Android 10; K) AppleWebKit/537.36 (KHTML, like Gecko) Chrome/149.0.0.0 Mobile Safari/537.36"
189.143.110.233 - - [25/Jun/2026:10:35:43 -0400] "GET /wp-content/plugins/menu-icons/vendor/codeinwp/icon-picker/css/types/elusive.min.css?ver=2.0 HTTP/2" 200 2130 "https://alcanciasporkispig.com/index.php/producto/alcancia-hinata-naruto/" "Mozilla/5.0 (Linux; Android 10; K) AppleWebKit/537.36 (KHTML, like Gecko) Chrome/149.0.0.0 Mobile Safari/537.36"
189.143.110.233 - - [25/Jun/2026:10:35:43 -0400] "GET /wp-content/plugins/dg-divi-carousel/styles/swiper.min.css?ver=2.0.23 HTTP/2" 200 2789 "https://alcanciasporkispig.com/index.php/producto/alcancia-hinata-naruto/" "Mozilla/5.0 (Linux; Android 10; K) AppleWebKit/537.36 (KHTML, like Gecko) Chrome/149.0.0.0 Mobile Safari/537.36"
189.143.110.233 - - [25/Jun/2026:10:35:43 -0400] "GET /wp-content/plugins/menu-icons/vendor/codeinwp/icon-picker/css/types/foundation-icons.min.css?ver=3.0 HTTP/2" 200 3178 "https://alcanciasporkispig.com/index.php/producto/alcancia-hinata-naruto/" "Mozilla/5.0 (Linux; Android 10; K) AppleWebKit/537.36 (KHTML, like Gecko) Chrome/149.0.0.0 Mobile Safari/537.36"
189.143.110.233 - - [25/Jun/2026:10:35:43 -0400] "GET /wp-content/plugins/photo-gallery/css/bwg-fonts/fonts.css?ver=0.0.1 HTTP/2" 200 791 "https://alcanciasporkispig.com/index.php/producto/alcancia-hinata-naruto/" "Mozilla/5.0 (Linux; Android 10; K) AppleWebKit/537.36 (KHTML, like Gecko) Chrome/149.0.0.0 Mobile Safari/537.36"
189.143.110.233 - - [25/Jun/2026:10:35:43 -0400] "GET /wp-content/plugins/menu-icons/css/fontawesome/css/all.min.css?ver=5.15.4 HTTP/2" 200 19997 "https://alcanciasporkispig.com/index.php/producto/alcancia-hinata-naruto/" "Mozilla/5.0 (Linux; Android 10; K) AppleWebKit/537.36 (KHTML, like Gecko) Chrome/149.0.0.0 Mobile Safari/537.36"
189.143.110.233 - - [25/Jun/2026:10:35:43 -0400] "GET /wp-content/plugins/menu-icons/vendor/codeinwp/icon-picker/css/types/genericons.min.css?ver=3.4 HTTP/2" 200 15781 "https://alcanciasporkispig.com/index.php/producto/alcancia-hinata-naruto/" "Mozilla/5.0 (Linux; Android 10; K) AppleWebKit/537.36 (KHTML, like Gecko) Chrome/149.0.0.0 Mobile Safari/537.36"
189.143.110.233 - - [25/Jun/2026:10:35:43 -0400] "GET /wp-content/plugins/yith-infinite-scrolling/assets/css/frontend.css?ver=1.25.0 HTTP/2" 200 197 "https://alcanciasporkispig.com/index.php/producto/alcancia-hinata-naruto/" "Mozilla/5.0 (Linux; Android 10; K) AppleWebKit/537.36 (KHTML, like Gecko) Chrome/149.0.0.0 Mobile Safari/537.36"
189.143.110.233 - - [25/Jun/2026:10:35:43 -0400] "GET /wp-content/plugins/photo-gallery/css/sumoselect.min.css?ver=3.4.6 HTTP/2" 200 1899 "https://alcanciasporkispig.com/index.php/producto/alcancia-hinata-naruto/" "Mozilla/5.0 (Linux; Android 10; K) AppleWebKit/537.36 (KHTML, like Gecko) Chrome/149.0.0.0 Mobile Safari/537.36"
189.143.110.233 - - [25/Jun/2026:10:35:43 -0400] "GET /wp-content/plugins/woocommerce/assets/css/photoswipe/default-skin/default-skin.min.css?ver=9.1.6 HTTP/2" 200 1728 "https://alcanciasporkispig.com/index.php/producto/alcancia-hinata-naruto/" "Mozilla/5.0 (Linux; Android 10; K) AppleWebKit/537.36 (KHTML, like Gecko) Chrome/149.0.0.0 Mobile Safari/537.36"
189.143.110.233 - - [25/Jun/2026:10:35:43 -0400] "GET /wp-content/et-cache/695/et-divi-dynamic-tb-2105-tb-1826-695.css?ver=1776681000 HTTP/2" 200 3001 "https://alcanciasporkispig.com/index.php/producto/alcancia-hinata-naruto/" "Mozilla/5.0 (Linux; Android 10; K) AppleWebKit/537.36 (KHTML, like Gecko) Chrome/149.0.0.0 Mobile Safari/537.36"
189.143.110.233 - - [25/Jun/2026:10:35:43 -0400] "GET /wp-content/plugins/woocommerce/assets/css/woocommerce-layout.css?ver=9.1.6 HTTP/2" 200 2342 "https://alcanciasporkispig.com/index.php/producto/alcancia-hinata-naruto/" "Mozilla/5.0 (Linux; Android 10; K) AppleWebKit/537.36 (KHTML, like Gecko) Chrome/149.0.0.0 Mobile Safari/537.36"
189.143.110.233 - - [25/Jun/2026:10:35:43 -0400] "GET /wp-content/plugins/photo-gallery/css/jquery.mCustomScrollbar.min.css?ver=3.1.5 HTTP/2" 200 3799 "https://alcanciasporkispig.com/index.php/producto/alcancia-hinata-naruto/" "Mozilla/5.0 (Linux; Android 10; K) AppleWebKit/537.36 (KHTML, like Gecko) Chrome/149.0.0.0 Mobile Safari/537.36"
189.143.110.233 - - [25/Jun/2026:10:35:43 -0400] "GET /wp-content/plugins/dg-divi-carousel/styles/style.min.css?ver=2.0.23 HTTP/2" 200 2702 "https://alcanciasporkispig.com/index.php/producto/alcancia-hinata-naruto/" "Mozilla/5.0 (Linux; Android 10; K) AppleWebKit/537.36 (KHTML, like Gecko) Chrome/149.0.0.0 Mobile Safari/537.36"
189.143.110.233 - - [25/Jun/2026:10:35:43 -0400] "GET /wp-content/plugins/woocommerce/assets/css/photoswipe/photoswipe.min.css?ver=9.1.6 HTTP/2" 200 857 "https://alcanciasporkispig.com/index.php/producto/alcancia-hinata-naruto/" "Mozilla/5.0 (Linux; Android 10; K) AppleWebKit/537.36 (KHTML, like Gecko) Chrome/149.0.0.0 Mobile Safari/537.36"
189.143.110.233 - - [25/Jun/2026:10:35:43 -0400] "GET /wp-content/et-cache/global/et-divi-customizer-global.min.css?ver=1776672570 HTTP/2" 200 191 "https://alcanciasporkispig.com/index.php/producto/alcancia-hinata-naruto/" "Mozilla/5.0 (Linux; Android 10; K) AppleWebKit/537.36 (KHTML, like Gecko) Chrome/149.0.0.0 Mobile Safari/537.36"
189.143.110.233 - - [25/Jun/2026:10:35:43 -0400] "GET /wp-content/plugins/photo-gallery/booster/assets/js/global.js?ver=1.0.0 HTTP/2" 200 2321 "https://alcanciasporkispig.com/index.php/producto/alcancia-hinata-naruto/" "Mozilla/5.0 (Linux; Android 10; K) AppleWebKit/537.36 (KHTML, like Gecko) Chrome/149.0.0.0 Mobile Safari/537.36"
189.143.110.233 - - [25/Jun/2026:10:35:43 -0400] "GET /wp-content/et-cache/global/et-divi-customizer-cpt-global.min.css?ver=1776672570 HTTP/2" 200 2281 "https://alcanciasporkispig.com/index.php/producto/alcancia-hinata-naruto/" "Mozilla/5.0 (Linux; Android 10; K) AppleWebKit/537.36 (KHTML, like Gecko) Chrome/149.0.0.0 Mobile Safari/537.36"
189.143.110.233 - - [25/Jun/2026:10:35:43 -0400] "GET /wp-content/plugins/boxzilla/assets/css/styles.css?ver=3.3.1 HTTP/2" 200 452 "https://alcanciasporkispig.com/index.php/producto/alcancia-hinata-naruto/" "Mozilla/5.0 (Linux; Android 10; K) AppleWebKit/537.36 (KHTML, like Gecko) Chrome/149.0.0.0 Mobile Safari/537.36"
189.143.110.233 - - [25/Jun/2026:10:35:43 -0400] "GET /wp-content/plugins/photo-gallery/js/tocca.min.js?ver=2.0.9 HTTP/2" 200 1336 "https://alcanciasporkispig.com/index.php/producto/alcancia-hinata-naruto/" "Mozilla/5.0 (Linux; Android 10; K) AppleWebKit/537.36 (KHTML, like Gecko) Chrome/149.0.0.0 Mobile Safari/537.36"
189.143.110.233 - - [25/Jun/2026:10:35:43 -0400] "GET /wp-content/plugins/photo-gallery/js/jquery.fullscreen.min.js?ver=0.6.0 HTTP/2" 200 2017 "https://alcanciasporkispig.com/index.php/producto/alcancia-hinata-naruto/" "Mozilla/5.0 (Linux; Android 10; K) AppleWebKit/537.36 (KHTML, like Gecko) Chrome/149.0.0.0 Mobile Safari/537.36"
189.143.110.233 - - [25/Jun/2026:10:35:43 -0400] "GET /wp-content/plugins/woocommerce/assets/css/woocommerce-smallscreen.css?ver=9.1.6 HTTP/2" 200 1065 "https://alcanciasporkispig.com/index.php/producto/alcancia-hinata-naruto/" "Mozilla/5.0 (Linux; Android 10; K) AppleWebKit/537.36 (KHTML, like Gecko) Chrome/149.0.0.0 Mobile Safari/537.36"
189.143.110.233 - - [25/Jun/2026:10:35:43 -0400] "GET /wp-content/plugins/photo-gallery/css/styles.min.css?ver=1.8.27 HTTP/2" 200 6826 "https://alcanciasporkispig.com/index.php/producto/alcancia-hinata-naruto/" "Mozilla/5.0 (Linux; Android 10; K) AppleWebKit/537.36 (KHTML, like Gecko) Chrome/149.0.0.0 Mobile Safari/537.36"
189.143.110.233 - - [25/Jun/2026:10:35:43 -0400] "GET /wp-content/plugins/woocommerce/assets/css/woocommerce.css?ver=9.1.6 HTTP/2" 200 9396 "https://alcanciasporkispig.com/index.php/producto/alcancia-hinata-naruto/" "Mozilla/5.0 (Linux; Android 10; K) AppleWebKit/537.36 (KHTML, like Gecko) Chrome/149.0.0.0 Mobile Safari/537.36"
189.143.110.233 - - [25/Jun/2026:10:35:43 -0400] "GET /wp-includes/js/jquery/jquery-migrate.min.js?ver=3.4.1 HTTP/2" 200 4678 "https://alcanciasporkispig.com/index.php/producto/alcancia-hinata-naruto/" "Mozilla/5.0 (Linux; Android 10; K) AppleWebKit/537.36 (KHTML, like Gecko) Chrome/149.0.0.0 Mobile Safari/537.36"
189.143.110.233 - - [25/Jun/2026:10:35:43 -0400] "GET /wp-content/plugins/photo-gallery/booster/assets/js/circle-progress.js?ver=1.2.2 HTTP/2" 200 4251 "https://alcanciasporkispig.com/index.php/producto/alcancia-hinata-naruto/" "Mozilla/5.0 (Linux; Android 10; K) AppleWebKit/537.36 (KHTML, like Gecko) Chrome/149.0.0.0 Mobile Safari/537.36"
189.143.110.233 - - [25/Jun/2026:10:35:43 -0400] "GET /wp-content/plugins/photo-gallery/js/jquery.sumoselect.min.js?ver=3.4.6 HTTP/2" 200 7546 "https://alcanciasporkispig.com/index.php/producto/alcancia-hinata-naruto/" "Mozilla/5.0 (Linux; Android 10; K) AppleWebKit/537.36 (KHTML, like Gecko) Chrome/149.0.0.0 Mobile Safari/537.36"
189.143.110.233 - - [25/Jun/2026:10:35:43 -0400] "GET /wp-content/plugins/photo-gallery/js/jquery.mCustomScrollbar.concat.min.js?ver=3.1.5 HTTP/2" 200 12358 "https://alcanciasporkispig.com/index.php/producto/alcancia-hinata-naruto/" "Mozilla/5.0 (Linux; Android 10; K) AppleWebKit/537.36 (KHTML, like Gecko) Chrome/149.0.0.0 Mobile Safari/537.36"
189.143.110.233 - - [25/Jun/2026:10:35:43 -0400] "GET /wp-includes/js/jquery/jquery.min.js?ver=3.7.1 HTTP/2" 200 29744 "https://alcanciasporkispig.com/index.php/producto/alcancia-hinata-naruto/" "Mozilla/5.0 (Linux; Android 10; K) AppleWebKit/537.36 (KHTML, like Gecko) Chrome/149.0.0.0 Mobile Safari/537.36"
189.143.110.233 - - [25/Jun/2026:10:35:43 -0400] "GET /wp-content/plugins/photo-gallery/js/scripts.min.js?ver=1.8.27 HTTP/2" 200 32255 "https://alcanciasporkispig.com/index.php/producto/alcancia-hinata-naruto/" "Mozilla/5.0 (Linux; Android 10; K) AppleWebKit/537.36 (KHTML, like Gecko) Chrome/149.0.0.0 Mobile Safari/537.36"
189.143.110.233 - - [25/Jun/2026:10:35:43 -0400] "GET /wp-content/uploads/2018/06/HINATA-NARUTO..jpg HTTP/2" 200 155308 "https://alcanciasporkispig.com/index.php/producto/alcancia-hinata-naruto/" "Mozilla/5.0 (Linux; Android 10; K) AppleWebKit/537.36 (KHTML, like Gecko) Chrome/149.0.0.0 Mobile Safari/537.36"
189.143.110.233 - - [25/Jun/2026:10:35:43 -0400] "GET /wp-content/uploads/2020/08/1.png HTTP/2" 200 83996 "https://alcanciasporkispig.com/index.php/producto/alcancia-hinata-naruto/" "Mozilla/5.0 (Linux; Android 10; K) AppleWebKit/537.36 (KHTML, like Gecko) Chrome/149.0.0.0 Mobile Safari/537.36"
189.143.110.233 - - [25/Jun/2026:10:35:43 -0400] "GET /wp-content/uploads/2019/08/Dainty-hjuuykCrafting-Materials-Facebook-App-300x167.png HTTP/3" 200 23580 "https://alcanciasporkispig.com/index.php/producto/alcancia-hinata-naruto/" "Mozilla/5.0 (Linux; Android 10; K) AppleWebKit/537.36 (KHTML, like Gecko) Chrome/149.0.0.0 Mobile Safari/537.36"
189.143.110.233 - - [25/Jun/2026:10:35:43 -0400] "GET /wp-content/plugins/woocommerce/assets/client/blocks/wc-blocks.css?ver=wc-9.1.6 HTTP/3" 200 2339 "https://alcanciasporkispig.com/index.php/producto/alcancia-hinata-naruto/" "Mozilla/5.0 (Linux; Android 10; K) AppleWebKit/537.36 (KHTML, like Gecko) Chrome/149.0.0.0 Mobile Safari/537.36"
189.143.110.233 - - [25/Jun/2026:10:35:43 -0400] "GET /wp-content/plugins/woocommerce/assets/js/frontend/order-attribution.min.js?ver=9.1.6 HTTP/3" 200 1006 "https://alcanciasporkispig.com/index.php/producto/alcancia-hinata-naruto/" "Mozilla/5.0 (Linux; Android 10; K) AppleWebKit/537.36 (KHTML, like Gecko) Chrome/149.0.0.0 Mobile Safari/537.36"
189.143.110.233 - - [25/Jun/2026:10:35:43 -0400] "GET /wp-content/plugins/yith-infinite-scrolling/assets/js/yith.infinitescroll.min.js?ver=1.25.0 HTTP/3" 200 656 "https://alcanciasporkispig.com/index.php/producto/alcancia-hinata-naruto/" "Mozilla/5.0 (Linux; Android 10; K) AppleWebKit/537.36 (KHTML, like Gecko) Chrome/149.0.0.0 Mobile Safari/537.36"
189.143.110.233 - - [25/Jun/2026:10:35:43 -0400] "GET /wp-content/plugins/yith-infinite-scrolling/assets/js/yith-infs.min.js?ver=1.25.0 HTTP/3" 200 231 "https://alcanciasporkispig.com/index.php/producto/alcancia-hinata-naruto/" "Mozilla/5.0 (Linux; Android 10; K) AppleWebKit/537.36 (KHTML, like Gecko) Chrome/149.0.0.0 Mobile Safari/537.36"
189.143.110.233 - - [25/Jun/2026:10:35:43 -0400] "GET /wp-content/themes/Divi/core/admin/js/common.js?ver=4.27.0 HTTP/3" 200 490 "https://alcanciasporkispig.com/index.php/producto/alcancia-hinata-naruto/" "Mozilla/5.0 (Linux; Android 10; K) AppleWebKit/537.36 (KHTML, like Gecko) Chrome/149.0.0.0 Mobile Safari/537.36"
189.143.110.233 - - [25/Jun/2026:10:35:43 -0400] "GET /wp-content/themes/Divi/includes/builder/scripts/cpt-modules-wrapper.js?ver=4.27.0 HTTP/3" 200 626 "https://alcanciasporkispig.com/index.php/producto/alcancia-hinata-naruto/" "Mozilla/5.0 (Linux; Android 10; K) AppleWebKit/537.36 (KHTML, like Gecko) Chrome/149.0.0.0 Mobile Safari/537.36"
189.143.110.233 - - [25/Jun/2026:10:35:43 -0400] "GET /wp-includes/js/wp-util.min.js?ver=6.6.5 HTTP/3" 200 693 "https://alcanciasporkispig.com/index.php/producto/alcancia-hinata-naruto/" "Mozilla/5.0 (Linux; Android 10; K) AppleWebKit/537.36 (KHTML, like Gecko) Chrome/149.0.0.0 Mobile Safari/537.36"
189.143.110.233 - - [25/Jun/2026:10:35:43 -0400] "GET /wp-content/plugins/woocommerce/assets/js/frontend/woocommerce.min.js?ver=9.1.6 HTTP/3" 200 814 "https://alcanciasporkispig.com/index.php/producto/alcancia-hinata-naruto/" "Mozilla/5.0 (Linux; Android 10; K) AppleWebKit/537.36 (KHTML, like Gecko) Chrome/149.0.0.0 Mobile Safari/537.36"
189.143.110.233 - - [25/Jun/2026:10:35:43 -0400] "GET /wp-content/plugins/woocommerce/assets/js/zoom/jquery.zoom.min.js?ver=1.7.21-wc.9.1.6 HTTP/3" 200 1052 "https://alcanciasporkispig.com/index.php/producto/alcancia-hinata-naruto/" "Mozilla/5.0 (Linux; Android 10; K) AppleWebKit/537.36 (KHTML, like Gecko) Chrome/149.0.0.0 Mobile Safari/537.36"
189.143.110.233 - - [25/Jun/2026:10:35:43 -0400] "GET /wp-content/plugins/woocommerce/assets/js/js-cookie/js.cookie.min.js?ver=2.1.4-wc.9.1.6 HTTP/3" 200 760 "https://alcanciasporkispig.com/index.php/producto/alcancia-hinata-naruto/" "Mozilla/5.0 (Linux; Android 10; K) AppleWebKit/537.36 (KHTML, like Gecko) Chrome/149.0.0.0 Mobile Safari/537.36"
189.143.110.233 - - [25/Jun/2026:10:35:43 -0400] "GET /wp-content/plugins/woocommerce/assets/js/frontend/add-to-cart.min.js?ver=9.1.6 HTTP/3" 200 989 "https://alcanciasporkispig.com/index.php/producto/alcancia-hinata-naruto/" "Mozilla/5.0 (Linux; Android 10; K) AppleWebKit/537.36 (KHTML, like Gecko) Chrome/149.0.0.0 Mobile Safari/537.36"
189.143.110.233 - - [25/Jun/2026:10:35:43 -0400] "GET /wp-content/themes/Divi/core/admin/fonts/modules/all/modules.woff HTTP/3" 200 92084 "https://alcanciasporkispig.com/index.php/producto/alcancia-hinata-naruto/" "Mozilla/5.0 (Linux; Android 10; K) AppleWebKit/537.36 (KHTML, like Gecko) Chrome/149.0.0.0 Mobile Safari/537.36"
189.143.110.233 - - [25/Jun/2026:10:35:43 -0400] "GET /wp-content/plugins/dg-divi-carousel/scripts/swiper.min.js?ver=2.0.23 HTTP/3" 200 33778 "https://alcanciasporkispig.com/index.php/producto/alcancia-hinata-naruto/" "Mozilla/5.0 (Linux; Android 10; K) AppleWebKit/537.36 (KHTML, like Gecko) Chrome/149.0.0.0 Mobile Safari/537.36"
189.143.110.233 - - [25/Jun/2026:10:35:43 -0400] "GET /wp-content/plugins/woocommerce/assets/js/sourcebuster/sourcebuster.min.js?ver=9.1.6 HTTP/3" 200 4609 "https://alcanciasporkispig.com/index.php/producto/alcancia-hinata-naruto/" "Mozilla/5.0 (Linux; Android 10; K) AppleWebKit/537.36 (KHTML, like Gecko) Chrome/149.0.0.0 Mobile Safari/537.36"
189.143.110.233 - - [25/Jun/2026:10:35:43 -0400] "GET /wp-content/themes/Divi/js/scripts.min.js?ver=4.27.0 HTTP/3" 200 65212 "https://alcanciasporkispig.com/index.php/producto/alcancia-hinata-naruto/" "Mozilla/5.0 (Linux; Android 10; K) AppleWebKit/537.36 (KHTML, like Gecko) Chrome/149.0.0.0 Mobile Safari/537.36"
189.143.110.233 - - [25/Jun/2026:10:35:43 -0400] "GET /wp-content/plugins/boxzilla/assets/js/script.js?ver=3.3.1 HTTP/3" 200 4088 "https://alcanciasporkispig.com/index.php/producto/alcancia-hinata-naruto/" "Mozilla/5.0 (Linux; Android 10; K) AppleWebKit/537.36 (KHTML, like Gecko) Chrome/149.0.0.0 Mobile Safari/537.36"
189.143.110.233 - - [25/Jun/2026:10:35:43 -0400] "GET /wp-content/plugins/dg-divi-carousel/scripts/frontend-bundle.min.js?ver=2.0.23 HTTP/3" 200 2862 "https://alcanciasporkispig.com/index.php/producto/alcancia-hinata-naruto/" "Mozilla/5.0 (Linux; Android 10; K) AppleWebKit/537.36 (KHTML, like Gecko) Chrome/149.0.0.0 Mobile Safari/537.36"
189.143.110.233 - - [25/Jun/2026:10:35:43 -0400] "GET /wp-includes/js/underscore.min.js?ver=1.13.4 HTTP/3" 200 7179 "https://alcanciasporkispig.com/index.php/producto/alcancia-hinata-naruto/" "Mozilla/5.0 (Linux; Android 10; K) AppleWebKit/537.36 (KHTML, like Gecko) Chrome/149.0.0.0 Mobile Safari/537.36"
189.143.110.233 - - [25/Jun/2026:10:35:43 -0400] "GET /wp-content/plugins/woocommerce/assets/js/jquery-blockui/jquery.blockUI.min.js?ver=2.7.0-wc.9.1.6 HTTP/3" 200 3277 "https://alcanciasporkispig.com/index.php/producto/alcancia-hinata-naruto/" "Mozilla/5.0 (Linux; Android 10; K) AppleWebKit/537.36 (KHTML, like Gecko) Chrome/149.0.0.0 Mobile Safari/537.36"
189.143.110.233 - - [25/Jun/2026:10:35:43 -0400] "GET /wp-content/plugins/woocommerce/assets/js/flexslider/jquery.flexslider.min.js?ver=2.7.2-wc.9.1.6 HTTP/3" 200 5985 "https://alcanciasporkispig.com/index.php/producto/alcancia-hinata-naruto/" "Mozilla/5.0 (Linux; Android 10; K) AppleWebKit/537.36 (KHTML, like Gecko) Chrome/149.0.0.0 Mobile Safari/537.36"
189.143.110.233 - - [25/Jun/2026:10:35:43 -0400] "GET /wp-content/plugins/woocommerce/assets/js/photoswipe/photoswipe.min.js?ver=4.1.1-wc.9.1.6 HTTP/3" 200 11652 "https://alcanciasporkispig.com/index.php/producto/alcancia-hinata-naruto/" "Mozilla/5.0 (Linux; Android 10; K) AppleWebKit/537.36 (KHTML, like Gecko) Chrome/149.0.0.0 Mobile Safari/537.36"
189.143.110.233 - - [25/Jun/2026:10:35:43 -0400] "GET /wp-content/plugins/woocommerce/assets/js/frontend/single-product.min.js?ver=9.1.6 HTTP/3" 200 1746 "https://alcanciasporkispig.com/index.php/producto/alcancia-hinata-naruto/" "Mozilla/5.0 (Linux; Android 10; K) AppleWebKit/537.36 (KHTML, like Gecko) Chrome/149.0.0.0 Mobile Safari/537.36"
189.143.110.233 - - [25/Jun/2026:10:35:43 -0400] "GET /wp-content/plugins/woocommerce/assets/js/photoswipe/photoswipe-ui-default.min.js?ver=4.1.1-wc.9.1.6 HTTP/3" 200 3478 "https://alcanciasporkispig.com/index.php/producto/alcancia-hinata-naruto/" "Mozilla/5.0 (Linux; Android 10; K) AppleWebKit/537.36 (KHTML, like Gecko) Chrome/149.0.0.0 Mobile Safari/537.36"
66.225.221.50 - - [25/Jun/2026:10:35:42 -0400] "POST /wp-cron.php?doing_wp_cron=1782398142.1289949417114257812500 HTTP/1.1" 200 0 "-" "WordPress/6.6.5; https://alcanciasporkispig.com"
66.225.221.50 - - [25/Jun/2026:10:42:35 -0400] "POST /wp-cron.php?doing_wp_cron=1782398554.9811060428619384765625 HTTP/1.1" 200 0 "-" "WordPress/6.6.5; https://alcanciasporkispig.com"
189.143.110.233 - - [25/Jun/2026:10:35:43 -0400] "GET /wp-includes/js/comment-reply.min.js?ver=6.6.5 HTTP/3" 200 1228 "https://alcanciasporkispig.com/index.php/producto/alcancia-hinata-naruto/" "Mozilla/5.0 (Linux; Android 10; K) AppleWebKit/537.36 (KHTML, like Gecko) Chrome/149.0.0.0 Mobile Safari/537.36"
189.143.110.233 - - [25/Jun/2026:10:35:43 -0400] "GET /wp-content/plugins/woocommerce/assets/js/frontend/add-to-cart-variation.min.js?ver=9.1.6 HTTP/3" 200 3479 "https://alcanciasporkispig.com/index.php/producto/alcancia-hinata-naruto/" "Mozilla/5.0 (Linux; Android 10; K) AppleWebKit/537.36 (KHTML, like Gecko) Chrome/149.0.0.0 Mobile Safari/537.36"
189.143.110.233 - - [25/Jun/2026:10:35:44 -0400] "GET /wp-content/plugins/woocommerce/assets/fonts/WooCommerce.woff2 HTTP/3" 200 6488 "https://alcanciasporkispig.com/wp-content/plugins/woocommerce/assets/css/woocommerce.css?ver=9.1.6" "Mozilla/5.0 (Linux; Android 10; K) AppleWebKit/537.36 (KHTML, like Gecko) Chrome/149.0.0.0 Mobile Safari/537.36"
189.143.110.233 - - [25/Jun/2026:10:35:44 -0400] "GET /wp-content/uploads/2018/05/cerdito-escala-de-grises.png HTTP/3" 200 57561 "https://alcanciasporkispig.com/index.php/producto/alcancia-hinata-naruto/" "Mozilla/5.0 (Linux; Android 10; K) AppleWebKit/537.36 (KHTML, like Gecko) Chrome/149.0.0.0 Mobile Safari/537.36"
189.143.110.233 - - [25/Jun/2026:10:35:52 -0400] "GET /wp-content/uploads/2018/05/ALCANCIA-MARIACHI.jpg HTTP/3" 200 141917 "https://alcanciasporkispig.com/index.php/producto/alcancia-hinata-naruto/" "Mozilla/5.0 (Linux; Android 10; K) AppleWebKit/537.36 (KHTML, like Gecko) Chrome/149.0.0.0 Mobile Safari/537.36"
189.143.110.233 - - [25/Jun/2026:10:35:52 -0400] "GET /wp-content/uploads/2018/05/ALCANCIA-DECORADA-EN-HILO.jpg HTTP/3" 200 202627 "https://alcanciasporkispig.com/index.php/producto/alcancia-hinata-naruto/" "Mozilla/5.0 (Linux; Android 10; K) AppleWebKit/537.36 (KHTML, like Gecko) Chrome/149.0.0.0 Mobile Safari/537.36"
189.143.110.233 - - [25/Jun/2026:10:35:53 -0400] "GET /wp-content/uploads/2018/05/DESAGRADO..jpg HTTP/3" 200 71851 "https://alcanciasporkispig.com/index.php/producto/alcancia-hinata-naruto/" "Mozilla/5.0 (Linux; Android 10; K) AppleWebKit/537.36 (KHTML, like Gecko) Chrome/149.0.0.0 Mobile Safari/537.36"
189.143.110.233 - - [25/Jun/2026:10:35:53 -0400] "GET /wp-content/uploads/2018/05/ALEGRIA..jpg HTTP/3" 200 77586 "https://alcanciasporkispig.com/index.php/producto/alcancia-hinata-naruto/" "Mozilla/5.0 (Linux; Android 10; K) AppleWebKit/537.36 (KHTML, like Gecko) Chrome/149.0.0.0 Mobile Safari/537.36"
54.39.203.244 - - [25/Jun/2026:10:41:50 -0400] "GET /index.php/producto/alcancia-soy-luna/ HTTP/2" 200 44816 "-" "Mozilla/5.0 (compatible; AhrefsBot/7.0; +http://ahrefs.com/robot/)"
